000
CXUS51 KRNK 280903
CF6RNK

PRELIMINARY LOCAL CLIMATOLOGICAL DATA (WS FORM: F-6)

                                          STATION:   BLACKSBURG VA
                                          MONTH:     MARCH
                                          YEAR:      2017
                                          LATITUDE:   37 13 N
                                          LONGITUDE:  80 25 W

  TEMPERATURE IN F:       :PCPN:    SNOW:  WIND      :SUNSHINE: SKY     :PK WND
================================================================================
1   2   3   4   5  6A  6B    7    8   9   10  11  12  13   14  15   16   17  18
                                     12Z  AVG MX 2MIN
DY MAX MIN AVG DEP HDD CDD  WTR  SNW DPTH SPD SPD DIR MIN PSBL S-S WX    SPD DR
================================================================================

 1  68  46  57  20   8   0 0.59  0.0    0  6.7 29 270   M    M   7 12     46 270
 2  46  33  40   2  25   0    T    T    0 12.3 20 300   M    M   5        31 280
 3  38  27  33  -5  32   0 0.01    T    0 11.6 22 320   M    M   6        31 290
 4  43  22  33  -5  32   0 0.00  0.0    0  5.4 15 300   M    M   2        20 290
 5  53  22  38   0  27   0 0.00  0.0    0  4.7 13 110   M    M   1        16 110
 6  55  26  41   2  24   0    T  0.0    0  2.4  8 200   M    M   7         M  M
 7  59  47  53  14  12   0 0.17  0.0    0  6.4 15 200   M    M   9        28 200
 8  60  38  49  10  16   0 0.01  0.0    0  9.2 18 300   M    M   3        32 290
 9  65  34  50  11  15   0 0.00  0.0    0  5.2 14 260   M    M   0        28 250
10  53  30  42   2  23   0    T    T    0 10.7 28 310   M    M   6        33 310
11  42  23  33  -7  32   0 0.00  0.0    0 10.5 17 320   M    M   0        28 310
12  45  23  34  -6  31   0 0.00  0.0    0  4.2 13 310   M    M   0        18 310
13  43  23  33  -8  32   0 0.17  0.1    T  7.0 13 110   M    M   5 146    17  90
14  33  16  25 -16  40   0 0.18  0.8    1  8.8 22 300   M    M  10        33 310
15  28  11  20 -21  45   0 0.01  0.1    0 15.4 23 300   M    M   6        39 300
16  38  18  28 -14  37   0 0.00  0.0    0 10.1 22 310   M    M   3        31 310
17  42  17  30 -12  35   0 0.43  0.0    0  1.4  7 200   M    M   6         M  M
18  59  34  47   5  18   0 0.20    T    0  7.2 22 320   M    M   8 1235   32 310
19  48  30  39  -3  26   0    T    T    0  9.4 22 330   M    M   9        28 330
20  63  25  44   1  21   0 0.07  0.0    0  2.9 10 290   M    M   3        16 250
21  64  41  53  10  12   0 0.00  0.0    0  5.1 15 310   M    M   6 1      24 310
22  50  28  39  -4  26   0 0.00  0.0    0  9.4 23 330   M    M   1        33 320
23  54  23  39  -5  26   0 0.00  0.0    0  3.9 10 140   M    M   0        17 140
24  69  31  50   6  15   0 0.00  0.0    0  3.2 12 200   M    M   4        17 190
25  70  44  57  13   8   0 0.00  0.0    0  3.1  9 200   M    M   0         M  M
26  60  44  52   8  13   0 0.08  0.0    0   M  17 150   M    M   M        25 150
27  74  51  63  18   2   0 0.00  0.0    0  4.9 14 230   M    M   7        21 230
================================================================================
SM 1422  807       633   0  1.92     1.0 181.1          M      114
================================================================================
AV 52.7 29.9                               7.0 FASTST   M    M   4    MAX(MPH)
                                 MISC ---->  # 29 270               # 46  270
================================================================================
NOTES:
# LAST OF SEVERAL OCCURRENCES

COLUMN 17 PEAK WIND IN M.P.H.

PRELIMINARY LOCAL CLIMATOLOGICAL DATA (WS FORM: F-6) , PAGE 2

                                          STATION:  BLACKSBURG VA
                                          MONTH:    MARCH
                                          YEAR:     2017
                                          LATITUDE:   37 13 N
                                          LONGITUDE:  80 25 W

[TEMPERATURE DATA]      [PRECIPITATION DATA]       SYMBOLS USED IN COLUMN 16

AVERAGE MONTHLY: 41.3   TOTAL FOR MONTH:   1.92    1 = FOG OR MIST
DPTR FM NORMAL:   0.3   DPTR FM NORMAL:   -1.20    2 = FOG REDUCING VISIBILITY
HIGHEST:    74 ON 27    GRTST 24HR  0.59 ON  1- 1      TO 1/4 MILE OR LESS
LOWEST:     11 ON 15                               3 = THUNDER
                        SNOW, ICE PELLETS, HAIL    4 = ICE PELLETS
                        TOTAL MONTH:   1.0 INCH    5 = HAIL
                        GRTST 24HR   0.8 ON   M    6 = FREEZING RAIN OR DRIZZLE
                        GRTST DEPTH:   1 ON 14     7 = DUSTSTORM OR SANDSTORM:
                                                       VSBY 1/2 MILE OR LESS
                                                   8 = SMOKE OR HAZE
[NO. OF DAYS WITH]      [WEATHER - DAYS WITH]      9 = BLOWING SNOW
                                                   X = TORNADO
MAX 32 OR BELOW:   1    0.01 INCH OR MORE:  11
MAX 90 OR ABOVE:   0    0.10 INCH OR MORE:   6
MIN 32 OR BELOW:  17    0.50 INCH OR MORE:   1
MIN  0 OR BELOW:   0    1.00 INCH OR MORE:   0

[HDD (BASE 65) ]
TOTAL THIS MO.   633    CLEAR  (SCALE 0-3)  11
DPTR FM NORMAL   -16    PTCLDY (SCALE 4-7)  11
TOTAL FM JUL 1  3725    CLOUDY (SCALE 8-10)  4
DPTR FM NORMAL  -972

[CDD (BASE 65) ]
TOTAL THIS MO.     0
DPTR FM NORMAL     0    [PRESSURE DATA]
TOTAL FM JAN 1     0    HIGHEST SLP M ON M
DPTR FM NORMAL     0    LOWEST  SLP M ON M

[REMARKS]
