000
CXUS51 KRNK 230901
CF6RNK

PRELIMINARY LOCAL CLIMATOLOGICAL DATA (WS FORM: F-6)

                                          STATION:   BLACKSBURG VA
                                          MONTH:     NOVEMBER
                                          YEAR:      2017
                                          LATITUDE:   37 13 N
                                          LONGITUDE:  80 25 W

  TEMPERATURE IN F:       :PCPN:    SNOW:  WIND      :SUNSHINE: SKY     :PK WND
================================================================================
1   2   3   4   5  6A  6B    7    8   9   10  11  12  13   14  15   16   17  18
                                     12Z  AVG MX 2MIN
DY MAX MIN AVG DEP HDD CDD  WTR  SNW DPTH SPD SPD DIR MIN PSBL S-S WX    SPD DR
================================================================================

 1  57  37  47  -1  18   0    T  0.0    0  2.0  7 120   M    M   3         M  M
 2  72  47  60  12   5   0 0.01  0.0    0  1.9  9 180   M    M   5         M  M
 3  75  44  60  13   5   0 0.02  0.0    0  2.2 12 300   M    M   6 12     17 300
 4  59  45  52   5  13   0 0.32  0.0    0  4.5 14  90   M    M  10 12     17  80
 5  63  45  54   7  11   0    T  0.0    0  3.3  9 120   M    M   9 12      M  M
 6  71  47  59  12   6   0 0.02  0.0    0  2.5 13 330   M    M   5 1       M  M
 7  54  41  48   2  17   0 0.25  0.0    0  4.2  8 110   M    M   9 12      M  M
 8  42  38  40  -6  25   0 0.13  0.0    0  4.8  7  80   M    M  10 12      M  M
 9  50  40  45  -1  20   0 0.04  0.0    0  2.7 12 290   M    M   8 1      18 290
10  45  26  36  -9  29   0 0.00  0.0    0  6.7 14 310   M    M   1        20 290
11  41  22  32 -13  33   0 0.00  0.0    0  2.9  8 110   M    M   0         M  M
12  45  25  35 -10  30   0 0.04  0.0    0  0.5  6 120   M    M   7         M  M
13  49  32  41  -3  24   0    T  0.0    0  3.2 12 310   M    M   9 1      18 310
14  46  28  37  -7  28   0 0.00  0.0    0  0.8  5 120   M    M   8         M  M
15  48  28  38  -6  27   0    T  0.0    0  2.4  7 110   M    M   7         M  M
16  57  34  46   3  19   0 0.00  0.0    0  8.7 18 300   M    M   4        31 290
17  56  26  41  -2  24   0 0.00  0.0    0  2.6 10 300   M    M   0         M  M
18  58  33  46   4  19   0 0.15  0.0    0  4.1 12 210   M    M   3        22 210
19  54  32  43   1  22   0 0.21    T    0 12.7 20 310   M    M   9        33 280
20  49  27  38  -4  27   0 0.00  0.0    0  5.2 14 290   M    M   1        25 290
21  59  25  42   1  23   0 0.00  0.0    0  2.3 10 190   M    M   2        21 200
22  48  24  36  -5  29   0 0.00  0.0    0  5.9 15 320   M    M   3        26 300
================================================================================
SM 1198  746       454   0  1.19    T     86.1          M      119
================================================================================
AV 54.5 33.9                               3.9 FASTST   M    M   5    MAX(MPH)
                                 MISC ---->  # 20 310               # 33  280
================================================================================
NOTES:
# LAST OF SEVERAL OCCURRENCES

COLUMN 17 PEAK WIND IN M.P.H.

PRELIMINARY LOCAL CLIMATOLOGICAL DATA (WS FORM: F-6) , PAGE 2

                                          STATION:  BLACKSBURG VA
                                          MONTH:    NOVEMBER
                                          YEAR:     2017
                                          LATITUDE:   37 13 N
                                          LONGITUDE:  80 25 W

[TEMPERATURE DATA]      [PRECIPITATION DATA]       SYMBOLS USED IN COLUMN 16

AVERAGE MONTHLY: 44.2   TOTAL FOR MONTH:   1.19    1 = FOG OR MIST
DPTR FM NORMAL:  -0.5   DPTR FM NORMAL:   -0.89    2 = FOG REDUCING VISIBILITY
HIGHEST:    75 ON  3    GRTST 24HR  0.32 ON  4- 4      TO 1/4 MILE OR LESS
LOWEST:     22 ON 11                               3 = THUNDER
                        SNOW, ICE PELLETS, HAIL    4 = ICE PELLETS
                        TOTAL MONTH:    T          5 = HAIL
                        GRTST 24HR    T  ON 19-19  6 = FREEZING RAIN OR DRIZZLE
                        GRTST DEPTH:   0           7 = DUSTSTORM OR SANDSTORM:
                                                       VSBY 1/2 MILE OR LESS
                                                   8 = SMOKE OR HAZE
[NO. OF DAYS WITH]      [WEATHER - DAYS WITH]      9 = BLOWING SNOW
                                                   X = TORNADO
MAX 32 OR BELOW:   0    0.01 INCH OR MORE:  10
MAX 90 OR ABOVE:   0    0.10 INCH OR MORE:   5
MIN 32 OR BELOW:  11    0.50 INCH OR MORE:   0
MIN  0 OR BELOW:   0    1.00 INCH OR MORE:   0

[HDD (BASE 65) ]
TOTAL THIS MO.   454    CLEAR  (SCALE 0-3)   7
DPTR FM NORMAL     7    PTCLDY (SCALE 4-7)   9
TOTAL FM JUL 1   805    CLOUDY (SCALE 8-10)  6
DPTR FM NORMAL  -169

[CDD (BASE 65) ]
TOTAL THIS MO.     0
DPTR FM NORMAL     0    [PRESSURE DATA]
TOTAL FM JAN 1   632    HIGHEST SLP M ON M
DPTR FM NORMAL    59    LOWEST  SLP M ON M

[REMARKS] DUE TO MISSING TEMPERATURES ON SEPTEMBER 8-10...ALL TEMPERATURE AND
DEGREE DAY INFORMATION WILL BE CALCULATED WITHOUT DATA FROM THESE
DATES.
