000
CXUS56 KSGX 281545
CF6RNM
PRELIMINARY LOCAL CLIMATOLOGICAL DATA (WS FORM: F-6)

                                          STATION:   RAMONA AIRPORT CA
                                          MONTH:     APRIL
                                          YEAR:      2016
                                          LATITUDE:   33  2 N
                                          LONGITUDE: 116 55 W

  TEMPERATURE IN F:       :PCPN:    SNOW:  WIND      :SUNSHINE: SKY     :PK WND
================================================================================
1   2   3   4   5  6A  6B    7    8   9   10  11  12  13   14  15   16   17  18
                                     12Z  AVG MX 2MIN
DY MAX MIN AVG DEP HDD CDD  WTR  SNW DPTH SPD SPD DIR MIN PSBL S-S WX    SPD DR
================================================================================

 1  73  38  56   2   9   0 0.00  0.0    0  3.2 13 270   M    M   2 18     17 260
 2  81  37  59   5   6   0 0.00  0.0    0  3.9 16 270   M    M   1 18     19 270
 3  81  39  60   6   5   0 0.00  0.0    0  4.0 15 280   M    M   0        20 270
 4  81  39  60   6   5   0 0.00  0.0    0  4.1 15 290   M    M   0        20 290
 5  84  38  61   7   4   0 0.00  0.0    0  3.8 14 300   M    M   0        18 260
 6  91  41  66  12   0   1 0.00  0.0    0  5.5 17  90   M    M   0 8      23  90
 7  64  54  59   5   6   0 0.16  0.0    0  3.7 10 310   M    M   8 18     13 300
 8  64  54  59   4   6   0 0.18  0.0    0  3.1 13 270   M    M  10 18     15 270
 9  63  46  55   0  10   0 0.11    M    0  3.7 13 240   M    M   8 18     15 240
10  61  46  54  -1  11   0 0.60    M    0  2.4 12 210   M    M   9 128    14 210
11  66  44  55   0  10   0 0.28    M    0  3.2 13  90   M    M   6 123    15  90
12  71  44  58   3   7   0 0.00  0.0    0  4.9 16 280   M    M   4 12     21 290
13  72  47  60   5   5   0 0.00  0.0    0  4.0 13 280   M    M   5 12     16 280
14  70  48  59   3   6   0 0.00  0.0    0  5.4 16 280   M    M   4 12     22 270
15  71  44  58   2   7   0 0.00  0.0    0  4.5 20 270   M    M   4 1      23 270
16  79  42  61   5   4   0 0.00  0.0    0  7.9 21 260   M    M   0        27 270
17  86  38  62   6   3   0 0.00  0.0    0  6.1 18  40   M    M   0        26  40
18  86  41  64   8   1   0 0.00  0.0    0  5.4 17 270   M    M   0        23 300
19  87  43  65   9   0   0 0.00  0.0    0  3.9 16 270   M    M   0        24 280
20  86  40  63   6   2   0 0.00  0.0    0  4.2 17 270   M    M   0        21 280
21  80  38  59   2   6   0 0.00  0.0    0  4.6 15 270   M    M   0        19 310
22  76  38  57   0   8   0 0.00  0.0    0  5.1 16 280   M    M   1        21 270
23  72  43  58   1   7   0 0.00  0.0    0  4.1 16 270   M    M   2 1      21 260
24  75  41  58   1   7   0 0.00  0.0    0  5.8 17 240   M    M   3        22 240
25  64  44  54  -4  11   0    T    M    0  9.4 21 260   M    M   9 8      26 250
26  70  37  54  -4  11   0 0.00  0.0    0  4.2 16 270   M    M   2 18     20 270
27  71  37  54  -4  11   0 0.00  0.0    0  6.8 17 250   M    M   3        21 250
================================================================================
SM 2025 1141       168   1  1.33     0.0 126.9          M       81
================================================================================
AV 75.0 42.3                               4.7 FASTST   M    M   3    MAX(MPH)
                                 MISC ---->  # 21 260               # 27  270
================================================================================
NOTES:
# LAST OF SEVERAL OCCURRENCES

COLUMN 17 PEAK WIND IN M.P.H.

PRELIMINARY LOCAL CLIMATOLOGICAL DATA (WS FORM: F-6) , PAGE 2

                                          STATION:  RAMONA AIRPORT CA
                                          MONTH:    APRIL
                                          YEAR:     2016
                                          LATITUDE:   33  2 N
                                          LONGITUDE: 116 55 W

[TEMPERATURE DATA]      [PRECIPITATION DATA]       SYMBOLS USED IN COLUMN 16

AVERAGE MONTHLY: 58.6   TOTAL FOR MONTH:   1.33    1 = FOG OR MIST
DPTR FM NORMAL:   3.0   DPTR FM NORMAL:    0.04    2 = FOG REDUCING VISIBILITY
HIGHEST:    91 ON  6    GRTST 24HR  0.67 ON  9-10      TO 1/4 MILE OR LESS
LOWEST:     37 ON 27,26                            3 = THUNDER
                        SNOW, ICE PELLETS, HAIL    4 = ICE PELLETS
                        TOTAL MONTH:   0.0 INCH    5 = HAIL
                        GRTST 24HR     0.0         6 = FREEZING RAIN OR DRIZZLE
                        GRTST DEPTH:   0           7 = DUSTSTORM OR SANDSTORM:
                                                       VSBY 1/2 MILE OR LESS
                                                   8 = SMOKE OR HAZE
[NO. OF DAYS WITH]      [WEATHER - DAYS WITH]      9 = BLOWING SNOW
                                                   X = TORNADO
MAX 32 OR BELOW:   0    0.01 INCH OR MORE:   5
MAX 90 OR ABOVE:   1    0.10 INCH OR MORE:   5
MIN 32 OR BELOW:   0    0.50 INCH OR MORE:   1
MIN  0 OR BELOW:   0    1.00 INCH OR MORE:   0

[HDD (BASE 65) ]
TOTAL THIS MO.   168    CLEAR  (SCALE 0-3)  17
DPTR FM NORMAL   -88    PTCLDY (SCALE 4-7)   7
TOTAL FM JUL 1  1985    CLOUDY (SCALE 8-10)  3
DPTR FM NORMAL  -387

[CDD (BASE 65) ]
TOTAL THIS MO.     1
DPTR FM NORMAL     1    [PRESSURE DATA]
TOTAL FM JAN 1     6    HIGHEST SLP M ON M
DPTR FM NORMAL     5    LOWEST  SLP 29.79 ON 27

[REMARKS]
