000
CXUS55 KREV 260839
CF6RNO
PRELIMINARY LOCAL CLIMATOLOGICAL DATA (WS FORM: F-6)

                                          STATION:   RENO TAHOE AIRPORT NV
                                          MONTH:     JULY
                                          YEAR:      2016
                                          LATITUDE:   39 30 N
                                          LONGITUDE: 119 47 W

  TEMPERATURE IN F:       :PCPN:    SNOW:  WIND      :SUNSHINE: SKY     :PK WND
================================================================================
1   2   3   4   5  6A  6B    7    8   9   10  11  12  13   14  15   16   17  18
                                     12Z  AVG MX 2MIN
DY MAX MIN AVG DEP HDD CDD  WTR  SNW DPTH SPD SPD DIR MIN PSBL S-S WX    SPD DR
================================================================================

 1  99  63  81   9   0  16 0.00  0.0    0  7.5 22 300   M    M   M        37 290
 2  97  64  81   9   0  16 0.00  0.0    0  7.3 23 300   M    M   M        29 300
 3  95  61  78   5   0  13 0.00  0.0    0  7.9 28 300   M    M   M        37 300
 4  93  57  75   2   0  10 0.00  0.0    0 10.4 25 310   M    M   M        33 300
 5  91  58  75   2   0  10 0.00  0.0    0 10.1 25 300   M    M   M        34 290
 6  90  57  74   0   0   9 0.00  0.0    0  9.2 26 300   M    M   M        34 310
 7  91  59  75   1   0  10 0.00  0.0    0  6.9 25 290   M    M   M        34 300
 8  88  58  73  -1   0   8 0.00  0.0    0  8.7 25 280   M    M   M        37 270
 9  86  65  76   2   0  11 0.00  0.0    0 15.0 31 210   M    M   M        41 220
10  80  57  69  -5   0   4 0.00  0.0    0 11.9 23 300   M    M   M        30 300
11  86  50  68  -7   0   3 0.00  0.0    0  5.9 21 290   M    M   M        26 280
12  89  54  72  -3   0   7 0.00  0.0    0  7.4 20 280   M    M   M        25 310
13  94  57  76   1   0  11 0.00  0.0    0  5.3 18 330   M    M   M        24 320
14  98  61  80   5   0  15 0.00  0.0    0  7.0 20 260   M    M   M        27 260
15  94  58  76   1   0  11 0.00  0.0    0  8.2 24 250   M    M   M        30 290
16  93  59  76   0   0  11 0.00  0.0    0  8.6 24 300   M    M   M        30 300
17  90  55  73  -3   0   8 0.00  0.0    0  6.8 18 260   M    M   M        25 260
18  86  60  73  -3   0   8 0.00  0.0    0 12.5 28 190   M    M   M        34 190
19  89  52  71  -5   0   6 0.00  0.0    0  7.8 25 180   M    M   M        30 180
20  93  55  74  -2   0   9 0.00  0.0    0  6.2 24 190   M    M   M        37 250
21  96  56  76   0   0  11 0.00  0.0    0  7.6 25 200   M    M   M        31 200
22  94  55  75  -1   0  10 0.00  0.0    0  8.7 24 350   M    M   M        35 290
23  93  57  75  -1   0  10 0.00  0.0    0  4.4 17  10   M    M   M        20  20
24  97  58  78   2   0  13 0.00  0.0    0  5.1 23 300   M    M   M        28 300
25  97  57  77   1   0  12 0.00  0.0    0  6.3 21 270   M    M   M        27 310
================================================================================
SM 2299 1443         0 252  0.00     0.0 202.7          M        M
================================================================================
AV 92.0 57.7                               8.1 FASTST   M    M -nan   MAX(MPH)
                                 MISC ---->  # 31 210               # 41  220
================================================================================
NOTES:
# LAST OF SEVERAL OCCURRENCES

COLUMN 17 PEAK WIND IN M.P.H.

PRELIMINARY LOCAL CLIMATOLOGICAL DATA (WS FORM: F-6) , PAGE 2

                                          STATION:  RENO TAHOE AIRPORT NV
                                          MONTH:    JULY
                                          YEAR:     2016
                                          LATITUDE:   39 30 N
                                          LONGITUDE: 119 47 W

[TEMPERATURE DATA]      [PRECIPITATION DATA]       SYMBOLS USED IN COLUMN 16

AVERAGE MONTHLY: 74.8   TOTAL FOR MONTH:   0.00    1 = FOG OR MIST
DPTR FM NORMAL:   0.1   DPTR FM NORMAL:   -0.14    2 = FOG REDUCING VISIBILITY
HIGHEST:    99 ON  1    GRTST 24HR  0.00 ON 25-25      TO 1/4 MILE OR LESS
LOWEST:     50 ON 11                               3 = THUNDER
                        SNOW, ICE PELLETS, HAIL    4 = ICE PELLETS
                        TOTAL MONTH:   0.0 INCH    5 = HAIL
                        GRTST 24HR     0.0         6 = FREEZING RAIN OR DRIZZLE
                        GRTST DEPTH:   0           7 = DUSTSTORM OR SANDSTORM:
                                                       VSBY 1/2 MILE OR LESS
                                                   8 = SMOKE OR HAZE
[NO. OF DAYS WITH]      [WEATHER - DAYS WITH]      9 = BLOWING SNOW
                                                   X = TORNADO
MAX 32 OR BELOW:   0    0.01 INCH OR MORE:   0
MAX 90 OR ABOVE:  18    0.10 INCH OR MORE:   0
MIN 32 OR BELOW:   0    0.50 INCH OR MORE:   0
MIN  0 OR BELOW:   0    1.00 INCH OR MORE:   0

[HDD (BASE 65) ]
TOTAL THIS MO.     0    CLEAR  (SCALE 0-3)   0
DPTR FM NORMAL     0    PTCLDY (SCALE 4-7)   0
TOTAL FM JUL 1     0    CLOUDY (SCALE 8-10)  0
DPTR FM NORMAL     0

[CDD (BASE 65) ]
TOTAL THIS MO.   252
DPTR FM NORMAL     4    [PRESSURE DATA]
TOTAL FM JAN 1   544    HIGHEST SLP M ON M
DPTR FM NORMAL   123    LOWEST  SLP 29.74 ON 16

[REMARKS]
