000
CXUS51 KRNK 290803
CF6ROA
PRELIMINARY LOCAL CLIMATOLOGICAL DATA (WS FORM: F-6)

                                          STATION:   ROANOKE VA
                                          MONTH:     DECEMBER
                                          YEAR:      2014
                                          LATITUDE:   37 19 N
                                          LONGITUDE:  79 58 W

  TEMPERATURE IN F:       :PCPN:    SNOW:  WIND      :SUNSHINE: SKY     :PK WND
================================================================================
1   2   3   4   5  6A  6B    7    8   9   10  11  12  13   14  15   16   17  18
                                     12Z  AVG MX 2MIN
DY MAX MIN AVG DEP HDD CDD  WTR  SNW DPTH SPD SPD DIR MIN PSBL S-S WX    SPD DR
================================================================================

 1  69  51  60  17   5   0 0.04  0.0    0  9.8 22 250   M    M   4 1      27 270
 2  53  36  45   3  20   0 0.68  0.0    0  6.5 16 140   M    M  10 12     20  40
 3  61  37  49   7  16   0 0.01  0.0    0  6.0 26 320   M    M   8 12     32 310
 4  45  39  42   0  23   0 0.15  0.0    0  5.6 12 140   M    M  10 1      16 100
 5  43  38  41   0  24   0 0.02  0.0    0  4.3  9 130   M    M  10 1      11 120
 6  52  41  47   6  18   0 0.12  0.0    0  3.5 23 340   M    M  10 12     27 330
 7  50  34  42   1  23   0 0.00  0.0    0 10.2 20 350   M    M   2        24 350
 8  38  28  33  -7  32   0 0.03    T    0  6.1 13  30   M    M   8 14     15  20
 9  50  32  41   1  24   0 0.01  0.0    0  8.5 20 330   M    M   7 1      28 320
10  45  33  39  -1  26   0 0.00  0.0    0 13.9 26 320   M    M   6        35 310
11  45  29  37  -3  28   0 0.00  0.0    0 12.8 24 280   M    M   4        32 290
12  52  34  43   3  22   0 0.00  0.0    0 12.3 31 310   M    M   4        36 310
13  57  36  47   8  18   0 0.00  0.0    0  8.9 18 280   M    M   2        22 290
14  52  36  44   5  21   0 0.00  0.0    0  9.8 21 320   M    M   2        25 330
15  55  32  44   5  21   0 0.00  0.0    0  3.1 12 280   M    M   1        18 260
16  58  32  45   6  20   0 0.04  0.0    0  5.3 22 300   M    M   5        30 310
17  52  39  46   8  19   0 0.00  0.0    0 14.0 25 300   M    M   5        33 310
18  43  31  37  -1  28   0 0.00  0.0    0  7.7 24 300   M    M   7        31 300
19  47  31  39   1  26   0 0.00  0.0    0  9.0 20 290   M    M   3        24 290
20  38  29  34  -4  31   0    T    T    0  3.8  9  30   M    M   8        11  40
21  47  35  41   3  24   0 0.00  0.0    0  4.1 12 120   M    M   8        13 120
22  39  34  37  -1  28   0 0.09  0.0    0  4.1 10 100   M    M  10 1      13 100
23  44  36  40   2  25   0 0.33  0.0    0  3.4 10 110   M    M   9 12     11 100
24  53  42  48  11  17   0 0.70  0.0    0  3.1 22 300   M    M  10 1      26 280
25  53  32  43   6  22   0    T  0.0    0 13.2 31 300   M    M   3        42 300
26  59  29  44   7  21   0 0.00  0.0    0  3.3  9 350   M    M   3        11 330
27  64  31  48  11  17   0    T  0.0    0  4.2  9 140   M    M   5        11 240
28  58  46  52  15  13   0    T  0.0    0  5.5 13 250   M    M   8        17 250
================================================================================
SM 1422  983       612   0  2.22    T    202.0          M      172
================================================================================
AV 50.8 35.1                               7.2 FASTST   M    M   6    MAX(MPH)
                                 MISC ---->  # 31 310               # 42  300
================================================================================
NOTES:
# LAST OF SEVERAL OCCURRENCES

COLUMN 17 PEAK WIND IN M.P.H.

PRELIMINARY LOCAL CLIMATOLOGICAL DATA (WS FORM: F-6) , PAGE 2

                                          STATION:  ROANOKE VA
                                          MONTH:    DECEMBER
                                          YEAR:     2014
                                          LATITUDE:   37 19 N
                                          LONGITUDE:  79 58 W

[TEMPERATURE DATA]      [PRECIPITATION DATA]       SYMBOLS USED IN COLUMN 16

AVERAGE MONTHLY: 42.9   TOTAL FOR MONTH:   2.22    1 = FOG OR MIST
DPTR FM NORMAL:   3.7   DPTR FM NORMAL:   -0.47    2 = FOG REDUCING VISIBILITY
HIGHEST:    69 ON  1    GRTST 24HR  0.85 ON 23-24      TO 1/4 MILE OR LESS
LOWEST:     28 ON  8                               3 = THUNDER
                        SNOW, ICE PELLETS, HAIL    4 = ICE PELLETS
                        TOTAL MONTH:    T          5 = HAIL
                        GRTST 24HR    T  ON 20-20  6 = FREEZING RAIN OR DRIZZLE
                        GRTST DEPTH:   0           7 = DUSTSTORM OR SANDSTORM:
                                                       VSBY 1/2 MILE OR LESS
                                                   8 = SMOKE OR HAZE
[NO. OF DAYS WITH]      [WEATHER - DAYS WITH]      9 = BLOWING SNOW
                                                   X = TORNADO
MAX 32 OR BELOW:   0    0.01 INCH OR MORE:  12
MAX 90 OR ABOVE:   0    0.10 INCH OR MORE:   5
MIN 32 OR BELOW:  11    0.50 INCH OR MORE:   2
MIN  0 OR BELOW:   0    1.00 INCH OR MORE:   0

[HDD (BASE 65) ]
TOTAL THIS MO.   612    CLEAR  (SCALE 0-3)   5
DPTR FM NORMAL  -110    PTCLDY (SCALE 4-7)  13
TOTAL FM JUL 1  1490    CLOUDY (SCALE 8-10) 10
DPTR FM NORMAL   -36

[CDD (BASE 65) ]
TOTAL THIS MO.     0
DPTR FM NORMAL     0    [PRESSURE DATA]
TOTAL FM JAN 1  1128    HIGHEST SLP M ON M
DPTR FM NORMAL   -80    LOWEST  SLP 29.62 ON 24

[REMARKS]
