000
CXUS51 KBUF 221205
CF6ROC
PRELIMINARY LOCAL CLIMATOLOGICAL DATA (WS FORM: F-6)

                                          STATION:   ROCHESTER NY
                                          MONTH:     OCTOBER
                                          YEAR:      2017
                                          LATITUDE:   43  7 N
                                          LONGITUDE:  77 40 W

  TEMPERATURE IN F:       :PCPN:    SNOW:  WIND      :SUNSHINE: SKY     :PK WND
================================================================================
1   2   3   4   5  6A  6B    7    8   9   10  11  12  13   14  15   16   17  18
                                     12Z  AVG MX 2MIN
DY MAX MIN AVG DEP HDD CDD  WTR  SNW DPTH SPD SPD DIR MIN PSBL S-S WX    SPD DR
================================================================================

 1  65  37  51  -5  14   0 0.00  0.0    0  3.4 10  50   M    M   3        14 180
 2  72  40  56   1   9   0 0.00  0.0    0  3.9 12 100   M    M   2        15 130
 3  80  45  63   8   2   0 0.00  0.0    0  6.5 17 220   M    M   2        21 210
 4  84  61  73  18   0   8 0.22  0.0    0 13.3 29 250   M    M   7 13     37 250
 5  72  54  63   9   2   0 0.00  0.0    0  7.2 21 270   M    M   5 1      25 280
 6  71  57  64  10   1   0 0.08  0.0    0  3.8 10  40   M    M  10 1      16 280
 7  82  59  71  17   0   6 0.14  0.0    0  5.4 20 200   M    M   8 1      27 190
 8  76  61  69  16   0   4 0.19  0.0    0 12.6 26 270   M    M   8 1      37 250
 9  67  62  65  12   0   0 2.39  0.0    0  8.8 24  50   M    M  10 1      32  50
10  77  59  68  16   0   3 0.00  0.0    0  5.6 13  30   M    M   6 12     15  30
11  61  52  57   5   8   0 0.34  0.0    0 14.1 24  60   M    M  10 1      30  50
12  64  51  58   6   7   0 0.12  0.0    0  9.8 17 140   M    M   9 1      23  80
13  67  51  59   8   6   0 0.00  0.0    0  9.3 17 190   M    M   8        24 180
14  72  58  65  14   0   0 0.00  0.0    0  6.7 13  50   M    M   8        19 210
15  80  50  65  14   0   0 0.25  0.0    0 16.5 46 270   M    M   9 1      62 300
16  50  35  43  -7  22   0 0.01  0.0    0  9.2 20 340   M    M   6        26 350
17  65  35  50   0  15   0 0.00  0.0    0 10.8 28 240   M    M   1        36 230
18  72  46  59   9   6   0 0.00  0.0    0  7.0 16 250   M    M   1        21 230
19  72  49  61  12   4   0 0.00  0.0    0 13.6 30 250   M    M   3        40 250
20  69  42  56   7   9   0 0.00  0.0    0  4.9 10 250   M    M   3        14 280
21  74  46  60  11   5   0 0.00  0.0    0  5.5 13 230   M    M   6        16 210
================================================================================
SM 1492 1050       110  21  3.74     0.0 177.9          M      125
================================================================================
AV 71.1 50.0                               8.5 FASTST   M    M   6    MAX(MPH)
                                 MISC ---->  # 46 270               # 62  300
================================================================================
NOTES:
# LAST OF SEVERAL OCCURRENCES

COLUMN 17 PEAK WIND IN M.P.H.

PRELIMINARY LOCAL CLIMATOLOGICAL DATA (WS FORM: F-6) , PAGE 2

                                          STATION:  ROCHESTER NY
                                          MONTH:    OCTOBER
                                          YEAR:     2017
                                          LATITUDE:   43  7 N
                                          LONGITUDE:  77 40 W

[TEMPERATURE DATA]      [PRECIPITATION DATA]       SYMBOLS USED IN COLUMN 16

AVERAGE MONTHLY: 60.5   TOTAL FOR MONTH:   3.74    1 = FOG OR MIST
DPTR FM NORMAL:   8.4   DPTR FM NORMAL:    1.88    2 = FOG REDUCING VISIBILITY
HIGHEST:    84 ON  4    GRTST 24HR  2.39 ON  9- 9      TO 1/4 MILE OR LESS
LOWEST:     35 ON 17,16                            3 = THUNDER
                        SNOW, ICE PELLETS, HAIL    4 = ICE PELLETS
                        TOTAL MONTH:   0.0 INCH    5 = HAIL
                        GRTST 24HR     0.0         6 = FREEZING RAIN OR DRIZZLE
                        GRTST DEPTH:   0           7 = DUSTSTORM OR SANDSTORM:
                                                       VSBY 1/2 MILE OR LESS
                                                   8 = SMOKE OR HAZE
[NO. OF DAYS WITH]      [WEATHER - DAYS WITH]      9 = BLOWING SNOW
                                                   X = TORNADO
MAX 32 OR BELOW:   0    0.01 INCH OR MORE:   9
MAX 90 OR ABOVE:   0    0.10 INCH OR MORE:   7
MIN 32 OR BELOW:   0    0.50 INCH OR MORE:   1
MIN  0 OR BELOW:   0    1.00 INCH OR MORE:   1

[HDD (BASE 65) ]
TOTAL THIS MO.   110    CLEAR  (SCALE 0-3)   6
DPTR FM NORMAL  -163    PTCLDY (SCALE 4-7)  10
TOTAL FM JUL 1   229    CLOUDY (SCALE 8-10)  5
DPTR FM NORMAL  -225

[CDD (BASE 65) ]
TOTAL THIS MO.    21
DPTR FM NORMAL    21    [PRESSURE DATA]
TOTAL FM JAN 1   654    HIGHEST SLP M ON M
DPTR FM NORMAL   120    LOWEST  SLP 29.58 ON 15

[REMARKS]
