000
CXUS54 KLZK 281130
CF6RUE
PRELIMINARY LOCAL CLIMATOLOGICAL DATA (WS FORM: F-6)

                                          STATION:   Russellville
                                          MONTH:     MARCH
                                          YEAR:      2017
                                          LATITUDE:   35 15 N
                                          LONGITUDE:  93  6 W

  TEMPERATURE IN F:       :PCPN:    SNOW:  WIND      :SUNSHINE: SKY     :PK WND
================================================================================
1   2   3   4   5  6A  6B    7    8   9   10  11  12  13   14  15   16   17  18
                                     12Z  AVG MX 2MIN
DY MAX MIN AVG DEP HDD CDD  WTR  SNW DPTH SPD SPD DIR MIN PSBL S-S WX    SPD DR
================================================================================

 1  73  35  54   6  11   0 0.27    M    0 11.4 35 290   M    M   0 13     43 310
 2  61  29  45  -4  20   0 0.00  0.0    0  3.0 14 270   M    M   0        18 280
 3  62  30  46  -3  19   0 0.00  0.0    0  4.0 12 110   M    M   0        19 110
 4  69  32  51   2  14   0 0.00  0.0    0  4.2 15 220   M    M   2        20 190
 5  60  49  55   5  10   0 0.13  0.0    0  4.6 15 150   M    M   9 1      19 150
 6  72  55  64  14   1   0 0.06  0.0    0  8.1 22 180   M    M   9 1      33 200
 7  71  36  54   4  11   0 0.86    M    0  7.6 29 280   M    M   4 13     41 270
 8  71  30  51   1  14   0 0.00  0.0    0  3.1 14 180   M    M   0        17 180
 9  76  39  58   7   7   0 0.27    M    0  3.8 15 280   M    M   5 13     20 230
10  63  46  55   4  10   0 0.00  0.0    0  7.8 16  60   M    M   1 13     23  10
11  46  33  40 -11  25   0 0.40    T    0  7.8 21  70   M    M  10 13     25  70
12  50  30  40 -12  25   0 0.00  0.0    0  5.1 15  70   M    M   2 1      20  70
13  55  36  46  -6  19   0 0.17  0.0    0  8.8 24 290   M    M   9 1      33 300
14  42  36  39 -13  26   0    T    M    0  6.5 12  30   M    M  10        16 320
15  46  30  38 -14  27   0 0.00  0.0    0  5.4 14  70   M    M   4        16  50
16  54  40  47  -6  18   0 0.00  0.0    0  5.9 10 110   M    M  10        16 120
17  71  49  60   7   5   0 0.00  0.0    0  3.2 10 220   M    M   9 18     15 220
18  78  50  64  11   1   0 0.00  0.0    0  1.6  9 260   M    M   3 12     12 270
19  77  51  64  10   1   0 0.00  0.0    0  6.1 15 100   M    M   3        21 100
20  87  50  69  15   0   4 0.00  0.0    0  5.1 15 220   M    M   0        23 250
21  85  53  69  15   0   4    T  0.0    0  6.3 18  70   M    M   2 3      24  70
22  63  49  56   2   9   0 0.00  0.0    0  9.1 18  70   M    M   7        25  40
23  82  49  66  11   0   1 0.00  0.0    0  5.4 16 180   M    M   2        23 160
24  77  56  67  12   0   2 1.16  0.0    0  7.0 20 180   M    M   5 1      29 150
25  63  48  56   1   9   0 0.17    M    0  8.1 21 290   M    M   8 13     28 290
26  75  43  59   3   6   0    T    M    0  4.1 22 290   M    M   1 13     33 290
27  74  54  64   8   1   0 0.90  0.0    0  7.8 21 320   M    M   5 13     28 310
================================================================================
SM 1803 1138       289  11  4.39    T    160.9          M      120
================================================================================
AV 66.8 42.2                               6.0 FASTST   M    M   4    MAX(MPH)
                                 MISC ---->  # 35 290               # 43  310
================================================================================
NOTES:
# LAST OF SEVERAL OCCURRENCES

COLUMN 17 PEAK WIND IN M.P.H.

PRELIMINARY LOCAL CLIMATOLOGICAL DATA (WS FORM: F-6) , PAGE 2

                                          STATION:  Russellville
                                          MONTH:    MARCH
                                          YEAR:     2017
                                          LATITUDE:   35 15 N
                                          LONGITUDE:  93  6 W

[TEMPERATURE DATA]      [PRECIPITATION DATA]       SYMBOLS USED IN COLUMN 16

AVERAGE MONTHLY: 54.5   TOTAL FOR MONTH:   4.39    1 = FOG OR MIST
DPTR FM NORMAL:   2.3   DPTR FM NORMAL:    0.66    2 = FOG REDUCING VISIBILITY
HIGHEST:    87 ON 20    GRTST 24HR  1.16 ON 24-24      TO 1/4 MILE OR LESS
LOWEST:     29 ON  2                               3 = THUNDER
                        SNOW, ICE PELLETS, HAIL    4 = ICE PELLETS
                        TOTAL MONTH:    T          5 = HAIL
                        GRTST 24HR    T  ON 11-11  6 = FREEZING RAIN OR DRIZZLE
                        GRTST DEPTH:   0           7 = DUSTSTORM OR SANDSTORM:
                                                       VSBY 1/2 MILE OR LESS
                                                   8 = SMOKE OR HAZE
[NO. OF DAYS WITH]      [WEATHER - DAYS WITH]      9 = BLOWING SNOW
                                                   X = TORNADO
MAX 32 OR BELOW:   0    0.01 INCH OR MORE:  10
MAX 90 OR ABOVE:   0    0.10 INCH OR MORE:   9
MIN 32 OR BELOW:   6    0.50 INCH OR MORE:   3
MIN  0 OR BELOW:   0    1.00 INCH OR MORE:   1

[HDD (BASE 65) ]
TOTAL THIS MO.   289    CLEAR  (SCALE 0-3)  12
DPTR FM NORMAL   -67    PTCLDY (SCALE 4-7)   8
TOTAL FM JUL 1  2346    CLOUDY (SCALE 8-10)  7
DPTR FM NORMAL  -697

[CDD (BASE 65) ]
TOTAL THIS MO.    11
DPTR FM NORMAL     7    [PRESSURE DATA]
TOTAL FM JAN 1    23    HIGHEST SLP M ON M
DPTR FM NORMAL    17    LOWEST  SLP 29.66 ON  1

[REMARKS]
