000
CXUS51 KBTV 280700
CF6RUT
PRELIMINARY LOCAL CLIMATOLOGICAL DATA (WS FORM: F-6)

                                          STATION:   RUTLAND VT
                                          MONTH:     APRIL
                                          YEAR:      2016
                                          LATITUDE:   43 31 N
                                          LONGITUDE:  72 57 W

  TEMPERATURE IN F:       :PCPN:    SNOW:  WIND      :SUNSHINE: SKY     :PK WND
================================================================================
1   2   3   4   5  6A  6B    7    8   9   10  11  12  13   14  15   16   17  18
                                     12Z  AVG MX 2MIN
DY MAX MIN AVG DEP HDD CDD  WTR  SNW DPTH SPD SPD DIR MIN PSBL S-S WX    SPD DR
================================================================================

 1  70  45  58   M   7   0 0.13    M    0  9.6 16 200   M    M   7        27 200
 2  48  34  41   M  24   0 0.00  0.0    0  5.7 13 320   M    M   7        23 210
 3  36  19  28   M  37   0 0.00  0.0    0 12.8 20 310   M    M   7        36 300
 4  21  12  17   M  48   0 0.07    M    0  2.8  7 320   M    M   8         M  M
 5  30   5  18   M  47   0 0.00  0.0    0  6.6 15 310   M    M   0        20 300
 6  37  14  26   M  39   0 0.00  0.0    0  9.7 21 120   M    M   4        25 110
 7  57  36  47   M  18   0 0.30    M    0 14.0 21 120   M    M   7        30 120
 8  43  28  36   M  29   0 0.09    M    0  8.2 18 240   M    M  10        28 240
 9  39  23  31   M  34   0 0.00  0.0    0  8.2 16 360   M    M   3        21 320
10  41  21  31   M  34   0 0.00  0.0    0  7.8 15 320   M    M   3        23 320
11  46  36  41   M  24   0 0.09    M    0 10.0 18 110   M    M  10        22 120
12  50  37  44   M  21   0 0.38    M    0  8.5 15 300   M    M   9        27 290
13  46  30  38   M  27   0 0.00  0.0    0  6.4 12 350   M    M   2        20 310
14  52  27  40   M  25   0 0.00  0.0    0  5.4 16 360   M    M   0        20 360
15  59  27  43   M  22   0 0.00  0.0    0  7.0 14  10   M    M   0        16 320
16  63  30  47   M  18   0 0.00  0.0    0  5.8 14 360   M    M   0        20 360
17  72  34  53   M  12   0 0.00  0.0    0  6.3 14 120   M    M   0         M  M
18  72  37  55   M  10   0 0.00  0.0    0  7.3 13 360   M    M   3         M  M
19  55  39  47   M  18   0 0.07    M    0 10.2 25 360   M    M   5        33 360
20  55  36  46   M  19   0 0.00  0.0    0  7.8 14 340   M    M   0        20 300
21  73  32  53   M  12   0 0.00  0.0    0  5.7 13 260   M    M   1        17 260
22  70  54  62   M   3   0 0.00  0.0    0  6.5 15 240   M    M  10        18 230
23  55  36  46   M  19   0 0.00  0.0    0 11.2 20 330   M    M   5        25 330
24  52  30  41   M  24   0 0.00  0.0    0  6.6 12 350   M    M   0        23 310
25  55  30  43   M  22   0 0.00  0.0    0  6.6 13 120   M    M   5        20  10
26  43  30  37   M  28   0 0.33    M    0  4.1  9 140   M    M   9         M  M
27  55  28  42   M  23   0 0.00  0.0    0  5.7 15 290   M    M   3        21 240
================================================================================
SM 1395  810       644   0  1.46     0.0 206.5          M      118
================================================================================
AV 51.7 30.0                               7.6 FASTST   M    M   4    MAX(MPH)
                                 MISC ---->    25   M                 36    M
================================================================================
NOTES:
# LAST OF SEVERAL OCCURRENCES

COLUMN 17 PEAK WIND IN M.P.H.

PRELIMINARY LOCAL CLIMATOLOGICAL DATA (WS FORM: F-6) , PAGE 2

                                          STATION:  RUTLAND VT
                                          MONTH:    APRIL
                                          YEAR:     2016
                                          LATITUDE:   43 31 N
                                          LONGITUDE:  72 57 W

[TEMPERATURE DATA]      [PRECIPITATION DATA]       SYMBOLS USED IN COLUMN 16

AVERAGE MONTHLY: 40.8   TOTAL FOR MONTH:   1.46    1 = FOG OR MIST
DPTR FM NORMAL:     M   DPTR FM NORMAL:       M    2 = FOG REDUCING VISIBILITY
HIGHEST:    73 ON 21    GRTST 24HR  0.38 ON 12-12      TO 1/4 MILE OR LESS
LOWEST:      5 ON  5                               3 = THUNDER
                        SNOW, ICE PELLETS, HAIL    4 = ICE PELLETS
                        TOTAL MONTH:   0.0 INCH    5 = HAIL
                        GRTST 24HR     0.0         6 = FREEZING RAIN OR DRIZZLE
                        GRTST DEPTH:   0           7 = DUSTSTORM OR SANDSTORM:
                                                       VSBY 1/2 MILE OR LESS
                                                   8 = SMOKE OR HAZE
[NO. OF DAYS WITH]      [WEATHER - DAYS WITH]      9 = BLOWING SNOW
                                                   X = TORNADO
MAX 32 OR BELOW:   2    0.01 INCH OR MORE:   8
MAX 90 OR ABOVE:   0    0.10 INCH OR MORE:   4
MIN 32 OR BELOW:  16    0.50 INCH OR MORE:   0
MIN  0 OR BELOW:   0    1.00 INCH OR MORE:   0

[HDD (BASE 65) ]
TOTAL THIS MO.   644    CLEAR  (SCALE 0-3)  13
DPTR FM NORMAL     M    PTCLDY (SCALE 4-7)   9
TOTAL FM JUL 1  5828    CLOUDY (SCALE 8-10)  5
DPTR FM NORMAL     M

[CDD (BASE 65) ]
TOTAL THIS MO.     0
DPTR FM NORMAL     M    [PRESSURE DATA]
TOTAL FM JAN 1     0    HIGHEST SLP M ON M
DPTR FM NORMAL     M    LOWEST  SLP M ON M

[REMARKS]
