000
CXUS54 KTSA 190840
CF6RVS
PRELIMINARY LOCAL CLIMATOLOGICAL DATA (WS FORM: F-6)

                                          STATION:   TULSA-RIVERSIDE  OKLAHOMA
                                          MONTH:     OCTOBER
                                          YEAR:      2017
                                          LATITUDE:   36  2 N
                                          LONGITUDE:  95 59 W

  TEMPERATURE IN F:       :PCPN:    SNOW:  WIND      :SUNSHINE: SKY     :PK WND
================================================================================
1   2   3   4   5  6A  6B    7    8   9   10  11  12  13   14  15   16   17  18
                                     12Z  AVG MX 2MIN
DY MAX MIN AVG DEP HDD CDD  WTR  SNW DPTH SPD SPD DIR MIN PSBL S-S WX    SPD DR
================================================================================

 1  82  62  72   6   0   7 0.00  0.0    0  5.5 14 160   M    M   0        20 160
 2  86  64  75   9   0  10 0.00  0.0    0 10.4 21 170   M    M   1        28 150
 3  77  73  75   9   0  10 0.13  0.0    0  8.1 16 180   M    M   9 18     24 160
 4  74  70  72   7   0   7 3.00  0.0    0  5.8 13 130   M    M   8 13     17 130
 5  83  70  77  12   0  12    T  0.0    0  5.7 13 180   M    M   4 8      16 180
 6  87  69  78  14   0  13 0.00  0.0    0  9.8 20 180   M    M   1 38     27 160
 7  80  57  69   5   0   4 0.29  0.0    0  3.7 16 180   M    M   3 13     22 170
 8  83  52  68   4   0   3 0.00  0.0    0  2.3 10 180   M    M   0 1      15 130
 9  89  56  73  10   0   8    T  0.0    0  5.7 15 170   M    M   3 3      22 280
10  66  46  56  -7   9   0 0.00  0.0    0  6.3 14 300   M    M   8        24 310
11  70  44  57  -6   8   0 0.00  0.0    0  2.5  9  90   M    M   1        13 130
12  83  50  67   5   0   2 0.00  0.0    0  6.2 17 180   M    M   0 1      21 190
13  89  66  78  16   0  13 0.00  0.0    0  8.8 17 200   M    M   0        24 200
14  90  62  76  14   0  11 0.31  0.0    0 10.6 25 180   M    M   2 138    36 360
15  69  46  58  -3   7   0 0.44  0.0    0  6.9 18 360   M    M   1 13     30  20
16  70  41  56  -5   9   0 0.00  0.0    0  0.9  8 150   M    M   0        11 130
17  73  42  58  -3   7   0 0.00  0.0    0  4.1 16 200   M    M   0 1      23 200
18  80  46  63   3   2   0    T    M    0  7.3 18 180   M    M   0        23 200
================================================================================
SM 1431 1016        42 100  4.17     0.0 110.6          M       41
================================================================================
AV 79.5 56.4                               6.1 FASTST   M    M   2    MAX(MPH)
                                 MISC ---->  # 25 180               # 36  360
================================================================================
NOTES:
# LAST OF SEVERAL OCCURRENCES

COLUMN 17 PEAK WIND IN M.P.H.

PRELIMINARY LOCAL CLIMATOLOGICAL DATA (WS FORM: F-6) , PAGE 2

                                          STATION:  TULSA-RIVERSIDE  OKLAHOMA
                                          MONTH:    OCTOBER
                                          YEAR:     2017
                                          LATITUDE:   36  2 N
                                          LONGITUDE:  95 59 W

[TEMPERATURE DATA]      [PRECIPITATION DATA]       SYMBOLS USED IN COLUMN 16

AVERAGE MONTHLY: 68.0   TOTAL FOR MONTH:   4.17    1 = FOG OR MIST
DPTR FM NORMAL:   4.8   DPTR FM NORMAL:    1.68    2 = FOG REDUCING VISIBILITY
HIGHEST:    90 ON 14    GRTST 24HR  3.00 ON  4- 4      TO 1/4 MILE OR LESS
LOWEST:     41 ON 16                               3 = THUNDER
                        SNOW, ICE PELLETS, HAIL    4 = ICE PELLETS
                        TOTAL MONTH:   0.0 INCH    5 = HAIL
                        GRTST 24HR     0.0         6 = FREEZING RAIN OR DRIZZLE
                        GRTST DEPTH:   0           7 = DUSTSTORM OR SANDSTORM:
                                                       VSBY 1/2 MILE OR LESS
                                                   8 = SMOKE OR HAZE
[NO. OF DAYS WITH]      [WEATHER - DAYS WITH]      9 = BLOWING SNOW
                                                   X = TORNADO
MAX 32 OR BELOW:   0    0.01 INCH OR MORE:   5
MAX 90 OR ABOVE:   1    0.10 INCH OR MORE:   5
MIN 32 OR BELOW:   0    0.50 INCH OR MORE:   1
MIN  0 OR BELOW:   0    1.00 INCH OR MORE:   1

[HDD (BASE 65) ]
TOTAL THIS MO.    42    CLEAR  (SCALE 0-3)  14
DPTR FM NORMAL   -32    PTCLDY (SCALE 4-7)   2
TOTAL FM JUL 1    42    CLOUDY (SCALE 8-10)  2
DPTR FM NORMAL   -53

[CDD (BASE 65) ]
TOTAL THIS MO.   100
DPTR FM NORMAL    57    [PRESSURE DATA]
TOTAL FM JAN 1  2101    HIGHEST SLP M ON M
DPTR FM NORMAL   202    LOWEST  SLP 29.63 ON  8

[REMARKS]
