000
CXUS55 KTWC 200855
CF6SAD
PRELIMINARY LOCAL CLIMATOLOGICAL DATA (WS FORM: F-6)

                                          STATION:   SAFFORD AZ AIRPORT
                                          MONTH:     OCTOBER
                                          YEAR:      2014
                                          LATITUDE:   32 50 N
                                          LONGITUDE: 109 38 W

  TEMPERATURE IN F:       :PCPN:    SNOW:  WIND      :SUNSHINE: SKY     :PK WND
================================================================================
1   2   3   4   5  6A  6B    7    8   9   10  11  12  13   14  15   16   17  18
                                     12Z  AVG MX 2MIN
DY MAX MIN AVG DEP HDD CDD  WTR  SNW DPTH SPD SPD DIR MIN PSBL S-S WX    SPD DR
================================================================================

 1  85  50  68  -6   0   3 0.00  0.0    0  6.6 18 280   M    M   0        24 280
 2  86  52  69  -4   0   4 0.00  0.0    0  4.6 13 280   M    M   0        18 270
 3  90  50  70  -3   0   5 0.00  0.0    0  5.2 13 150   M    M   0        16 130
 4  92  51  72   0   0   7 0.00  0.0    0  5.8 20 300   M    M   0        25 310
 5  91  52  72   0   0   7 0.00  0.0    0  8.4 23 320   M    M   0        29 320
 6  87  54  71   0   0   6 0.00  0.0    0  3.4 10 320   M    M   0        12 280
 7  90  57  74   3   0   9 0.00  0.0    0  7.0 16 300   M    M   0        22 290
 8  75  60  68  -2   0   3 0.59  0.0    0  8.0 24  90   M    M   7 1      28  90
 9  72  59  66  -4   0   1 0.50  0.0    0  8.8 22 320   M    M   7 12     27 310
10  80  56  68  -2   0   3 0.00  0.0    0  4.4 14 290   M    M   3 128    18 320
11  81  58  70   1   0   5 0.00  0.0    0  5.6 22  30   M    M   0        28  30
12  85  52  69   0   0   4 0.00  0.0    0 10.5 33 290   M    M   0        42 290
13  79  49  64  -4   1   0 0.00  0.0    0  4.5 14  80   M    M   0        18  80
14  84  50  67  -1   0   2 0.00  0.0    0  8.9 18 120   M    M   0        23 140
15  85  58  72   5   0   7 0.00  0.0    0  7.8 22 130   M    M   0        26 130
16  89  55  72   5   0   7 0.00  0.0    0  4.5 12 300   M    M   0        14 290
17  80  56  68   2   0   3    T  0.0    0  4.4 16 290   M    M   1        20 180
18  87  48  68   2   0   3    T    M    0  4.4 13 120   M    M   0 3      18 130
19  82  57  70   4   0   5 1.14  0.0    0 10.0 43 200   M    M   4 123    51 210
================================================================================
SM 1600 1024         1  84  2.23     0.0 122.8          M       22
================================================================================
AV 84.2 53.9                               6.5 FASTST   M    M   1    MAX(MPH)
                                 MISC ---->  # 43 200               # 51  210
================================================================================
NOTES:
# LAST OF SEVERAL OCCURRENCES

COLUMN 17 PEAK WIND IN M.P.H.

PRELIMINARY LOCAL CLIMATOLOGICAL DATA (WS FORM: F-6) , PAGE 2

                                          STATION:  SAFFORD AZ AIRPORT
                                          MONTH:    OCTOBER
                                          YEAR:     2014
                                          LATITUDE:   32 50 N
                                          LONGITUDE: 109 38 W

[TEMPERATURE DATA]      [PRECIPITATION DATA]       SYMBOLS USED IN COLUMN 16

AVERAGE MONTHLY: 69.1   TOTAL FOR MONTH:   2.23    1 = FOG OR MIST
DPTR FM NORMAL:  -0.5   DPTR FM NORMAL:    1.50    2 = FOG REDUCING VISIBILITY
HIGHEST:    92 ON  4    GRTST 24HR  1.14 ON 19-19      TO 1/4 MILE OR LESS
LOWEST:     48 ON 18                               3 = THUNDER
                        SNOW, ICE PELLETS, HAIL    4 = ICE PELLETS
                        TOTAL MONTH:   0.0 INCH    5 = HAIL
                        GRTST 24HR     0.0         6 = FREEZING RAIN OR DRIZZLE
                        GRTST DEPTH:   0           7 = DUSTSTORM OR SANDSTORM:
                                                       VSBY 1/2 MILE OR LESS
                                                   8 = SMOKE OR HAZE
[NO. OF DAYS WITH]      [WEATHER - DAYS WITH]      9 = BLOWING SNOW
                                                   X = TORNADO
MAX 32 OR BELOW:   0    0.01 INCH OR MORE:   3
MAX 90 OR ABOVE:   4    0.10 INCH OR MORE:   3
MIN 32 OR BELOW:   0    0.50 INCH OR MORE:   3
MIN  0 OR BELOW:   0    1.00 INCH OR MORE:   1

[HDD (BASE 65) ]
TOTAL THIS MO.     1    CLEAR  (SCALE 0-3)  16
DPTR FM NORMAL   -16    PTCLDY (SCALE 4-7)   3
TOTAL FM JUL 1     1    CLOUDY (SCALE 8-10)  0
DPTR FM NORMAL   -16

[CDD (BASE 65) ]
TOTAL THIS MO.    84
DPTR FM NORMAL   -20    [PRESSURE DATA]
TOTAL FM JAN 1  2703    HIGHEST SLP M ON M
DPTR FM NORMAL   117    LOWEST  SLP 29.70 ON M

[REMARKS]
