000
CXUS56 KSGX 291545
CF6SAN
PRELIMINARY LOCAL CLIMATOLOGICAL DATA (WS FORM: F-6)

                                          STATION:   SAN DIEGO INTL AIRPORT  CA
                                          MONTH:     APRIL
                                          YEAR:      2016
                                          LATITUDE:   32 43 N
                                          LONGITUDE: 117 10 W

  TEMPERATURE IN F:       :PCPN:    SNOW:  WIND      :SUNSHINE: SKY     :PK WND
================================================================================
1   2   3   4   5  6A  6B    7    8   9   10  11  12  13   14  15   16   17  18
                                     12Z  AVG MX 2MIN
DY MAX MIN AVG DEP HDD CDD  WTR  SNW DPTH SPD SPD DIR MIN PSBL S-S WX    SPD DR
================================================================================

 1  67  57  62   2   3   0 0.00  0.0    0  5.0 12 210   M    M   5        18 280
 2  71  57  64   4   1   0 0.00  0.0    0  4.4 14 300   M    M   2        18 290
 3  69  56  63   2   2   0 0.00  0.0    0  6.1 17 300   M    M   6 128    22 300
 4  71  56  64   3   1   0 0.00  0.0    0  4.1 15 290   M    M   5 18     18 300
 5  74  56  65   4   0   0 0.00  0.0    0  4.1 12 320   M    M   7 128    13 330
 6  76  58  67   6   0   2 0.00  0.0    0  4.7 14 200   M    M   9 128    17 210
 7  66  61  64   3   1   0 0.31  0.0    0  3.8 17  30   M    M  10 1      23  30
 8  67  59  63   2   2   0 0.06  0.0    0  4.7 12 230   M    M   8 1      15 230
 9  68  59  64   3   1   0 0.01  0.0    0  6.9 14 190   M    M   8        17 190
10  68  59  64   3   1   0 0.17  0.0    0  7.5 16 190   M    M   7 1      21 200
11  71  59  65   4   0   0    T  0.0    0  5.5 13 320   M    M   6        16 280
12  70  60  65   4   0   0 0.00  0.0    0  4.5 14 300   M    M   6        18 280
13  70  61  66   5   0   1 0.00  0.0    0  5.7 13 290   M    M   8        18 310
14  70  60  65   3   0   0 0.00  0.0    0  6.6 17 280   M    M   7        21 300
15  71  58  65   3   0   0 0.00  0.0    0  6.1 17 290   M    M   5        22 290
16  81  57  69   7   0   4 0.00  0.0    0  5.8 18 310   M    M   1        23 320
17  86  59  73  11   0   8 0.00  0.0    0  4.6 17 320   M    M   0        22 320
18  87  62  75  13   0  10 0.00  0.0    0  4.8 17 320   M    M   1        22 300
19  85  63  74  12   0   9 0.00  0.0    0  4.3 15 310   M    M   5        20 300
20  83  60  72  10   0   7 0.00  0.0    0  5.2 16 310   M    M   4        21 310
21  76  60  68   6   0   3 0.00  0.0    0  6.3 17 300   M    M   7        21 290
22  72  63  68   6   0   3 0.00  0.0    0  7.3 16 300   M    M   6        21 280
23  71  62  67   5   0   2    T  0.0    0  6.4 16 320   M    M   5        20 320
24  68  60  64   2   1   0 0.00  0.0    0  7.9 17 200   M    M   5        22 210
25  65  59  62  -1   3   0 0.00  0.0    0 11.3 21 270   M    M   8        25 270
26  69  56  63   0   2   0 0.00  0.0    0  6.8 14 220   M    M   4        18 220
27  67  58  63   0   2   0    T  0.0    0 10.1 21 270   M    M   6        25 270
28  65  58  62  -1   3   0    T  0.0    0  8.7 17 260   M    M   8        22 260
================================================================================
SM 2024 1653        23  49  0.55     0.0 169.2          M      159
================================================================================
AV 72.3 59.0                               6.0 FASTST   M    M   6    MAX(MPH)
                                 MISC ---->  # 21 270               # 25  270
================================================================================
NOTES:
# LAST OF SEVERAL OCCURRENCES

COLUMN 17 PEAK WIND IN M.P.H.

PRELIMINARY LOCAL CLIMATOLOGICAL DATA (WS FORM: F-6) , PAGE 2

                                          STATION:  SAN DIEGO INTL AIRPORT  CA
                                          MONTH:    APRIL
                                          YEAR:     2016
                                          LATITUDE:   32 43 N
                                          LONGITUDE: 117 10 W

[TEMPERATURE DATA]      [PRECIPITATION DATA]       SYMBOLS USED IN COLUMN 16

AVERAGE MONTHLY: 65.7   TOTAL FOR MONTH:   0.55    1 = FOG OR MIST
DPTR FM NORMAL:   4.1   DPTR FM NORMAL:   -0.20    2 = FOG REDUCING VISIBILITY
HIGHEST:    87 ON 18    GRTST 24HR  0.36 ON  7- 8      TO 1/4 MILE OR LESS
LOWEST:     56 ON 26, 5                            3 = THUNDER
                        SNOW, ICE PELLETS, HAIL    4 = ICE PELLETS
                        TOTAL MONTH:   0.0 INCH    5 = HAIL
                        GRTST 24HR     0.0         6 = FREEZING RAIN OR DRIZZLE
                        GRTST DEPTH:   0           7 = DUSTSTORM OR SANDSTORM:
                                                       VSBY 1/2 MILE OR LESS
                                                   8 = SMOKE OR HAZE
[NO. OF DAYS WITH]      [WEATHER - DAYS WITH]      9 = BLOWING SNOW
                                                   X = TORNADO
MAX 32 OR BELOW:   0    0.01 INCH OR MORE:   4
MAX 90 OR ABOVE:   0    0.10 INCH OR MORE:   2
MIN 32 OR BELOW:   0    0.50 INCH OR MORE:   0
MIN  0 OR BELOW:   0    1.00 INCH OR MORE:   0

[HDD (BASE 65) ]
TOTAL THIS MO.    23    CLEAR  (SCALE 0-3)   4
DPTR FM NORMAL   -84    PTCLDY (SCALE 4-7)  21
TOTAL FM JUL 1   632    CLOUDY (SCALE 8-10)  3
DPTR FM NORMAL  -511

[CDD (BASE 65) ]
TOTAL THIS MO.    49
DPTR FM NORMAL    39    [PRESSURE DATA]
TOTAL FM JAN 1    99    HIGHEST SLP M ON M
DPTR FM NORMAL    79    LOWEST  SLP 29.78 ON 28

[REMARKS]
