000
CXUS53 KMKX 230650
CF6SBM
PRELIMINARY LOCAL CLIMATOLOGICAL DATA (WS FORM: F-6)

                                          STATION:   SHEBOYGAN WI
                                          MONTH:     NOVEMBER
                                          YEAR:      2017
                                          LATITUDE:   43 46 N
                                          LONGITUDE:  87 51 W

  TEMPERATURE IN F:       :PCPN:    SNOW:  WIND      :SUNSHINE: SKY     :PK WND
================================================================================
1   2   3   4   5  6A  6B    7    8   9   10  11  12  13   14  15   16   17  18
                                     12Z  AVG MX 2MIN
DY MAX MIN AVG DEP HDD CDD  WTR  SNW DPTH SPD SPD DIR MIN PSBL S-S WX    SPD DR
================================================================================

 1  44  24  34  -8  31   0 0.13  0.0    0  7.1 20 170   M    M   7 1      25 160
 2  48  39  44   2  21   0 0.02  0.0    0  6.2 21 330   M    M   9 1      27 340
 3  45  32  39  -3  26   0 0.00  0.0    0  9.2 17 320   M    M   4        24 340
 4  45  40  43   2  22   0 0.21  0.0    0  8.1 16 100   M    M   9 1      24 100
 5  49  35  42   1  23   0    T  0.0    0  7.0 16 320   M    M  10 1      21 330
 6  41  26  34  -6  31   0 0.00  0.0    0  5.9 15 320   M    M   5        20 310
 7  43  23  33  -7  32   0 0.00  0.0    0  5.3 15 300   M    M   3        18 300
 8  43  22  33  -6  32   0 0.00  0.0    0  7.6 17 250   M    M   1        24 260
 9  39  15  27 -12  38   0 0.01    M    0 14.1 24 320   M    M   6        30 330
10  31  11  21 -17  44   0    T    M    0  8.9 14 150   M    M   5        22  40
11  34  29  32  -6  33   0    T    M    0  9.2 17 180   M    M  10        23 180
12  42  21  32  -6  33   0    T  0.0    0  2.7  8 320   M    M   7 1      11 320
13  42  22  32  -5  33   0 0.00  0.0    0  4.6 10 300   M    M   0 1      14 290
14  46  28  37   0  28   0    T  0.0    0 11.1 21 180   M    M   9 128    25 170
15  47  34  41   5  24   0 0.21  0.0    0 12.8 24 300   M    M  10 1      35 310
16  39  31  35  -1  30   0    T  0.0    0  8.2 22 330   M    M  10        32 330
17  41  32  37   2  28   0 0.30  0.0    0 12.0 28 180   M    M  10 1      35 180
18  39  33  36   1  29   0 0.03  0.0    0 11.9 24 330   M    M  10 1      31 320
19  33  25  29  -5  36   0    T    M    0 11.5 20 280   M    M   6        29 310
20  50  29  40   6  25   0    T  0.0    0 13.0 28 210   M    M   0        37 210
21  49  22  36   3  29   0 0.00  0.0    0 13.6 25 300   M    M   5        34 290
22  32  16  24  -9  41   0    T    M    M  5.6 15 230   M    M   4 1      19 240
================================================================================
SM  922  589       669   0  0.91     0.0 195.6          M      140
================================================================================
AV 41.9 26.8                               8.9 FASTST   M    M   6    MAX(MPH)
                                 MISC ---->  # 28 180               # 37  210
================================================================================
NOTES:
# LAST OF SEVERAL OCCURRENCES

COLUMN 17 PEAK WIND IN M.P.H.

PRELIMINARY LOCAL CLIMATOLOGICAL DATA (WS FORM: F-6) , PAGE 2

                                          STATION:  SHEBOYGAN WI
                                          MONTH:    NOVEMBER
                                          YEAR:     2017
                                          LATITUDE:   43 46 N
                                          LONGITUDE:  87 51 W

[TEMPERATURE DATA]      [PRECIPITATION DATA]       SYMBOLS USED IN COLUMN 16

AVERAGE MONTHLY: 34.3   TOTAL FOR MONTH:   0.91    1 = FOG OR MIST
DPTR FM NORMAL:  -3.4   DPTR FM NORMAL:   -0.74    2 = FOG REDUCING VISIBILITY
HIGHEST:    50 ON 20    GRTST 24HR  0.30 ON 17-17      TO 1/4 MILE OR LESS
LOWEST:     11 ON 10                               3 = THUNDER
                        SNOW, ICE PELLETS, HAIL    4 = ICE PELLETS
                        TOTAL MONTH:   0.0 INCH    5 = HAIL
                        GRTST 24HR     0.0         6 = FREEZING RAIN OR DRIZZLE
                        GRTST DEPTH:   0           7 = DUSTSTORM OR SANDSTORM:
                                                       VSBY 1/2 MILE OR LESS
                                                   8 = SMOKE OR HAZE
[NO. OF DAYS WITH]      [WEATHER - DAYS WITH]      9 = BLOWING SNOW
                                                   X = TORNADO
MAX 32 OR BELOW:   2    0.01 INCH OR MORE:   7
MAX 90 OR ABOVE:   0    0.10 INCH OR MORE:   4
MIN 32 OR BELOW:  17    0.50 INCH OR MORE:   0
MIN  0 OR BELOW:   0    1.00 INCH OR MORE:   0

[HDD (BASE 65) ]
TOTAL THIS MO.   669    CLEAR  (SCALE 0-3)   4
DPTR FM NORMAL    69    PTCLDY (SCALE 4-7)   9
TOTAL FM JUL 1  1252    CLOUDY (SCALE 8-10)  9
DPTR FM NORMAL  -111

[CDD (BASE 65) ]
TOTAL THIS MO.     0
DPTR FM NORMAL     0    [PRESSURE DATA]
TOTAL FM JAN 1   381    HIGHEST SLP M ON M
DPTR FM NORMAL   -13    LOWEST  SLP 29.50 ON 18

[REMARKS]
