051
CXUS55 KLOX 261956
CF6SBP
PRELIMINARY LOCAL CLIMATOLOGICAL DATA (WS FORM: F-6)

                                          STATION:   SAN LUIS OBISPO AIRPORT CA
                                          MONTH:     MAY
                                          YEAR:      2016
                                          LATITUDE:   35 13 N
                                          LONGITUDE: 120 38 W

  TEMPERATURE IN F:       :PCPN:    SNOW:  WIND      :SUNSHINE: SKY     :PK WND
================================================================================
1   2   3   4   5  6A  6B    7    8   9   10  11  12  13   14  15   16   17  18
                                     12Z  AVG MX 2MIN
DY MAX MIN AVG DEP HDD CDD  WTR  SNW DPTH SPD SPD DIR MIN PSBL S-S WX    SPD DR
================================================================================

 1  77  48  63   5   2   0 0.00  0.0    0  4.8 16 310   M    M   1        19 240
 2  72  54  63   4   2   0 0.00  0.0    0  6.6 18 310   M    M   7 18     22 310
 3  77  54  66   7   0   1 0.00  0.0    0  5.4 20 310   M    M   5 1      23 300
 4  67  55  61   2   4   0 0.00  0.0    0  5.5 15 230   M    M   9 1      17 220
 5  68  56  62   3   3   0 0.00  0.0    0  5.0 15 210   M    M   8        20 200
 6  71  53  62   3   3   0 0.01  0.0    0  7.2 24 310   M    M   7        29 310
 7  71  52  62   3   3   0 0.00  0.0    0  4.7 15 210   M    M   6         M  M
 8  73  49  61   2   4   0 0.00  0.0    0  8.0 22 310   M    M   1        26 310
 9  72  56  64   5   1   0 0.00  0.0    0  9.2 21 310   M    M   7        27 310
10  69  56  63   3   2   0 0.00  0.0    0  5.9 14 310   M    M   8        21 310
11  71  56  64   4   1   0 0.00  0.0    0  7.1 16 310   M    M   5 1      26 310
12  72  56  64   4   1   0 0.00  0.0    0  9.4 21 300   M    M   6 1      25 310
13  70  55  63   3   2   0 0.00  0.0    0  8.7 22 320   M    M   6 1      25 320
14  72  50  61   1   4   0 0.00  0.0    0 11.9 28 310   M    M   2        36 310
15  72  54  63   3   2   0 0.00  0.0    0 10.8 29 310   M    M   5 1      34 310
16  72  51  62   2   3   0 0.00  0.0    0  9.5 24 310   M    M   5 1      30 320
17  74  55  65   5   0   0 0.00  0.0    0  3.9 10 120   M    M   5 18     16 140
18  79  54  67   7   0   2 0.00  0.0    0  5.8 18 310   M    M   6 12     22 310
19  68  55  62   2   3   0 0.00  0.0    0  6.8 21 310   M    M   9 18     26 320
20  66  54  60   0   5   0 0.00  0.0    0 10.4 22 300   M    M   8        27 320
21  69  45  57  -4   8   0 0.00  0.0    0  8.4 24 320   M    M   3        30 290
22  71  46  59  -2   6   0 0.00  0.0    0 11.5 26 310   M    M   1        32 320
23  73  47  60  -1   5   0 0.00  0.0    0 11.0 24 310   M    M   3        30 320
24  69  56  63   2   2   0    T  0.0    0  6.4 18 310   M    M   9 18     23 330
25  69  56  63   2   2   0 0.00  0.0    0 10.6 23 310   M    M   8        29 290
================================================================================
SM 1784 1323        68   3  0.01     0.0 194.4          M      140
================================================================================
AV 71.4 52.9                               7.8 FASTST   M    M   6    MAX(MPH)
                                 MISC ---->  # 29 310               # 36  310
================================================================================
NOTES:
# LAST OF SEVERAL OCCURRENCES

COLUMN 17 PEAK WIND IN M.P.H.

PRELIMINARY LOCAL CLIMATOLOGICAL DATA (WS FORM: F-6) , PAGE 2

                                          STATION:  SAN LUIS OBISPO AIRPORT CA
                                          MONTH:    MAY
                                          YEAR:     2016
                                          LATITUDE:   35 13 N
                                          LONGITUDE: 120 38 W

[TEMPERATURE DATA]      [PRECIPITATION DATA]       SYMBOLS USED IN COLUMN 16

AVERAGE MONTHLY: 62.1   TOTAL FOR MONTH:   0.01    1 = FOG OR MIST
DPTR FM NORMAL:   2.3   DPTR FM NORMAL:   -0.36    2 = FOG REDUCING VISIBILITY
HIGHEST:    79 ON 18    GRTST 24HR  0.01 ON  6- 6      TO 1/4 MILE OR LESS
LOWEST:     45 ON 21                               3 = THUNDER
                        SNOW, ICE PELLETS, HAIL    4 = ICE PELLETS
                        TOTAL MONTH:   0.0 INCH    5 = HAIL
                        GRTST 24HR     0.0         6 = FREEZING RAIN OR DRIZZLE
                        GRTST DEPTH:   0           7 = DUSTSTORM OR SANDSTORM:
                                                       VSBY 1/2 MILE OR LESS
                                                   8 = SMOKE OR HAZE
[NO. OF DAYS WITH]      [WEATHER - DAYS WITH]      9 = BLOWING SNOW
                                                   X = TORNADO
MAX 32 OR BELOW:   0    0.01 INCH OR MORE:   1
MAX 90 OR ABOVE:   0    0.10 INCH OR MORE:   0
MIN 32 OR BELOW:   0    0.50 INCH OR MORE:   0
MIN  0 OR BELOW:   0    1.00 INCH OR MORE:   0

[HDD (BASE 65) ]
TOTAL THIS MO.    68    CLEAR  (SCALE 0-3)   5
DPTR FM NORMAL   -73    PTCLDY (SCALE 4-7)  16
TOTAL FM JUL 1  1357    CLOUDY (SCALE 8-10)  4
DPTR FM NORMAL  -924

[CDD (BASE 65) ]
TOTAL THIS MO.     3
DPTR FM NORMAL    -5    [PRESSURE DATA]
TOTAL FM JAN 1    52    HIGHEST SLP M ON M
DPTR FM NORMAL    34    LOWEST  SLP 29.81 ON M

[REMARKS]
