000
CXUS51 KAKQ 011010
CF6SBY
PRELIMINARY LOCAL CLIMATOLOGICAL DATA (WS FORM: F-6)

                                          STATION:   SALISBURY MD
                                          MONTH:     FEBRUARY
                                          YEAR:      2015
                                          LATITUDE:   38 20 N
                                          LONGITUDE:  75 30 W

  TEMPERATURE IN F:       :PCPN:    SNOW:  WIND      :SUNSHINE: SKY     :PK WND
================================================================================
1   2   3   4   5  6A  6B    7    8   9   10  11  12  13   14  15   16   17  18
                                     12Z  AVG MX 2MIN
DY MAX MIN AVG DEP HDD CDD  WTR  SNW DPTH SPD SPD DIR MIN PSBL S-S WX    SPD DR
================================================================================

 1  48  17  33  -3  32   0 0.12  0.0    0  4.6 14 160   M    M   5        17 140
 2  58  28  43   7  22   0 0.49  0.0    0 18.7 31 310   M    M   7 1      44 310
 3  35  23  29  -7  36   0 0.00  0.0    0  8.1 16 310   M    M   0        30 320
 4  51  22  37   1  28   0 0.00  0.0    0  9.3 22 200   M    M   0        29 210
 5  43  23  33  -3  32   0 0.00  0.0    0 14.0 30 330   M    M   2        41 340
 6  37  17  27  -9  38   0 0.00  0.0    0  6.6 17 250   M    M   0        28 220
 7  53  21  37   1  28   0 0.00  0.0    0  4.6 17 200   M    M   1        22 200
 8  67  32  50  13  15   0 0.00  0.0    0  4.9 15 200   M    M   0        18 200
 9  44  34  39   2  26   0 0.02  0.0    0  9.4 20  50   M    M   7 168    24  50
10  37  32  35  -2  30   0 0.30  0.0    0 11.8 20  20   M    M   8 168    25  10
11  42  29  36  -1  29   0 0.00  0.0    0  6.4 14 360   M    M   6        18 360
12  39  25  32  -5  33   0 0.01    T    0  7.5 28 330   M    M   6 18     37 330
13  28  14  21 -16  44   0 0.00  0.0    0 11.5 30 330   M    M   0        40 330
14  44  14  29  -8  36   0 0.07  0.5    0 11.9 35 290   M    M   7 13     50 280
15  23  13  18 -20  47   0 0.00  0.0    0 22.7 37 310   M    M   1        54 320
16  24  10  17 -21  48   0 0.28  3.0    0  9.3 23 320   M    M   4        30 320
17  28  15  22 -16  43   0 0.36  3.0    M  7.7 18 330   M    M   5 8      22 310
18  36  11  24 -14  41   0    T    T    M  5.1 21 310   M    M   2 18     30 310
19  27  12  20 -18  45   0    T    T    0 14.9 25 300   M    M   4        36 290
20  19  -3   8 -30  57   0    T    T    M 10.0 25 320   M    M   1 89     34 310
21  39  -4  18 -21  47   0 0.62    T    M  5.5 17 200   M    M   6 1      23 170
22  47  32  40   1  25   0 0.49  0.0    M  4.3 12 210   M    M   8 128    14 250
23  37  20  29 -10  36   0 0.00  0.0    M 11.2 23 330   M    M   6 128    31 310
24  33  14  24 -15  41   0    T    T    M  4.6 12 140   M    M   4        16 120
25  43  18  31  -9  34   0 0.00  0.0    M  5.7 20 300   M    M   1 18     25 300
26  36  19  28 -12  37   0 0.40  4.0    M  8.5 22  30   M    M   8 128    29  30
27  36  16  26 -14  39   0    T    T    M  3.6 15 320   M    M   7 128    17 310
28  33  17  25 -15  40   0 0.00  0.0    0  3.5 13  40   M    M   0 8      16  30
================================================================================
SM 1087  521      1009   0  3.16    10.5 245.9          M      106
================================================================================
AV 38.8 18.6                               8.8 FASTST   M    M   4    MAX(MPH)
                                 MISC ---->  # 37 310               # 54  320
================================================================================
NOTES:
# LAST OF SEVERAL OCCURRENCES

COLUMN 17 PEAK WIND IN M.P.H.

PRELIMINARY LOCAL CLIMATOLOGICAL DATA (WS FORM: F-6) , PAGE 2

                                          STATION:  SALISBURY MD
                                          MONTH:    FEBRUARY
                                          YEAR:     2015
                                          LATITUDE:   38 20 N
                                          LONGITUDE:  75 30 W

[TEMPERATURE DATA]      [PRECIPITATION DATA]       SYMBOLS USED IN COLUMN 16

AVERAGE MONTHLY: 28.7   TOTAL FOR MONTH:   3.16    1 = FOG OR MIST
DPTR FM NORMAL:  -9.0   DPTR FM NORMAL:   -0.19    2 = FOG REDUCING VISIBILITY
HIGHEST:    67 ON  8    GRTST 24HR  1.11 ON 21-22      TO 1/4 MILE OR LESS
LOWEST:     -4 ON 21                               3 = THUNDER
                        SNOW, ICE PELLETS, HAIL    4 = ICE PELLETS
                        TOTAL MONTH:  10.5 INCHES  5 = HAIL
                        GRTST 24HR   4.0 ON 26-26  6 = FREEZING RAIN OR DRIZZLE
                        GRTST DEPTH:   0           7 = DUSTSTORM OR SANDSTORM:
                                                       VSBY 1/2 MILE OR LESS
                                                   8 = SMOKE OR HAZE
[NO. OF DAYS WITH]      [WEATHER - DAYS WITH]      9 = BLOWING SNOW
                                                   X = TORNADO
MAX 32 OR BELOW:   6    0.01 INCH OR MORE:  11
MAX 90 OR ABOVE:   0    0.10 INCH OR MORE:   8
MIN 32 OR BELOW:  27    0.50 INCH OR MORE:   1
MIN  0 OR BELOW:   2    1.00 INCH OR MORE:   0

[HDD (BASE 65) ]
TOTAL THIS MO.  1009    CLEAR  (SCALE 0-3)  12
DPTR FM NORMAL   245    PTCLDY (SCALE 4-7)  14
TOTAL FM JUL 1  3213    CLOUDY (SCALE 8-10)  2
DPTR FM NORMAL   -92

[CDD (BASE 65) ]
TOTAL THIS MO.     0
DPTR FM NORMAL     0    [PRESSURE DATA]
TOTAL FM JAN 1     0    HIGHEST SLP 30.86 ON 28
DPTR FM NORMAL     0    LOWEST  SLP 29.38 ON  2

[REMARKS]
#FINAL-02-15#
