000
CXUS55 KLOX 271655
CF6SDB
PRELIMINARY LOCAL CLIMATOLOGICAL DATA (WS FORM: F-6)

                                          STATION:   SANDBERG CA
                                          MONTH:     MARCH
                                          YEAR:      2015
                                          LATITUDE:   34 45 N
                                          LONGITUDE: 118 44 W

  TEMPERATURE IN F:       :PCPN:    SNOW:  WIND      :SUNSHINE: SKY     :PK WND
================================================================================
1   2   3   4   5  6A  6B    7    8   9   10  11  12  13   14  15   16   17  18
                                     12Z  AVG MX 2MIN
DY MAX MIN AVG DEP HDD CDD  WTR  SNW DPTH SPD SPD DIR MIN PSBL S-S WX    SPD DR
================================================================================

 1  47  36  42  -3  23   0 0.21    M    0  6.9 18  80   M    M  10 128    23 100
 2  48  35  42  -3  23   0 0.06    M    0 10.4 20 180   M    M   9 128    26 180
 3  48  34  41  -4  24   0 0.00  0.0    0 13.9 25 350   M    M   5 128    31 350
 4  54  37  46   0  19   0 0.00  0.0    0  9.0 18  80   M    M   0        26  80
 5  59  40  50   4  15   0 0.00  0.0    0 16.7 29  80   M    M   0        34  80
 6  65  44  55   9  10   0 0.00  0.0    0 15.8 30  80   M    M   0        39  80
 7  71  50  61  15   4   0 0.00  0.0    0  9.4 20 350   M    M   0        29 350
 8  74  51  63  17   2   0 0.00  0.0    0 10.0 22 330   M    M   0        27 330
 9  71  50  61  15   4   0 0.00  0.0    0 12.0 26  80   M    M   0        34  90
10  73  58  66  20   0   1 0.00  0.0    0  8.3 16 100   M    M   0        25 110
11  63  48  56  10   9   0    T    M    0  7.9 23 350   M    M   6        30 350
12  64  46  55   9  10   0 0.00  0.0    0 15.8 33 350   M    M   0 128    40 350
13  73  53  63  17   2   0 0.00  0.0    0 12.0 29  80   M    M   0        37  80
14  78  57  68  21   0   3 0.00  0.0    0  8.3 22  80   M    M   0        26  80
15  77  61  69  22   0   4 0.00  0.0    0  8.1 20 340   M    M   0        28 340
16  77  54  66  19   0   1 0.00  0.0    0  9.2 23 340   M    M   0        29 340
17  63  51  57  10   8   0 0.00  0.0    0 14.3 26 350   M    M   0        33 350
18  64  48  56   9   9   0 0.00  0.0    0 16.4 32 340   M    M   3        38 340
19  74  50  62  15   3   0 0.00  0.0    0 12.8 25 340   M    M   0        32 340
20  80  54  67  20   0   2 0.00  0.0    0 10.4 25 340   M    M   0        32 340
21  71  52  62  15   3   0 0.00  0.0    0 11.0 23 330   M    M   0        28 340
22  68  45  57  10   8   0 0.00  0.0    0  9.9 20 330   M    M   2 128    24 320
23  55  43  49   2  16   0 0.00  0.0    0 28.8 51 320   M    M   4 128    62 330
24  58  39  49   2  16   0 0.00  0.0    0 25.2 53 330   M    M   1        72 340
25  72  45  59  12   6   0 0.00  0.0    0 13.5 43 340   M    M   1 18     53 350
26  77  57  67  19   0   2 0.00  0.0    0  8.4 26  80   M    M   0        33  80
================================================================================
SM 1724 1238       214  13  0.27     0.0 324.3          M       41
================================================================================
AV 66.3 47.6                              12.5 FASTST   M    M   2    MAX(MPH)
                                 MISC ---->  # 53 330               # 72  340
================================================================================
NOTES:
# LAST OF SEVERAL OCCURRENCES

COLUMN 17 PEAK WIND IN M.P.H.

PRELIMINARY LOCAL CLIMATOLOGICAL DATA (WS FORM: F-6) , PAGE 2

                                          STATION:  SANDBERG CA
                                          MONTH:    MARCH
                                          YEAR:     2015
                                          LATITUDE:   34 45 N
                                          LONGITUDE: 118 44 W

[TEMPERATURE DATA]      [PRECIPITATION DATA]       SYMBOLS USED IN COLUMN 16

AVERAGE MONTHLY: 57.0   TOTAL FOR MONTH:   0.27    1 = FOG OR MIST
DPTR FM NORMAL:  10.5   DPTR FM NORMAL:   -1.25    2 = FOG REDUCING VISIBILITY
HIGHEST:    80 ON 20    GRTST 24HR  0.21 ON  1- 1      TO 1/4 MILE OR LESS
LOWEST:     34 ON  3                               3 = THUNDER
                        SNOW, ICE PELLETS, HAIL    4 = ICE PELLETS
                        TOTAL MONTH:   0.0 INCH    5 = HAIL
                        GRTST 24HR     0.0         6 = FREEZING RAIN OR DRIZZLE
                        GRTST DEPTH:   0           7 = DUSTSTORM OR SANDSTORM:
                                                       VSBY 1/2 MILE OR LESS
                                                   8 = SMOKE OR HAZE
[NO. OF DAYS WITH]      [WEATHER - DAYS WITH]      9 = BLOWING SNOW
                                                   X = TORNADO
MAX 32 OR BELOW:   0    0.01 INCH OR MORE:   2
MAX 90 OR ABOVE:   0    0.10 INCH OR MORE:   1
MIN 32 OR BELOW:   0    0.50 INCH OR MORE:   0
MIN  0 OR BELOW:   0    1.00 INCH OR MORE:   0

[HDD (BASE 65) ]
TOTAL THIS MO.   214    CLEAR  (SCALE 0-3)  20
DPTR FM NORMAL  -271    PTCLDY (SCALE 4-7)   4
TOTAL FM JUL 1  1845    CLOUDY (SCALE 8-10)  2
DPTR FM NORMAL -1399

[CDD (BASE 65) ]
TOTAL THIS MO.    13
DPTR FM NORMAL    13    [PRESSURE DATA]
TOTAL FM JAN 1    16    HIGHEST SLP M ON M
DPTR FM NORMAL    16    LOWEST  SLP 29.82 ON  9

[REMARKS]
