000
CXUS55 KPSR 211005
CF6SDL
PRELIMINARY LOCAL CLIMATOLOGICAL DATA (WS FORM: F-6)

                                          STATION:   SCOTTSDALE AZ
                                          MONTH:     APRIL
                                          YEAR:      2014
                                          LATITUDE:   33 37 N
                                          LONGITUDE: 111 55 W

  TEMPERATURE IN F:       :PCPN:    SNOW:  WIND      :SUNSHINE: SKY     :PK WND
================================================================================
1   2   3   4   5  6A  6B    7    8   9   10  11  12  13   14  15   16   17  18
                                     12Z  AVG MX 2MIN
DY MAX MIN AVG DEP HDD CDD  WTR  SNW DPTH SPD SPD DIR MIN PSBL S-S WX    SPD DR
================================================================================

 1  76  56  66   0   0   1 0.00  0.0    0  6.6 21 250   M    M   0        29 260
 2  67  53  60  -6   5   0 0.01  0.0    0  5.8 22 230   M    M   3        31 230
 3  70  46  58  -8   7   0 0.00  0.0    0  1.5  9 260   M    M   0        14 270
 4  77  49  63  -4   2   0 0.00  0.0    0  2.0 12 230   M    M   0        14 300
 5  75  55  65  -2   0   0 0.00  0.0    0  2.7 15 250   M    M   0        18 260
 6  81  51  66  -1   0   1 0.00  0.0    0  4.3 15 260   M    M   0        21 270
 7  86  57  72   5   0   7 0.00  0.0    0  4.0 12 250   M    M   0        17 230
 8  93  56  75   7   0  10 0.00  0.0    0  2.3  9 260   M    M   0        20 250
 9  93  58  76   8   0  11 0.00  0.0    0  2.5  9 250   M    M   0 8      14 290
10  95  62  79  11   0  14 0.00  0.0    0  2.7 13 210   M    M   0        17 260
11  93  67  80  12   0  15 0.00  0.0    0  2.7 10 160   M    M   0        15 190
12  86  65  76   7   0  11 0.00  0.0    0  4.8 17 240   M    M   0        24 200
13  85  61  73   4   0   8 0.00  0.0    0  6.3 20 230   M    M   0        28 250
14  85  63  74   5   0   9 0.00  0.0    0  7.3 24  50   M    M   0 8      30  40
15  86  58  72   2   0   7 0.00  0.0    0  2.9  8 160   M    M   0 8      12 240
16  89  57  73   3   0   8 0.00  0.0    0  3.8 14 250   M    M   0        21 230
17  90  62  76   6   0  11 0.00  0.0    0  2.3  9 210   M    M   0        14 170
18  79  66  73   3   0   8    T  0.0    0  3.8 20 180   M    M   3        30 190
19  84  61  73   2   0   8 0.00  0.0    0  3.6 14 170   M    M   1        20 170
20  89  64  77   6   0  12 0.00  0.0    0  3.4 12 230   M    M   0        16 250
================================================================================
SM 1679 1167        14 141  0.01     0.0  75.3          M        7
================================================================================
AV 83.9 58.3                               3.8 FASTST   M    M   0    MAX(MPH)
                                 MISC ---->  # 24  50               # 31  230
================================================================================
NOTES:
# LAST OF SEVERAL OCCURRENCES

COLUMN 17 PEAK WIND IN M.P.H.

PRELIMINARY LOCAL CLIMATOLOGICAL DATA (WS FORM: F-6) , PAGE 2

                                          STATION:  SCOTTSDALE AZ
                                          MONTH:    APRIL
                                          YEAR:     2014
                                          LATITUDE:   33 37 N
                                          LONGITUDE: 111 55 W

[TEMPERATURE DATA]      [PRECIPITATION DATA]       SYMBOLS USED IN COLUMN 16

AVERAGE MONTHLY: 71.1   TOTAL FOR MONTH:   0.01    1 = FOG OR MIST
DPTR FM NORMAL:   2.8   DPTR FM NORMAL:   -0.37    2 = FOG REDUCING VISIBILITY
HIGHEST:    95 ON 10    GRTST 24HR  0.01 ON  2- 2      TO 1/4 MILE OR LESS
LOWEST:     46 ON  3                               3 = THUNDER
                        SNOW, ICE PELLETS, HAIL    4 = ICE PELLETS
                        TOTAL MONTH:   0.0 INCH    5 = HAIL
                        GRTST 24HR     0.0         6 = FREEZING RAIN OR DRIZZLE
                        GRTST DEPTH:   0           7 = DUSTSTORM OR SANDSTORM:
                                                       VSBY 1/2 MILE OR LESS
                                                   8 = SMOKE OR HAZE
[NO. OF DAYS WITH]      [WEATHER - DAYS WITH]      9 = BLOWING SNOW
                                                   X = TORNADO
MAX 32 OR BELOW:   0    0.01 INCH OR MORE:   1
MAX 90 OR ABOVE:   5    0.10 INCH OR MORE:   0
MIN 32 OR BELOW:   0    0.50 INCH OR MORE:   0
MIN  0 OR BELOW:   0    1.00 INCH OR MORE:   0

[HDD (BASE 65) ]
TOTAL THIS MO.    14    CLEAR  (SCALE 0-3)  19
DPTR FM NORMAL    -9    PTCLDY (SCALE 4-7)   1
TOTAL FM JUL 1   821    CLOUDY (SCALE 8-10)  0
DPTR FM NORMAL  -374

[CDD (BASE 65) ]
TOTAL THIS MO.   141
DPTR FM NORMAL    54    [PRESSURE DATA]
TOTAL FM JAN 1   214    HIGHEST SLP M ON M
DPTR FM NORMAL    69    LOWEST  SLP 29.61 ON M

[REMARKS]
