000
CXUS56 KOTX 240900
CF6SFF
PRELIMINARY LOCAL CLIMATOLOGICAL DATA (WS FORM: F-6)

                                          STATION:   SPOKANE WA FELTS AIRPORT
                                          MONTH:     JANUARY
                                          YEAR:      2017
                                          LATITUDE:   47 40 N
                                          LONGITUDE: 117 20 W

  TEMPERATURE IN F:       :PCPN:    SNOW:  WIND      :SUNSHINE: SKY     :PK WND
================================================================================
1   2   3   4   5  6A  6B    7    8   9   10  11  12  13   14  15   16   17  18
                                     12Z  AVG MX 2MIN
DY MAX MIN AVG DEP HDD CDD  WTR  SNW DPTH SPD SPD DIR MIN PSBL S-S WX    SPD DR
================================================================================

 1  30  22  26  -3  39   0 0.11    M    M  8.6 23  60   M    M  10 128    31  60
 2  23  15  19 -11  46   0 0.00    M    M 10.0 24  60   M    M   7        30  50
 3  20   6  13 -17  52   0 0.00    M    M  1.3  7 350   M    M   8        11 350
 4  22   1  12 -18  53   0 0.00    M    M  2.5  9 110   M    M   0        12 120
 5  16   2   9 -21  56   0 0.00    M    M  0.9  6  90   M    M   3         7  90
 6  20   5  13 -17  52   0 0.00    M    M  1.0  7  70   M    M   1 1       7  70
 7  21   1  11 -19  54   0 0.12    M    M  1.0 15  80   M    M   5 18     18  90
 8  29  17  23  -7  42   0 0.35    M    M  1.9 15 200   M    M   9 16     18 200
 9  31  25  28  -2  37   0 0.12    M    M  3.0 14 260   M    M  10 1      19 260
10  31  16  24  -7  41   0 0.03    M    M  5.7 22 340   M    M   8 18     27 340
11  21   8  15 -16  50   0    T    M    M  2.5 13 220   M    M   5 1      15 220
12  20   6  13 -18  52   0 0.00  0.0    0  1.9  7 210   M    M   6 128     8 210
13  20   8  14 -17  51   0 0.00    M    M  3.7  9 240   M    M  10 1      11 230
14  22   1  12 -19  53   0 0.00    M    M  2.3  7 240   M    M   1 1       9 240
15  15   2   9 -22  56   0    T    M    M  2.8  9 260   M    M   5 18     11 250
16  19   3  11 -21  54   0    T    M    M  1.3  7 240   M    M   7 128     8 220
17  32  12  22 -10  43   0 0.15    M    M  1.6  9  60   M    M   9 168    11  60
18  44  30  37   5  28   0 0.33    M    M  1.9 10 100   M    M   9 1      18  60
19  43  30  37   5  28   0 0.02    M    0  4.6 12 200   M    M   5 1      14 180
20  47  26  37   5  28   0 0.00    M    M  2.8 12  90   M    M   5 1      15  80
21  40  35  38   6  27   0 0.01    M    M  2.9  9  90   M    M  10        12 100
22  42  32  37   5  28   0 0.22    M    M  4.0 13  90   M    M   7 1      17 100
23  36  30  33   1  32   0 0.00    M    M  1.7  9  70   M    M   9 1      11  60
================================================================================
SM  644  333      1002   0  1.46     0.0  69.9          M      149
================================================================================
AV 28.0 14.5                               3.0 FASTST   M    M   6    MAX(MPH)
                                 MISC ---->  # 24  60               # 31   60
================================================================================
NOTES:
# LAST OF SEVERAL OCCURRENCES

COLUMN 17 PEAK WIND IN M.P.H.

PRELIMINARY LOCAL CLIMATOLOGICAL DATA (WS FORM: F-6) , PAGE 2

                                          STATION:  SPOKANE WA FELTS AIRPORT
                                          MONTH:    JANUARY
                                          YEAR:     2017
                                          LATITUDE:   47 40 N
                                          LONGITUDE: 117 20 W

[TEMPERATURE DATA]      [PRECIPITATION DATA]       SYMBOLS USED IN COLUMN 16

AVERAGE MONTHLY: 21.2   TOTAL FOR MONTH:   1.46    1 = FOG OR MIST
DPTR FM NORMAL:  -9.7   DPTR FM NORMAL:   -0.04    2 = FOG REDUCING VISIBILITY
HIGHEST:    47 ON 20    GRTST 24HR  0.48 ON 17-18      TO 1/4 MILE OR LESS
LOWEST:      1 ON 14, 7                            3 = THUNDER
                        SNOW, ICE PELLETS, HAIL    4 = ICE PELLETS
                        TOTAL MONTH:   0.0 INCH    5 = HAIL
                        GRTST 24HR     0.0         6 = FREEZING RAIN OR DRIZZLE
                        GRTST DEPTH:   0           7 = DUSTSTORM OR SANDSTORM:
                                                       VSBY 1/2 MILE OR LESS
                                                   8 = SMOKE OR HAZE
[NO. OF DAYS WITH]      [WEATHER - DAYS WITH]      9 = BLOWING SNOW
                                                   X = TORNADO
MAX 32 OR BELOW:  17    0.01 INCH OR MORE:  10
MAX 90 OR ABOVE:   0    0.10 INCH OR MORE:   7
MIN 32 OR BELOW:  22    0.50 INCH OR MORE:   0
MIN  0 OR BELOW:   0    1.00 INCH OR MORE:   0

[HDD (BASE 65) ]
TOTAL THIS MO.  1002    CLEAR  (SCALE 0-3)   4
DPTR FM NORMAL   218    PTCLDY (SCALE 4-7)  10
TOTAL FM JUL 1  3395    CLOUDY (SCALE 8-10)  9
DPTR FM NORMAL   -58

[CDD (BASE 65) ]
TOTAL THIS MO.     0
DPTR FM NORMAL     0    [PRESSURE DATA]
TOTAL FM JAN 1     0    HIGHEST SLP M ON M
DPTR FM NORMAL     0    LOWEST  SLP 29.24 ON 20

[REMARKS]
