000
CXUS54 KLZK 251330
CF6SGT
PRELIMINARY LOCAL CLIMATOLOGICAL DATA (WS FORM: F-6)

                                          STATION:   Stuttgart Airport
                                          MONTH:     OCTOBER
                                          YEAR:      2014
                                          LATITUDE:   34 35 N
                                          LONGITUDE:  91 34 W

  TEMPERATURE IN F:       :PCPN:    SNOW:  WIND      :SUNSHINE: SKY     :PK WND
================================================================================
1   2   3   4   5  6A  6B    7    8   9   10  11  12  13   14  15   16   17  18
                                     12Z  AVG MX 2MIN
DY MAX MIN AVG DEP HDD CDD  WTR  SNW DPTH SPD SPD DIR MIN PSBL S-S WX    SPD DR
================================================================================

 1  79  68  74   6   0   9 0.31  0.0    0  7.1 10 160   M    M   4 3       M  M
 2  66  66  66  -1   0   1 0.60  0.0    0 10.5 16 160   M    M   5 3      21 200
 3  77  64  71   4   0   6 0.00  0.0    0 10.9 18 290   M    M   1        23 320
 4  63  46  55 -12  10   0 0.00  0.0    0  9.7 17 280   M    M   0        23 290
 5  70  68  69   3   0   4 0.00  0.0    0 12.5 27 230   M    M   0        33 230
 6  72  59  66   0   0   1 0.17  0.0    0  7.5 12 200   M    M   2 3       M  M
 7  72  64  68   2   0   3 0.00  0.0    0   M   M   M   M    M   2         M  M
 8  75  75  75  10   0  10 0.04  0.0    0   M   M   M   M    M   4 3       M  M
 9  88  68  78  13   0  13 0.02  0.0    0  6.9 12 240   M    M   2        20 190
10  88  66  77  12   0  12 0.47  0.0    0  9.3 20 240   M    M   5 3      29 240
11  66  57  62  -2   3   0 0.67  0.0    0 10.1 17 350   M    M  10        17  30
12  75  59  67   3   0   2 0.02  0.0    0  7.7 14 140   M    M   9        17 140
13  75  59  67   3   0   2 0.75  0.0    0 14.7 18 170   M    M   9 3      31 170
14  70  55  63   0   2   0 0.00  0.0    0 14.1 21 280   M    M   7        27 280
15  73  50  62  -1   3   0 0.00  0.0    0 11.3 20 280   M    M   0        25 280
16  77  45  61  -2   4   0 0.00  0.0    0  6.7 10 170   M    M   0         M  M
17  82  55  69   7   0   4 0.00  0.0    0  6.8 10 250   M    M   0         M  M
18  72  52  62   0   3   0 0.00  0.0    0  8.0 13  10   M    M   0         M  M
19  68  46  57  -5   8   0 0.00  0.0    0  4.2  9 100   M    M   0         M  M
20  73  46  60  -1   5   0 0.00  0.0    0  3.8  9 270   M    M   2         M  M
21  79  52  66   5   0   1 0.00  0.0    0  4.1  8  60   M    M   1         M  M
22  70  46  58  -3   7   0 0.00  0.0    0  8.2 13  10   M    M   0         M  M
23  63  45  54  -7  11   0 0.00  0.0    0  4.4  9  70   M    M   1         M  M
24  77  46  62   2   3   0 0.00  0.0    0  3.7  7 210   M    M   0         M  M
================================================================================
SM 1770 1357        59  68  3.05     0.0 182.2          M       64
================================================================================
AV 73.8 56.5                               8.3 FASTST   M    M   3    MAX(MPH)
                                 MISC ---->  # 27 230                 33    M
================================================================================
NOTES:
# LAST OF SEVERAL OCCURRENCES

COLUMN 17 PEAK WIND IN M.P.H.

PRELIMINARY LOCAL CLIMATOLOGICAL DATA (WS FORM: F-6) , PAGE 2

                                          STATION:  Stuttgart Airport
                                          MONTH:    OCTOBER
                                          YEAR:     2014
                                          LATITUDE:   34 35 N
                                          LONGITUDE:  91 34 W

[TEMPERATURE DATA]      [PRECIPITATION DATA]       SYMBOLS USED IN COLUMN 16

AVERAGE MONTHLY: 65.1   TOTAL FOR MONTH:   3.05    1 = FOG OR MIST
DPTR FM NORMAL:   1.3   DPTR FM NORMAL:   -0.58    2 = FOG REDUCING VISIBILITY
HIGHEST:    88 ON 10, 9 GRTST 24HR  0.75 ON 13-13      TO 1/4 MILE OR LESS
LOWEST:     45 ON 23,16                            3 = THUNDER
                        SNOW, ICE PELLETS, HAIL    4 = ICE PELLETS
                        TOTAL MONTH:   0.0 INCH    5 = HAIL
                        GRTST 24HR     0.0         6 = FREEZING RAIN OR DRIZZLE
                        GRTST DEPTH:   0           7 = DUSTSTORM OR SANDSTORM:
                                                       VSBY 1/2 MILE OR LESS
                                                   8 = SMOKE OR HAZE
[NO. OF DAYS WITH]      [WEATHER - DAYS WITH]      9 = BLOWING SNOW
                                                   X = TORNADO
MAX 32 OR BELOW:   0    0.01 INCH OR MORE:   9
MAX 90 OR ABOVE:   0    0.10 INCH OR MORE:   6
MIN 32 OR BELOW:   0    0.50 INCH OR MORE:   3
MIN  0 OR BELOW:   0    1.00 INCH OR MORE:   0

[HDD (BASE 65) ]
TOTAL THIS MO.    59    CLEAR  (SCALE 0-3)  16
DPTR FM NORMAL   -34    PTCLDY (SCALE 4-7)   5
TOTAL FM JUL 1    62    CLOUDY (SCALE 8-10)  3
DPTR FM NORMAL   -47

[CDD (BASE 65) ]
TOTAL THIS MO.    68
DPTR FM NORMAL     1    [PRESSURE DATA]
TOTAL FM JAN 1  1791    HIGHEST SLP M ON M
DPTR FM NORMAL  -233    LOWEST  SLP M ON M

[REMARKS]
