000
CXUS55 KBYZ 261055
CF6SHR
PRELIMINARY LOCAL CLIMATOLOGICAL DATA (WS FORM: F-6)

                                          STATION:   SHERIDAN WY
                                          MONTH:     MARCH
                                          YEAR:      2015
                                          LATITUDE:   44 46 N
                                          LONGITUDE: 106 58 W

  TEMPERATURE IN F:       :PCPN:    SNOW:  WIND      :SUNSHINE: SKY     :PK WND
================================================================================
1   2   3   4   5  6A  6B    7    8   9   10  11  12  13   14  15   16   17  18
                                     12Z  AVG MX 2MIN
DY MAX MIN AVG DEP HDD CDD  WTR  SNW DPTH SPD SPD DIR MIN PSBL S-S WX    SPD DR
================================================================================

 1  26   2  14 -16  51   0 0.00    M    M  5.0 29 330   M    M   0        35 330
 2  43   3  23  -8  42   0 0.10    M    M  8.6 35 310   M    M   2 1      41 310
 3  17  -7   5 -26  60   0 0.06    M    M 12.6 29 310   M    M   6 18     34 310
 4  16  -2   7 -24  58   0 0.01    M    M  5.3 18 340   M    M   4 18     22 340
 5  43  -1  21 -11  44   0 0.00    M    M  3.0 10 320   M    M   1        12 300
 6  53  23  38   6  27   0 0.00    M    M  6.8 22 320   M    M   1        29 320
 7  58  25  42  10  23   0 0.00    M    M  7.2 23 320   M    M   3        27 320
 8  56  23  40   7  25   0 0.00    M    M  2.9 12 190   M    M   2        14 160
 9  58  25  42   9  23   0 0.00    M    M  4.1 12 300   M    M   0        15 340
10  62  29  46  13  19   0 0.00    M    M  4.8 17 150   M    M   0        22 150
11  66  31  49  15  16   0 0.00    M    M  3.3 14 210   M    M   0        16 210
12  64  44  54  20  11   0 0.00    M    M 13.5 31 330   M    M   3        35 340
13  62  29  46  12  19   0 0.00    M    M  4.8 16 310   M    M   0        19 310
14  77  25  51  16  14   0 0.00    M    M  7.2 25 240   M    M   1        38 270
15  76  47  62  27   3   0 0.00    M    M  6.4 21 250   M    M   2        30 270
16  53  33  43   8  22   0 0.07    M    M 10.4 33 310   M    M   6 1      40 300
17  46  32  39   3  26   0 0.01    M    M  6.1 13 100   M    M   9 1      18 110
18  57  33  45   9  20   0 0.00    M    M 12.2 28 320   M    M   7        35 330
19  59  31  45   9  20   0 0.00    M    M  8.8 24 340   M    M   1        28 340
20  67  32  50  13  15   0 0.00    M    M  5.0 20 330   M    M   0        22 350
21  71  30  51  14  14   0 0.00    M    M  5.2 23 350   M    M   2        32 350
22  63  30  47  10  18   0 0.03    M    M  7.4 24 300   M    M   3        31 300
23  66  27  47   9  18   0 0.06    M    M  9.0 43 320   M    M   4 1      49 320
24  54  33  44   6  21   0 0.05    M    M 14.7 32 310   M    M   5 1      43 290
25  52  32  42   4  23   0 0.01    M    M  7.8 24 330   M    M   7 1      29 330
================================================================================
SM 1365  609       632   0  0.40    M    182.1          M       69
================================================================================
AV 54.6 24.4                               7.3 FASTST   M    M   3    MAX(MPH)
                                 MISC ---->  # 43 320               # 49  320
================================================================================
NOTES:
# LAST OF SEVERAL OCCURRENCES

COLUMN 17 PEAK WIND IN M.P.H.

PRELIMINARY LOCAL CLIMATOLOGICAL DATA (WS FORM: F-6) , PAGE 2

                                          STATION:  SHERIDAN WY
                                          MONTH:    MARCH
                                          YEAR:     2015
                                          LATITUDE:   44 46 N
                                          LONGITUDE: 106 58 W

[TEMPERATURE DATA]      [PRECIPITATION DATA]       SYMBOLS USED IN COLUMN 16

AVERAGE MONTHLY: 39.5   TOTAL FOR MONTH:   0.40    1 = FOG OR MIST
DPTR FM NORMAL:   5.2   DPTR FM NORMAL:   -0.34    2 = FOG REDUCING VISIBILITY
HIGHEST:    77 ON 14    GRTST 24HR  0.10 ON  2- 2      TO 1/4 MILE OR LESS
LOWEST:     -7 ON  3                               3 = THUNDER
                        SNOW, ICE PELLETS, HAIL    4 = ICE PELLETS
                        TOTAL MONTH:    M          5 = HAIL
                        GRTST 24HR    M  ON   M    6 = FREEZING RAIN OR DRIZZLE
                        GRTST DEPTH:  M  ON   M    7 = DUSTSTORM OR SANDSTORM:
                                                       VSBY 1/2 MILE OR LESS
                                                   8 = SMOKE OR HAZE
[NO. OF DAYS WITH]      [WEATHER - DAYS WITH]      9 = BLOWING SNOW
                                                   X = TORNADO
MAX 32 OR BELOW:   3    0.01 INCH OR MORE:   9
MAX 90 OR ABOVE:   0    0.10 INCH OR MORE:   1
MIN 32 OR BELOW:  20    0.50 INCH OR MORE:   0
MIN  0 OR BELOW:   3    1.00 INCH OR MORE:   0

[HDD (BASE 65) ]
TOTAL THIS MO.   632    CLEAR  (SCALE 0-3)  15
DPTR FM NORMAL  -136    PTCLDY (SCALE 4-7)   9
TOTAL FM JUL 1  5862    CLOUDY (SCALE 8-10)  1
DPTR FM NORMAL  -441

[CDD (BASE 65) ]
TOTAL THIS MO.     0
DPTR FM NORMAL     0    [PRESSURE DATA]
TOTAL FM JAN 1     0    HIGHEST SLP M ON M
DPTR FM NORMAL     0    LOWEST  SLP 29.63 ON 23

[REMARKS]
