000
CXUS56 KMFR 291000
CF6SIY
PRELIMINARY LOCAL CLIMATOLOGICAL DATA (WS FORM: F-6)

                                          STATION:   MONTAGUE CA
                                          MONTH:     JANUARY
                                          YEAR:      2015
                                          LATITUDE:   41 46 N
                                          LONGITUDE: 122 28 W

  TEMPERATURE IN F:       :PCPN:    SNOW:  WIND      :SUNSHINE: SKY     :PK WND
================================================================================
1   2   3   4   5  6A  6B    7    8   9   10  11  12  13   14  15   16   17  18
                                     12Z  AVG MX 2MIN
DY MAX MIN AVG DEP HDD CDD  WTR  SNW DPTH SPD SPD DIR MIN PSBL S-S WX    SPD DR
================================================================================

 1  41  15  28  -7  37   0 0.00    M    M  1.6  7 360   M    M   0         9 200
 2  44  17  31  -4  34   0 0.00    M    M  1.5  7 210   M    M   0         8 210
 3  46  20  33  -2  32   0 0.00    M    M  2.1  7  40   M    M   0         9 230
 4  49  28  39   4  26   0 0.00    M    M  2.6  9  40   M    M   5        12 350
 5  52  27  40   5  25   0 0.00    M    M  2.2  7 120   M    M   3 1       9 120
 6  54  25  40   5  25   0 0.00    M    M  0.9  7 220   M    M   1 12      9 190
 7  55  23  39   4  26   0 0.00    M    M  1.7  7  90   M    M   2 12     27  90
 8  52  24  38   3  27   0 0.00    M    M  0.7  6 120   M    M   4 128     7 360
 9  50  26  38   3  27   0 0.00    M    M  1.9  9 260   M    M   4 12     10 260
10  50  30  40   5  25   0 0.00    M    M  1.3  6 110   M    M   6 12      7  40
11  40  26  33  -2  32   0 0.10    M    M  1.7  7  30   M    M  10 12      9 210
12  45  37  41   6  24   0 0.03    M    M  1.0  6 120   M    M  10 1       9 210
13  48  27  38   3  27   0 0.00    M    M  3.6 13  30   M    M   5 12     14  20
14  44  22  33  -2  32   0 0.00    M    M  1.9  8  90   M    M   4 12      8 100
15  50  29  40   5  25   0 0.01    M    M  7.7 26 180   M    M   4        35 160
16  51  37  44   9  21   0 0.24    M    M  5.1 21 160   M    M   6        24 160
17  56  40  48  13  17   0 0.02    M    M  7.0 20 180   M    M   9        24 170
18  58  37  48  13  17   0 0.31    M    M  8.0 15 360   M    M   3 1      20 190
19  50  27  39   4  26   0 0.00    M    M  2.4  8  40   M    M   0         9  40
20  49  22  36   1  29   0 0.00    M    M  1.5  7 360   M    M   0 1       M  M
21  48  19  34  -1  31   0 0.00    M    M  2.5  8 220   M    M   0         8  50
22  50  26  38   3  27   0 0.00    M    M  3.1 10 250   M    M   3        17 360
23  54  24  39   4  26   0 0.00    M    M  1.2  7 110   M    M   1         8 280
24  56  25  41   5  24   0 0.00    M    M  1.1  7 120   M    M   0 12      9 210
25  57  25  41   5  24   0 0.00    M    M  1.2  7 190   M    M   3 12      9 210
26  54  26  40   4  25   0 0.00    M    M  1.4  7  30   M    M   3 12      7 270
27  56  31  44   8  21   0 0.00    M    M  2.6  9 170   M    M   4 1      11 180
28  56  27  42   6  23   0 0.00    M    M  2.6  9  30   M    M   0        10  30
================================================================================
SM 1415  742       735   0  0.71    M     72.1          M       90
================================================================================
AV 50.5 26.5                               2.6 FASTST   M    M   3    MAX(MPH)
                                 MISC ---->  # 26 180               # 35  160
================================================================================
NOTES:
# LAST OF SEVERAL OCCURRENCES

COLUMN 17 PEAK WIND IN M.P.H.

PRELIMINARY LOCAL CLIMATOLOGICAL DATA (WS FORM: F-6) , PAGE 2

                                          STATION:  MONTAGUE CA
                                          MONTH:    JANUARY
                                          YEAR:     2015
                                          LATITUDE:   41 46 N
                                          LONGITUDE: 122 28 W

[TEMPERATURE DATA]      [PRECIPITATION DATA]       SYMBOLS USED IN COLUMN 16

AVERAGE MONTHLY: 38.5   TOTAL FOR MONTH:   0.71    1 = FOG OR MIST
DPTR FM NORMAL:   3.3   DPTR FM NORMAL:   -1.37    2 = FOG REDUCING VISIBILITY
HIGHEST:    58 ON 18    GRTST 24HR  0.32 ON 17-18      TO 1/4 MILE OR LESS
LOWEST:     15 ON  1                               3 = THUNDER
                        SNOW, ICE PELLETS, HAIL    4 = ICE PELLETS
                        TOTAL MONTH:    M          5 = HAIL
                        GRTST 24HR    M  ON   M    6 = FREEZING RAIN OR DRIZZLE
                        GRTST DEPTH:  M  ON   M    7 = DUSTSTORM OR SANDSTORM:
                                                       VSBY 1/2 MILE OR LESS
                                                   8 = SMOKE OR HAZE
[NO. OF DAYS WITH]      [WEATHER - DAYS WITH]      9 = BLOWING SNOW
                                                   X = TORNADO
MAX 32 OR BELOW:   0    0.01 INCH OR MORE:   6
MAX 90 OR ABOVE:   0    0.10 INCH OR MORE:   3
MIN 32 OR BELOW:  24    0.50 INCH OR MORE:   0
MIN  0 OR BELOW:   0    1.00 INCH OR MORE:   0

[HDD (BASE 65) ]
TOTAL THIS MO.   735    CLEAR  (SCALE 0-3)  14
DPTR FM NORMAL  -101    PTCLDY (SCALE 4-7)  11
TOTAL FM JUL 1  2473    CLOUDY (SCALE 8-10)  3
DPTR FM NORMAL  -596

[CDD (BASE 65) ]
TOTAL THIS MO.     0
DPTR FM NORMAL     0    [PRESSURE DATA]
TOTAL FM JAN 1     0    HIGHEST SLP M ON M
DPTR FM NORMAL     0    LOWEST  SLP 30.03 ON 10

[REMARKS]
