000
CXUS56 KSLC 251227
CF6SLC
PRELIMINARY LOCAL CLIMATOLOGICAL DATA (WS FORM: F-6)

                                          STATION:   SALT LAKE CITY UT
                                          MONTH:     SEPTEMBER
                                          YEAR:      2017
                                          LATITUDE:   40 46 N
                                          LONGITUDE: 111 58 W

  TEMPERATURE IN F:       :PCPN:    SNOW:  WIND      :SUNSHINE: SKY     :PK WND
================================================================================
1   2   3   4   5  6A  6B    7    8   9   10  11  12  13   14  15   16   17  18
                                     12Z  AVG MX 2MIN
DY MAX MIN AVG DEP HDD CDD  WTR  SNW DPTH SPD SPD DIR MIN PSBL S-S WX    SPD DR
================================================================================

 1  92  66  79   7   0  14 0.00  0.0    0  6.8 14 350   M    M   0        20 340
 2  94  64  79   7   0  14 0.00  0.0    0  5.8 14 320   M    M   1 8      16 330
 3  98  68  83  11   0  18 0.00  0.0    0  6.6 14 330   M    M   2        17 330
 4  98  67  83  12   0  18 0.00  0.0    0  6.9 16 340   M    M   2        20 350
 5  95  65  80   9   0  15 0.00  0.0    0  5.8 15 340   M    M   1 8      18 340
 6  94  66  80  10   0  15 0.00  0.0    0  5.6 14 360   M    M   0 8      17 350
 7  93  67  80  10   0  15 0.00  0.0    0  8.0 21 170   M    M   1 8      26 170
 8  91  70  81  11   0  16 0.00  0.0    0 10.9 25 160   M    M   2 3      32 170
 9  82  67  75   6   0  10 0.01  0.0    0  8.8 20 160   M    M   3        25 150
10  87  63  75   6   0  10 0.00  0.0    0  7.1 14 330   M    M   0        17 320
11  91  65  78  10   0  13 0.00  0.0    0  5.7 13 340   M    M   1 8      15 340
12  92  66  79  11   0  14 0.00  0.0    0  8.1 28 270   M    M   0        34 270
13  86  68  77  10   0  12 0.02  0.0    0  7.9 24 350   M    M   3 3      28 360
14  76  63  70   3   0   5 0.04  0.0    0 14.2 30 150   M    M   5 38     40 160
15  66  53  60  -6   5   0 0.43  0.0    0  9.7 22 320   M    M   6 13     27 100
16  67  48  58  -8   7   0 0.00  0.0    0  6.7 14 350   M    M   0        19 350
17  77  48  63  -3   2   0 0.00  0.0    0  5.8 15 330   M    M   1        19 330
18  85  59  72   7   0   7    T  0.0    0 15.0 31 170   M    M   3        39 150
19  64  49  57  -8   8   0 0.13  0.0    0  6.7 29 330   M    M   6 13     33 330
20  80  47  64   0   1   0 0.00  0.0    0 13.1 23 160   M    M   3        30 170
21  58  41  50 -14  15   0 0.51  0.0    0 12.1 22 330   M    M   9 1      26 330
22  53  41  47 -16  18   0 0.01  0.0    0  6.4 16 340   M    M   7        20 350
23  56  40  48 -15  17   0 0.40  0.0    0  6.8 15 320   M    M   8 1      19 340
24  48  43  46 -16  19   0 0.49  0.0    0  7.8 17 310   M    M  10 1      20 320
================================================================================
SM 1923 1394        92 196  2.04     0.0 198.3          M       74
================================================================================
AV 80.1 58.1                               8.3 FASTST   M    M   3    MAX(MPH)
                                 MISC ---->  # 31 170               # 40  160
================================================================================
NOTES:
# LAST OF SEVERAL OCCURRENCES

COLUMN 17 PEAK WIND IN M.P.H.

PRELIMINARY LOCAL CLIMATOLOGICAL DATA (WS FORM: F-6) , PAGE 2

                                          STATION:  SALT LAKE CITY UT
                                          MONTH:    SEPTEMBER
                                          YEAR:     2017
                                          LATITUDE:   40 46 N
                                          LONGITUDE: 111 58 W

[TEMPERATURE DATA]      [PRECIPITATION DATA]       SYMBOLS USED IN COLUMN 16

AVERAGE MONTHLY: 69.1   TOTAL FOR MONTH:   2.04    1 = FOG OR MIST
DPTR FM NORMAL:   1.6   DPTR FM NORMAL:    1.11    2 = FOG REDUCING VISIBILITY
HIGHEST:    98 ON  4, 3 GRTST 24HR  0.51 ON 21-21      TO 1/4 MILE OR LESS
LOWEST:     40 ON 23                               3 = THUNDER
                        SNOW, ICE PELLETS, HAIL    4 = ICE PELLETS
                        TOTAL MONTH:   0.0 INCH    5 = HAIL
                        GRTST 24HR     0.0         6 = FREEZING RAIN OR DRIZZLE
                        GRTST DEPTH:   0           7 = DUSTSTORM OR SANDSTORM:
                                                       VSBY 1/2 MILE OR LESS
                                                   8 = SMOKE OR HAZE
[NO. OF DAYS WITH]      [WEATHER - DAYS WITH]      9 = BLOWING SNOW
                                                   X = TORNADO
MAX 32 OR BELOW:   0    0.01 INCH OR MORE:   9
MAX 90 OR ABOVE:  10    0.10 INCH OR MORE:   5
MIN 32 OR BELOW:   0    0.50 INCH OR MORE:   1
MIN  0 OR BELOW:   0    1.00 INCH OR MORE:   0

[HDD (BASE 65) ]
TOTAL THIS MO.    92    CLEAR  (SCALE 0-3)  17
DPTR FM NORMAL    41    PTCLDY (SCALE 4-7)   5
TOTAL FM JUL 1    92    CLOUDY (SCALE 8-10)  2
DPTR FM NORMAL    36

[CDD (BASE 65) ]
TOTAL THIS MO.   196
DPTR FM NORMAL    87    [PRESSURE DATA]
TOTAL FM JAN 1  1758    HIGHEST SLP M ON M
DPTR FM NORMAL   613    LOWEST  SLP 29.46 ON 20

[REMARKS]
