000
CXUS56 KPQR 011200
CF6SLE
PRELIMINARY LOCAL CLIMATOLOGICAL DATA (WS FORM: F-6)

                                          STATION:   SALEM OR
                                          MONTH:     JUNE
                                          YEAR:      2015
                                          LATITUDE:   44 55 N
                                          LONGITUDE: 123  0 W

  TEMPERATURE IN F:       :PCPN:    SNOW:  WIND      :SUNSHINE: SKY     :PK WND
================================================================================
1   2   3   4   5  6A  6B    7    8   9   10  11  12  13   14  15   16   17  18
                                     12Z  AVG MX 2MIN
DY MAX MIN AVG DEP HDD CDD  WTR  SNW DPTH SPD SPD DIR MIN PSBL S-S WX    SPD DR
================================================================================

 1  64  54  59   0   6   0 0.64  0.0    0  6.9 13 200   M    M  10 13     16 160
 2  66  54  60   1   5   0 0.03  0.0    0  7.6 16 220   M    M  10 18     22 230
 3  67  52  60   1   5   0    T  0.0    0  5.2 15 320   M    M   9        18 310
 4  75  53  64   4   1   0 0.00  0.0    0  8.9 20 350   M    M   3        24  10
 5  88  52  70  10   0   5 0.00  0.0    0  9.4 18 360   M    M   0        23 360
 6  91  56  74  14   0   9 0.00  0.0    0  6.7 15 350   M    M   0        20  30
 7  93  55  74  14   0   9 0.00  0.0    0  5.2 15  30   M    M   0        20  30
 8  96  59  78  18   0  13 0.00  0.0    0  8.7 20 360   M    M   0        24  10
 9  92  57  75  15   0  10 0.00  0.0    0  6.6 16 290   M    M   0        20 290
10  82  47  65   5   0   0 0.00  0.0    0  5.4 14 270   M    M   0        16 280
11  82  48  65   4   0   0 0.00  0.0    0  6.9 15 310   M    M   0        21  10
12  77  50  64   3   1   0 0.00  0.0    0 10.9 20 350   M    M   0        24  10
13  79  46  63   2   2   0 0.00  0.0    0  6.5 16  10   M    M   0        24 330
14  88  47  68   7   0   3 0.00  0.0    0  8.1 17 350   M    M   0        23 320
15  84  51  68   7   0   3 0.00  0.0    0  5.6 17 260   M    M   0        22 260
16  79  47  63   1   2   0 0.00  0.0    0  5.0 12 340   M    M   1         M  M
17  83  50  67   5   0   2 0.00  0.0    0  6.3 12 330   M    M   0        16 360
18  83  58  71   9   0   6 0.00  0.0    0  6.0 18 290   M    M   1        23 290
19  79  54  67   5   0   2 0.00  0.0    0  5.8 15 300   M    M   5        19 300
20  84  52  68   6   0   3 0.00  0.0    0  8.8 15 330   M    M   0        22 320
21  83  56  70   8   0   5 0.00  0.0    0  6.4 16 280   M    M   0        22 290
22  81  49  65   2   0   0 0.00  0.0    0  4.0 14 280   M    M   2        17 290
23  85  52  69   6   0   4 0.00  0.0    0  4.3 14 310   M    M   0 8      17 310
24  87  57  72   9   0   7 0.00  0.0    0  5.1 15 300   M    M   0        18 300
25  93  57  75  12   0  10 0.00  0.0    0  7.4 17 360   M    M   0        23  20
26 100  65  83  19   0  18 0.00  0.0    0  9.9 20 350   M    M   0        23  10
27  95  71  83  19   0  18 0.00  0.0    0  4.9 18  10   M    M   0        22  10
28  85  65  75  11   0  10 0.00  0.0    0  5.0 16 180   M    M   1        18 180
29  91  60  76  12   0  11 0.00  0.0    0  6.1 15 270   M    M   1        19 290
30  95  59  77  12   0  12 0.00  0.0    0  8.0 20  20   M    M   0        25  20
================================================================================
SM 2527 1633        22 160  0.67     0.0 201.6          M       43
================================================================================
AV 84.2 54.4                               6.7 FASTST   M    M   1    MAX(MPH)
                                 MISC ---->  # 20 350               # 25   20
================================================================================
NOTES:
# LAST OF SEVERAL OCCURRENCES

COLUMN 17 PEAK WIND IN M.P.H.

PRELIMINARY LOCAL CLIMATOLOGICAL DATA (WS FORM: F-6) , PAGE 2

                                          STATION:  SALEM OR
                                          MONTH:    JUNE
                                          YEAR:     2015
                                          LATITUDE:   44 55 N
                                          LONGITUDE: 123  0 W

[TEMPERATURE DATA]      [PRECIPITATION DATA]       SYMBOLS USED IN COLUMN 16

AVERAGE MONTHLY: 69.3   TOTAL FOR MONTH:   0.67    1 = FOG OR MIST
DPTR FM NORMAL:   7.7   DPTR FM NORMAL:   -0.88    2 = FOG REDUCING VISIBILITY
HIGHEST:   100 ON 26    GRTST 24HR  0.64 ON  1- 1      TO 1/4 MILE OR LESS
LOWEST:     46 ON 13                               3 = THUNDER
                        SNOW, ICE PELLETS, HAIL    4 = ICE PELLETS
                        TOTAL MONTH:   0.0 INCH    5 = HAIL
                        GRTST 24HR     0.0         6 = FREEZING RAIN OR DRIZZLE
                        GRTST DEPTH:   0           7 = DUSTSTORM OR SANDSTORM:
                                                       VSBY 1/2 MILE OR LESS
                                                   8 = SMOKE OR HAZE
[NO. OF DAYS WITH]      [WEATHER - DAYS WITH]      9 = BLOWING SNOW
                                                   X = TORNADO
MAX 32 OR BELOW:   0    0.01 INCH OR MORE:   2
MAX 90 OR ABOVE:   9    0.10 INCH OR MORE:   1
MIN 32 OR BELOW:   0    0.50 INCH OR MORE:   1
MIN  0 OR BELOW:   0    1.00 INCH OR MORE:   0

[HDD (BASE 65) ]
TOTAL THIS MO.    22    CLEAR  (SCALE 0-3)  26
DPTR FM NORMAL  -108    PTCLDY (SCALE 4-7)   1
TOTAL FM JUL 1  3478    CLOUDY (SCALE 8-10)  3
DPTR FM NORMAL -1175

[CDD (BASE 65) ]
TOTAL THIS MO.   160
DPTR FM NORMAL   132    [PRESSURE DATA]
TOTAL FM JAN 1   173    HIGHEST SLP 30.22 ON 12
DPTR FM NORMAL   136    LOWEST  SLP 29.79 ON 14

[REMARKS]
#FINAL-06-15#
