410
CXUS56 KSGX 241445
CF6SNA
PRELIMINARY LOCAL CLIMATOLOGICAL DATA (WS FORM: F-6)

                                          STATION:   JOHN WAYNE AIRPORT CA
                                          MONTH:     JULY
                                          YEAR:      2017
                                          LATITUDE:   33 40 N
                                          LONGITUDE: 117 53 W

  TEMPERATURE IN F:       :PCPN:    SNOW:  WIND      :SUNSHINE: SKY     :PK WND
================================================================================
1   2   3   4   5  6A  6B    7    8   9   10  11  12  13   14  15   16   17  18
                                     12Z  AVG MX 2MIN
DY MAX MIN AVG DEP HDD CDD  WTR  SNW DPTH SPD SPD DIR MIN PSBL S-S WX    SPD DR
================================================================================

 1  72  63  68  -1   0   3 0.00  0.0    0  7.0 15 210   M    M   9        19 210
 2  75  62  69  -1   0   4 0.00  0.0    0  7.0 15 210   M    M   5        19 190
 3  79  63  71   1   0   6 0.00  0.0    0  4.5 13 200   M    M   4        17 190
 4  84  63  74   4   0   9 0.00  0.0    0  4.5 14 200   M    M   2 18     18 220
 5  80  64  72   2   0   7 0.00  0.0    0  6.3 14 210   M    M   3        18 190
 6  82  65  74   4   0   9 0.00  0.0    0  5.2 13 200   M    M   2        18 200
 7  86  66  76   6   0  11 0.00  0.0    0  6.2 15 190   M    M   3        19 200
 8  86  70  78   8   0  13 0.00  0.0    0  6.2 18 210   M    M   4        23 210
 9  88  70  79   9   0  14 0.00  0.0    0  5.7 17 200   M    M   5        22 220
10  83  70  77   6   0  12 0.00  0.0    0  7.3 18 200   M    M   2 18     22 200
11  82  68  75   4   0  10 0.00  0.0    0  6.3 14 190   M    M   2        18 190
12  80  68  74   3   0   9 0.00  0.0    0  5.6 13 210   M    M   4        16 220
13  82  67  75   4   0  10 0.00  0.0    0  5.4 13 210   M    M   5        19 200
14  79  66  73   2   0   8 0.00  0.0    0  5.7 12 210   M    M   5 18     16 230
15  78  66  72   1   0   7 0.00  0.0    0  6.8 16 210   M    M   2        21 210
16  79  68  74   3   0   9 0.00  0.0    0  8.0 17 210   M    M   4 18     24 200
17  78  69  74   2   0   9 0.00  0.0    0  6.8 17 210   M    M   5 1      21 200
18  81  68  75   3   0  10 0.00  0.0    0  5.4 13 210   M    M   4        21 210
19  83  69  76   4   0  11 0.00  0.0    0  5.9 15 210   M    M   5        20 210
20  83  68  76   4   0  11 0.00  0.0    0  6.2 15 210   M    M   2 1      21 230
21  79  67  73   1   0   8 0.00  0.0    0  6.5 14 190   M    M   4 8      18 200
22  79  68  74   2   0   9 0.00  0.0    0  6.6 14 190   M    M   4 1      19 190
23  80  69  75   3   0  10 0.00  0.0    0  6.1 14 160   M    M   4        20 240
================================================================================
SM 1858 1537         0 209  0.00     0.0 141.2          M       89
================================================================================
AV 80.8 66.8                               6.1 FASTST   M    M   4    MAX(MPH)
                                 MISC ---->  # 18 210               # 24  200
================================================================================
NOTES:
# LAST OF SEVERAL OCCURRENCES

COLUMN 17 PEAK WIND IN M.P.H.

PRELIMINARY LOCAL CLIMATOLOGICAL DATA (WS FORM: F-6) , PAGE 2

                                          STATION:  JOHN WAYNE AIRPORT CA
                                          MONTH:    JULY
                                          YEAR:     2017
                                          LATITUDE:   33 40 N
                                          LONGITUDE: 117 53 W

[TEMPERATURE DATA]      [PRECIPITATION DATA]       SYMBOLS USED IN COLUMN 16

AVERAGE MONTHLY: 73.8   TOTAL FOR MONTH:   0.00    1 = FOG OR MIST
DPTR FM NORMAL:   2.9   DPTR FM NORMAL:   -0.02    2 = FOG REDUCING VISIBILITY
HIGHEST:    88 ON  9    GRTST 24HR  0.00 ON 23-23      TO 1/4 MILE OR LESS
LOWEST:     62 ON  2                               3 = THUNDER
                        SNOW, ICE PELLETS, HAIL    4 = ICE PELLETS
                        TOTAL MONTH:   0.0 INCH    5 = HAIL
                        GRTST 24HR     0.0         6 = FREEZING RAIN OR DRIZZLE
                        GRTST DEPTH:   0           7 = DUSTSTORM OR SANDSTORM:
                                                       VSBY 1/2 MILE OR LESS
                                                   8 = SMOKE OR HAZE
[NO. OF DAYS WITH]      [WEATHER - DAYS WITH]      9 = BLOWING SNOW
                                                   X = TORNADO
MAX 32 OR BELOW:   0    0.01 INCH OR MORE:   0
MAX 90 OR ABOVE:   0    0.10 INCH OR MORE:   0
MIN 32 OR BELOW:   0    0.50 INCH OR MORE:   0
MIN  0 OR BELOW:   0    1.00 INCH OR MORE:   0

[HDD (BASE 65) ]
TOTAL THIS MO.     0    CLEAR  (SCALE 0-3)   7
DPTR FM NORMAL     0    PTCLDY (SCALE 4-7)  15
TOTAL FM JUL 1     0    CLOUDY (SCALE 8-10)  1
DPTR FM NORMAL     0

[CDD (BASE 65) ]
TOTAL THIS MO.   209
DPTR FM NORMAL    74    [PRESSURE DATA]
TOTAL FM JAN 1   438    HIGHEST SLP M ON M
DPTR FM NORMAL   160    LOWEST  SLP 29.78 ON  8

[REMARKS]
