000
CXUS56 KSGX 171545
CF6SNA
PRELIMINARY LOCAL CLIMATOLOGICAL DATA (WS FORM: F-6)

                                          STATION:   JOHN WAYNE AIRPORT CA
                                          MONTH:     NOVEMBER
                                          YEAR:      2017
                                          LATITUDE:   33 40 N
                                          LONGITUDE: 117 53 W

  TEMPERATURE IN F:       :PCPN:    SNOW:  WIND      :SUNSHINE: SKY     :PK WND
================================================================================
1   2   3   4   5  6A  6B    7    8   9   10  11  12  13   14  15   16   17  18
                                     12Z  AVG MX 2MIN
DY MAX MIN AVG DEP HDD CDD  WTR  SNW DPTH SPD SPD DIR MIN PSBL S-S WX    SPD DR
================================================================================

 1  71  64  68   3   0   3 0.00  0.0    0  3.8 15 200   M    M   8        18 200
 2  68  60  64   0   1   0    T  0.0    0  3.8 12 200   M    M   8 1      21 120
 3  72  57  65   1   0   0    T  0.0    0  3.9 14 210   M    M   7        18 210
 4  72  56  64   0   1   0 0.00  0.0    0  3.5 12 220   M    M   2        16 230
 5  70  60  65   1   0   0    T  0.0    0  3.4 13 210   M    M   8 1      17 200
 6  71  58  65   1   0   0 0.00  0.0    0  2.9 10 210   M    M   5        14 220
 7  75  60  68   4   0   3 0.00  0.0    0  2.9 12 220   M    M   4        15 220
 8  76  57  67   4   0   2 0.00  0.0    0  3.0 10 240   M    M   3        15 230
 9  72  60  66   3   0   1 0.00  0.0    0  2.1 12 220   M    M   5        15 220
10  70  58  64   1   1   0 0.00  0.0    0  2.6 12 220   M    M   7        14 220
11  71  53  62  -1   3   0 0.00  0.0    0  1.9 12 210   M    M   2        15 180
12  68  54  61  -1   4   0 0.00  0.0    0  1.3  8 220   M    M   7 1      10 230
13  76  53  65   3   0   0 0.00  0.0    0  1.9  9 220   M    M   4 18     13 340
14  79  52  66   4   0   1 0.00  0.0    0  1.8 12 200   M    M   2 8      15 200
15  77  56  67   5   0   2 0.00  0.0    0  1.9 12 210   M    M   5        13 220
16  79  58  69   7   0   4 0.00  0.0    0  2.0  7 220   M    M   6 8      11 130
================================================================================
SM 1167  916        10  16    T      0.0  42.7          M       83
================================================================================
AV 72.9 57.3                               2.7 FASTST   M    M   5    MAX(MPH)
                                 MISC ---->  # 15 200               # 21  120
================================================================================
NOTES:
# LAST OF SEVERAL OCCURRENCES

COLUMN 17 PEAK WIND IN M.P.H.

PRELIMINARY LOCAL CLIMATOLOGICAL DATA (WS FORM: F-6) , PAGE 2

                                          STATION:  JOHN WAYNE AIRPORT CA
                                          MONTH:    NOVEMBER
                                          YEAR:     2017
                                          LATITUDE:   33 40 N
                                          LONGITUDE: 117 53 W

[TEMPERATURE DATA]      [PRECIPITATION DATA]       SYMBOLS USED IN COLUMN 16

AVERAGE MONTHLY: 65.1   TOTAL FOR MONTH:      T    1 = FOG OR MIST
DPTR FM NORMAL:   1.9   DPTR FM NORMAL:   -0.74    2 = FOG REDUCING VISIBILITY
HIGHEST:    79 ON 16,14 GRTST 24HR    T  ON  5- 5      TO 1/4 MILE OR LESS
LOWEST:     52 ON 14                               3 = THUNDER
                        SNOW, ICE PELLETS, HAIL    4 = ICE PELLETS
                        TOTAL MONTH:   0.0 INCH    5 = HAIL
                        GRTST 24HR     0.0         6 = FREEZING RAIN OR DRIZZLE
                        GRTST DEPTH:   0           7 = DUSTSTORM OR SANDSTORM:
                                                       VSBY 1/2 MILE OR LESS
                                                   8 = SMOKE OR HAZE
[NO. OF DAYS WITH]      [WEATHER - DAYS WITH]      9 = BLOWING SNOW
                                                   X = TORNADO
MAX 32 OR BELOW:   0    0.01 INCH OR MORE:   0
MAX 90 OR ABOVE:   0    0.10 INCH OR MORE:   0
MIN 32 OR BELOW:   0    0.50 INCH OR MORE:   0
MIN  0 OR BELOW:   0    1.00 INCH OR MORE:   0

[HDD (BASE 65) ]
TOTAL THIS MO.    10    CLEAR  (SCALE 0-3)   3
DPTR FM NORMAL   -36    PTCLDY (SCALE 4-7)  11
TOTAL FM JUL 1    10    CLOUDY (SCALE 8-10)  2
DPTR FM NORMAL   -63

[CDD (BASE 65) ]
TOTAL THIS MO.    16
DPTR FM NORMAL    -2    [PRESSURE DATA]
TOTAL FM JAN 1  1254    HIGHEST SLP M ON M
DPTR FM NORMAL   382    LOWEST  SLP 29.89 ON  1

[REMARKS]
