000
CXUS55 KPIH 221200
CF6SNT

PRELIMINARY LOCAL CLIMATOLOGICAL DATA (WS FORM: F-6)

                                          STATION:   STANLEY_ID
                                          MONTH:     OCTOBER
                                          YEAR:      2017
                                          LATITUDE:   44 10 N
                                          LONGITUDE: 114 56 W

  TEMPERATURE IN F:       :PCPN:    SNOW:  WIND      :SUNSHINE: SKY     :PK WND
================================================================================
1   2   3   4   5  6A  6B    7    8   9   10  11  12  13   14  15   16   17  18
                                     12Z  AVG MX 2MIN
DY MAX MIN AVG DEP HDD CDD  WTR  SNW DPTH SPD SPD DIR MIN PSBL S-S WX    SPD DR
================================================================================

 1  43  27  35  -9  30   0 0.05    M    M  3.1 15  10   M    M   0        21 360
 2  45  24  35  -8  30   0 0.00    M    M  2.3 14  60   M    M   0        20  90
 3  52  19  36  -7  29   0 0.00    M    M  3.3 12 340   M    M   0        16 340
 4  38  22  30 -13  35   0 0.10    M    M  1.2  7 120   M    M   0        10 100
 5  47  28  38  -4  27   0 0.00    M    M  1.7  8 340   M    M   0        10 340
 6  60  27  44   2  21   0 0.00    M    M  3.3 13 350   M    M   0        18 340
 7  56  35  46   4  19   0 0.00    M    M  6.2 17 330   M    M   0        25 260
 8  44  20  32 -10  33   0 0.00    M    M  5.1 16 330   M    M   0        24 340
 9  52  14  33  -8  32   0 0.00    M    M  2.6  9  20   M    M   0        12  40
10  58  22  40  -1  25   0 0.00    M    M  6.0 18 160   M    M   0        30 150
11  50  22  36  -5  29   0 0.00    M    M  5.1 15 200   M    M   0        23 250
12  41  22  32  -8  33   0 0.04    M    M  4.8 16 150   M    M   0        20 150
13  35  17  26 -14  39   0 0.27    M    M  4.6 16 150   M    M   0        23 160
14  43   7  25 -15  40   0 0.00    M    M  2.1  8 170   M    M   0        12 170
15  56  12  34  -5  31   0 0.00    M    M  2.1  7 180   M    M   0         9 350
16  63  18  41   2  24   0 0.00    M    M  2.0  8 180   M    M   0         9 360
17  64  19  42   4  23   0 0.00    M    M  2.7 17 250   M    M   0        26 320
18  62  23  43   5  22   0 0.00    M    M  4.2 14 180   M    M   0        23 180
19  65  24  45   7  20   0 0.00    M    M  5.4 18 180   M    M   0        26 210
20  53  28  41   4  24   0 0.63    M    M  6.4 18 180   M    M   0        31 180
21  35  15  25 -12  40   0 0.10    M    M  5.9 15 150   M    M   0        23 150
================================================================================
SM 1062  445       606   0  1.19    M     80.1          M        0
================================================================================
AV 50.6 21.2                               3.8 FASTST   M    M   0    MAX(MPH)
                                 MISC ---->  # 18 160               # 31  180
================================================================================
NOTES:
# LAST OF SEVERAL OCCURRENCES
PRECIPITATION SUSPECT DURING FREEZING/FROZEN EVENTS

COLUMN 17 PEAK WIND IN M.P.H.

PRELIMINARY LOCAL CLIMATOLOGICAL DATA (WS FORM: F-6) , PAGE 2

                                          STATION:  STANLEY_ID
                                          MONTH:    OCTOBER
                                          YEAR:     2017
                                          LATITUDE:   44 10 N
                                          LONGITUDE: 114 56 W

[TEMPERATURE DATA]      [PRECIPITATION DATA]       SYMBOLS USED IN COLUMN 16

AVERAGE MONTHLY: 35.9   TOTAL FOR MONTH:   1.19    1 = FOG OR MIST
DPTR FM NORMAL:  -4.6   DPTR FM NORMAL:    0.43    2 = FOG REDUCING VISIBILITY
HIGHEST:    65 ON 19    GRTST 24HR  0.63 ON 20-20      TO 1/4 MILE OR LESS
LOWEST:      7 ON 14                               3 = THUNDER
                        SNOW, ICE PELLETS, HAIL    4 = ICE PELLETS
                        TOTAL MONTH:    M          5 = HAIL
                        GRTST 24HR    M  ON   M    6 = FREEZING RAIN OR DRIZZLE
                        GRTST DEPTH:  M  ON   M    7 = DUSTSTORM OR SANDSTORM:
                                                       VSBY 1/2 MILE OR LESS
                                                   8 = SMOKE OR HAZE
[NO. OF DAYS WITH]      [WEATHER - DAYS WITH]      9 = BLOWING SNOW
                                                   X = TORNADO
MAX 32 OR BELOW:   0    0.01 INCH OR MORE:   6
MAX 90 OR ABOVE:   0    0.10 INCH OR MORE:   4
MIN 32 OR BELOW:  20    0.50 INCH OR MORE:   1
MIN  0 OR BELOW:   0    1.00 INCH OR MORE:   0

[HDD (BASE 65) ]
TOTAL THIS MO.   606    CLEAR  (SCALE 0-3)  21
DPTR FM NORMAL    91    PTCLDY (SCALE 4-7)   0
TOTAL FM JUL 1  1254    CLOUDY (SCALE 8-10)  0
DPTR FM NORMAL  -302

[CDD (BASE 65) ]
TOTAL THIS MO.     0
DPTR FM NORMAL     0    [PRESSURE DATA]
TOTAL FM JAN 1    25    HIGHEST SLP M ON M
DPTR FM NORMAL    22    LOWEST  SLP 29.35 ON 20

[REMARKS]
