000
CXUS56 KPQR 011230
CF6SPB
PRELIMINARY LOCAL CLIMATOLOGICAL DATA (WS FORM: F-6)

                                          STATION:   SCAPPOOSE OR
                                          MONTH:     JULY
                                          YEAR:      2014
                                          LATITUDE:   45 46 N
                                          LONGITUDE: 122 50 W

  TEMPERATURE IN F:       :PCPN:    SNOW:  WIND      :SUNSHINE: SKY     :PK WND
================================================================================
1   2   3   4   5  6A  6B    7    8   9   10  11  12  13   14  15   16   17  18
                                     12Z  AVG MX 2MIN
DY MAX MIN AVG DEP HDD CDD  WTR  SNW DPTH SPD SPD DIR MIN PSBL S-S WX    SPD DR
================================================================================

 1  97  54  76  12   0  11 0.00  0.0    0  3.2 14 310   M    M   0        23 320
 2  81  60  71   7   0   6 0.00  0.0    0  7.1 16  10   M    M   1        22 340
 3  73  58  66   2   0   1 0.00  0.0    0  6.1 15 340   M    M   7        18 340
 4  80  52  66   2   0   1 0.00  0.0    0  5.6 13  10   M    M   1        15  10
 5  83  57  70   5   0   5 0.00  0.0    0  4.8 16 350   M    M   0        20 350
 6  88  55  72   7   0   7 0.00  0.0    0  5.0 17 360   M    M   0        23  10
 7  87  64  76  11   0  11 0.00  0.0    0 10.0 18 350   M    M   0        26 360
 8  89  63  76  11   0  11 0.00  0.0    0  9.6 21 340   M    M   0        27 340
 9  84  57  71   5   0   6 0.00  0.0    0  8.7 16  10   M    M   0        22  20
10  86  48  67   1   0   2 0.00  0.0    0  5.8 15  10   M    M   0        20 360
11  89  51  70   4   0   5 0.00  0.0    0  3.5  9 150   M    M   0        14  30
12  94  57  76  10   0  11 0.00  0.0    0  4.9 15 360   M    M   0 1      19  20
13  73  58  66   0   0   1 0.04  0.0    0  5.0 14 150   M    M   3 13     18 150
14  86  58  72   6   0   7 0.00  0.0    0  5.8 17 360   M    M   4        22 360
15  92  58  75   8   0  10 0.00  0.0    0  9.3 17 330   M    M   0        24 340
16  93  57  75   8   0  10 0.00    M    M  6.6 15 340   M    M   0        21 350
17  84  54  69   2   0   4 0.00    M    M  6.2 14 310   M    M   0        22 320
18  80  49  65  -2   0   0 0.00  0.0    0  5.1 16  10   M    M   2        20  10
19  86  62  74   7   0   9 0.00  0.0    0  4.5 14  10   M    M   5        17  10
20  73  57  65  -2   0   0 0.00  0.0    0  7.6 16 360   M    M   9        23 330
21  79  47  63  -5   2   0 0.00  0.0    0  3.4 10  70   M    M   1        15  10
22  78  59  69   1   0   4 0.01  0.0    0  3.1 10 110   M    M   8 1      14 120
23  68  58  63  -5   2   0 0.46  0.0    0  4.9 14 250   M    M   9 1      19 250
24  70  53  62  -6   3   0    T  0.0    0  5.1 14 360   M    M   8 1      18 350
25  78  52  65  -3   0   0 0.00  0.0    0  6.9 15 360   M    M   1        19 360
26  85  57  71   3   0   6 0.00  0.0    0  7.7 15 360   M    M   0        20 360
27  89  60  75   7   0  10 0.00  0.0    0  9.7 17 340   M    M   0        23 350
28  93  65  79  11   0  14 0.00  0.0    0  8.7 15 330   M    M   0        20 320
29  91  55  73   5   0   8 0.00  0.0    0  8.5 16 350   M    M   0        22 340
30  90  58  74   6   0   9 0.00  0.0    0  9.5 16 350   M    M   0        23 340
31  92  59  76   8   0  11 0.00  0.0    0  9.4 20 340   M    M   0 3      26 330
================================================================================
SM 2611 1752         7 180  0.51     0.0 201.3          M       59
================================================================================
AV 84.2 56.5                               6.5 FASTST   M    M   2    MAX(MPH)
                                 MISC ---->  # 21 340               # 27  340
================================================================================
NOTES:
# LAST OF SEVERAL OCCURRENCES

COLUMN 17 PEAK WIND IN M.P.H.

PRELIMINARY LOCAL CLIMATOLOGICAL DATA (WS FORM: F-6) , PAGE 2

                                          STATION:  SCAPPOOSE OR
                                          MONTH:    JULY
                                          YEAR:     2014
                                          LATITUDE:   45 46 N
                                          LONGITUDE: 122 50 W

[TEMPERATURE DATA]      [PRECIPITATION DATA]       SYMBOLS USED IN COLUMN 16

AVERAGE MONTHLY: 70.4   TOTAL FOR MONTH:   0.51    1 = FOG OR MIST
DPTR FM NORMAL:   4.0   DPTR FM NORMAL:   -0.15    2 = FOG REDUCING VISIBILITY
HIGHEST:    97 ON  1    GRTST 24HR  0.46 ON 23-23      TO 1/4 MILE OR LESS
LOWEST:     47 ON 21                               3 = THUNDER
                        SNOW, ICE PELLETS, HAIL    4 = ICE PELLETS
                        TOTAL MONTH:   0.0 INCH    5 = HAIL
                        GRTST 24HR     0.0         6 = FREEZING RAIN OR DRIZZLE
                        GRTST DEPTH:   0           7 = DUSTSTORM OR SANDSTORM:
                                                       VSBY 1/2 MILE OR LESS
                                                   8 = SMOKE OR HAZE
[NO. OF DAYS WITH]      [WEATHER - DAYS WITH]      9 = BLOWING SNOW
                                                   X = TORNADO
MAX 32 OR BELOW:   0    0.01 INCH OR MORE:   3
MAX 90 OR ABOVE:   8    0.10 INCH OR MORE:   1
MIN 32 OR BELOW:   0    0.50 INCH OR MORE:   0
MIN  0 OR BELOW:   0    1.00 INCH OR MORE:   0

[HDD (BASE 65) ]
TOTAL THIS MO.     7    CLEAR  (SCALE 0-3)  24
DPTR FM NORMAL   -39    PTCLDY (SCALE 4-7)   4
TOTAL FM JUL 1     7    CLOUDY (SCALE 8-10)  3
DPTR FM NORMAL   -39

[CDD (BASE 65) ]
TOTAL THIS MO.   180
DPTR FM NORMAL    89    [PRESSURE DATA]
TOTAL FM JAN 1   200    HIGHEST SLP 30.25 ON 24
DPTR FM NORMAL    80    LOWEST  SLP 29.68 ON  1

[REMARKS]
#FINAL-07-14#
