000
CXUS54 KLZK 281130
CF6SRC
PRELIMINARY LOCAL CLIMATOLOGICAL DATA (WS FORM: F-6)

                                          STATION:   Searcy Airport
                                          MONTH:     APRIL
                                          YEAR:      2016
                                          LATITUDE:   35 12 N
                                          LONGITUDE:  91 44 W

  TEMPERATURE IN F:       :PCPN:    SNOW:  WIND      :SUNSHINE: SKY     :PK WND
================================================================================
1   2   3   4   5  6A  6B    7    8   9   10  11  12  13   14  15   16   17  18
                                     12Z  AVG MX 2MIN
DY MAX MIN AVG DEP HDD CDD  WTR  SNW DPTH SPD SPD DIR MIN PSBL S-S WX    SPD DR
================================================================================

 1  63  45  54  -2  11   0 0.00    M    M  5.1 13 320   M    M   0        17 320
 2  66  41  54  -2  11   0 0.00    M    M  6.0 13 260   M    M   0        16 270
 3  73  39  56  -1   9   0 0.00    M    M  5.6 13 170   M    M   0        20 180
 4  82  42  62   5   3   0 0.00    M    M  3.8 10  80   M    M   0         M  M
 5  66  52  59   2   6   0 0.00    M    M  9.4 17  70   M    M   0         M  M
 6  70  46  58   0   7   019.98    M    M  8.0 18 210   M    M   3        27 210
 7  77  43  60   2   5   0 0.00    M    M  6.1 17 310   M    M   0        16 260
 8  68  37  53  -5  12   0 0.00    M    M  7.1 21 340   M    M   0        24 310
 9  63  43  53  -5  12   0 0.00    M    M  6.7 14  40   M    M   2         M  M
10  81  52  67   8   0   220.00    M    M  9.5 20 200   M    M   5        27 210
11   M   M   M   M   M   M40.17    M    M  8.8 14  20   M    M   6 3      18 360
12  64  46  55  -4  10   0 0.00    M    M  9.8 17  40   M    M   0         M  M
13  59  45  52  -8  13   010.00    M    M  5.1  8  60   M    M   4         M  M
14  72  50  61   1   4   020.00    M    M  5.3 10  80   M    M   9         M  M
15  72  57  65   5   0   030.00    M    M  8.3 13 120   M    M  10         M  M
16  70  61  66   6   0   1 0.00    M    M  7.6 13 110   M    M  10         M  M
17  79  57  68   7   0   3 0.00    M    M  7.0 14 110   M    M   3        17 110
18  79  55  67   6   0   2 0.00    M    M  4.1 16 160   M    M   3         M  M
19  64  59  62   1   3   0    M    M    M  4.6 13 150   M    M  10 1       M  M
20  72  57  65   3   0   089.86    M    M  4.1 12 180   M    M  10 12      M  M
21  79  57  68   6   0   3    M    M    M  3.4 13 220   M    M   5 12      M  M
22  79  50  65   3   0   0 0.00    M    M  4.3 12 320   M    M   2        18 320
23  81  52  67   4   0   2 0.00    M    M  2.9  8 160   M    M   0         M  M
24  81  52  67   4   0   2 0.00    M    M  5.5 16 190   M    M   3        20 170
25  81  55  68   5   0   3 0.00    M    M  4.0 13 190   M    M   4 1       M  M
26  82  63  73   9   0   8 0.00    M    M  6.9 13 180   M    M   6         M  M
27   M   M   M   M   M   M    M    M    M  6.8 13 180   M    M   3 3      20 180
================================================================================
SM 1823 1256       106  26230.01    M    165.8          M       98
================================================================================
AV 72.9 50.2                               6.1 FASTST   M    M   4    MAX(MPH)
                                 MISC ---->    21   M               # 27  210
================================================================================
NOTES:
# LAST OF SEVERAL OCCURRENCES

COLUMN 17 PEAK WIND IN M.P.H.

PRELIMINARY LOCAL CLIMATOLOGICAL DATA (WS FORM: F-6) , PAGE 2

                                          STATION:  Searcy Airport
                                          MONTH:    APRIL
                                          YEAR:     2016
                                          LATITUDE:   35 12 N
                                          LONGITUDE:  91 44 W

[TEMPERATURE DATA]      [PRECIPITATION DATA]       SYMBOLS USED IN COLUMN 16

AVERAGE MONTHLY: 61.6   TOTAL FOR MONTH: 230.01    1 = FOG OR MIST
DPTR FM NORMAL:   1.7   DPTR FM NORMAL:  225.58    2 = FOG REDUCING VISIBILITY
HIGHEST:    82 ON 26, 4 GRTST 24HR 89.86 ON 20-20      TO 1/4 MILE OR LESS
LOWEST:     37 ON  8                               3 = THUNDER
                        SNOW, ICE PELLETS, HAIL    4 = ICE PELLETS
                        TOTAL MONTH:    M          5 = HAIL
                        GRTST 24HR    M  ON   M    6 = FREEZING RAIN OR DRIZZLE
                        GRTST DEPTH:  M  ON   M    7 = DUSTSTORM OR SANDSTORM:
                                                       VSBY 1/2 MILE OR LESS
                                                   8 = SMOKE OR HAZE
[NO. OF DAYS WITH]      [WEATHER - DAYS WITH]      9 = BLOWING SNOW
                                                   X = TORNADO
MAX 32 OR BELOW:   0    0.01 INCH OR MORE:   7
MAX 90 OR ABOVE:   0    0.10 INCH OR MORE:   7
MIN 32 OR BELOW:   0    0.50 INCH OR MORE:   7
MIN  0 OR BELOW:   0    1.00 INCH OR MORE:   7

[HDD (BASE 65) ]
TOTAL THIS MO.   106    CLEAR  (SCALE 0-3)  15
DPTR FM NORMAL   -68    PTCLDY (SCALE 4-7)   7
TOTAL FM JUL 1  2548    CLOUDY (SCALE 8-10)  5
DPTR FM NORMAL  -942

[CDD (BASE 65) ]
TOTAL THIS MO.    26
DPTR FM NORMAL   -10    [PRESSURE DATA]
TOTAL FM JAN 1    41    HIGHEST SLP M ON M
DPTR FM NORMAL    -4    LOWEST  SLP M ON M

[REMARKS]
