972
CXUS54 KLZK 281130
CF6SRC
PRELIMINARY LOCAL CLIMATOLOGICAL DATA (WS FORM: F-6)

                                          STATION:   Searcy Airport
                                          MONTH:     APRIL
                                          YEAR:      2017
                                          LATITUDE:   35 12 N
                                          LONGITUDE:  91 44 W

  TEMPERATURE IN F:       :PCPN:    SNOW:  WIND      :SUNSHINE: SKY     :PK WND
================================================================================
1   2   3   4   5  6A  6B    7    8   9   10  11  12  13   14  15   16   17  18
                                     12Z  AVG MX 2MIN
DY MAX MIN AVG DEP HDD CDD  WTR  SNW DPTH SPD SPD DIR MIN PSBL S-S WX    SPD DR
================================================================================

 1  67  50  59   3   6   0 0.00    M    M 11.8 21  70   M    M   1         M  M
 2  73  52  63   7   2   0 0.91    M    M  7.6 12  90   M    M   2 13      M  M
 3  73  55  64   7   1   0 0.10    M    M  8.6 17 260   M    M   6 1      31 270
 4  81  49  65   8   0   0 0.00    M    M  6.5 16 160   M    M   0 1      17 160
 5  72  50  61   4   4   0    T    M    M  9.7 22 240   M    M   7        36 240
 6  67  49  58   0   7   0 0.00    M    M  8.9 14 300   M    M   2        33 310
 7  70  36  53  -5  12   0 0.00    M    M  2.4  8 350   M    M   0         M  M
 8  79  41  60   2   5   0 0.00    M    M  6.8 17 190   M    M   0        24 170
 9  81  60  71  13   0   6 0.00    M    M 13.3 22 170   M    M   2        30 200
10  72  60  66   7   0   1 0.17    M    M  9.3 15 190   M    M   6 13     22 190
11  64  52  58  -1   7   0 0.04    M    M  3.3  9  10   M    M   8 1       M  M
12  79  46  63   4   2   0 0.00    M    M  4.7 12 160   M    M   0 1       M  M
13  84  55  70  10   0   5 0.00    M    M  2.1  9 160   M    M   3         M  M
14  84  58  71  11   0   6 0.00    M    M  4.4 14 160   M    M   5        17 180
15  82  56  69   9   0   4    T    M    M  5.2 14 170   M    M   3 1      17 210
16  78  63  71  11   0   6    T  0.0    0  6.4 22 170   M    M   6        28 170
17  76  60  68   7   0   3 0.51  0.0    0  4.7 13  50   M    M   5 13      M  M
18  79  63  71  10   0   6 0.00  0.0    0  4.3  9  30   M    M   7 1       M  M
19  84  58  71  10   0   6 0.00  0.0    0  4.8 15 170   M    M   3 12     21 170
20  84  59  72  10   0   7 0.00  0.0    0  4.3 12 210   M    M   4 1      18 210
21   M   M   M   M   M   M 0.83    M    0  8.2 15  40   M    M   8 13      M  M
22   M   M   M   M   M   M 0.25    M    0  9.5 13 360   M    M  10 13     20  20
23  72  47  60  -3   5   0 0.00  0.0    0  8.3 16 360   M    M   2        20 320
24  78  43  61  -2   4   0 0.00  0.0    0  3.7  7  90   M    M   0         M  M
25  81  47  64   1   1   0 0.00  0.0    0  8.5 20 180   M    M   1        27 180
26  74  53  64   0   1   0 2.09  0.0    0 10.9 16 170   M    M  10 13     24 170
27  69  46  58  -6   7   0 0.00  0.0    0  4.2 10 160   M    M   2         M  M
================================================================================
SM 1903 1308        64  50  4.90     0.0 182.4          M      103
================================================================================
AV 76.1 52.3                               6.8 FASTST   M    M   4    MAX(MPH)
                                 MISC ---->  # 22 240               # 36  240
================================================================================
NOTES:
# LAST OF SEVERAL OCCURRENCES

COLUMN 17 PEAK WIND IN M.P.H.

PRELIMINARY LOCAL CLIMATOLOGICAL DATA (WS FORM: F-6) , PAGE 2

                                          STATION:  Searcy Airport
                                          MONTH:    APRIL
                                          YEAR:     2017
                                          LATITUDE:   35 12 N
                                          LONGITUDE:  91 44 W

[TEMPERATURE DATA]      [PRECIPITATION DATA]       SYMBOLS USED IN COLUMN 16

AVERAGE MONTHLY: 64.2   TOTAL FOR MONTH:   4.90    1 = FOG OR MIST
DPTR FM NORMAL:   4.3   DPTR FM NORMAL:    0.47    2 = FOG REDUCING VISIBILITY
HIGHEST:    84 ON 20,19 GRTST 24HR  2.09 ON 26-26      TO 1/4 MILE OR LESS
LOWEST:     36 ON  7                               3 = THUNDER
                        SNOW, ICE PELLETS, HAIL    4 = ICE PELLETS
                        TOTAL MONTH:   0.0 INCH    5 = HAIL
                        GRTST 24HR     0.0         6 = FREEZING RAIN OR DRIZZLE
                        GRTST DEPTH:   0           7 = DUSTSTORM OR SANDSTORM:
                                                       VSBY 1/2 MILE OR LESS
                                                   8 = SMOKE OR HAZE
[NO. OF DAYS WITH]      [WEATHER - DAYS WITH]      9 = BLOWING SNOW
                                                   X = TORNADO
MAX 32 OR BELOW:   0    0.01 INCH OR MORE:   8
MAX 90 OR ABOVE:   0    0.10 INCH OR MORE:   7
MIN 32 OR BELOW:   0    0.50 INCH OR MORE:   4
MIN  0 OR BELOW:   0    1.00 INCH OR MORE:   1

[HDD (BASE 65) ]
TOTAL THIS MO.    64    CLEAR  (SCALE 0-3)  15
DPTR FM NORMAL  -110    PTCLDY (SCALE 4-7)   9
TOTAL FM JUL 1  2389    CLOUDY (SCALE 8-10)  3
DPTR FM NORMAL -1101

[CDD (BASE 65) ]
TOTAL THIS MO.    50
DPTR FM NORMAL    14    [PRESSURE DATA]
TOTAL FM JAN 1    77    HIGHEST SLP M ON M
DPTR FM NORMAL    32    LOWEST  SLP M ON M

[REMARKS]
