000
CXUS54 KEWX 210910
CF6SSF
PRELIMINARY LOCAL CLIMATOLOGICAL DATA (WS FORM: F-6)

                                          STATION:   SAN ANTONIO STINSON FIELD
                                          MONTH:     NOVEMBER
                                          YEAR:      2017
                                          LATITUDE:   29 19 N
                                          LONGITUDE:  98 29 W

  TEMPERATURE IN F:       :PCPN:    SNOW:  WIND      :SUNSHINE: SKY     :PK WND
================================================================================
1   2   3   4   5  6A  6B    7    8   9   10  11  12  13   14  15   16   17  18
                                     12Z  AVG MX 2MIN
DY MAX MIN AVG DEP HDD CDD  WTR  SNW DPTH SPD SPD DIR MIN PSBL S-S WX    SPD DR
================================================================================

 1  84  59  72   5   0   7    T    M    M  3.7 13 190   M    M   5 128    16 190
 2  89  63  76   9   0  11 0.00    M    M  3.9 13 150   M    M   6 18     19 160
 3  90  73  82  16   0  17    T    M    M  4.2 10 140   M    M   7 18     17 150
 4  88  71  80  14   0  15 0.00    M    M  5.5 12 220   M    M   7 1      15 170
 5  94  67  81  15   0  16 0.00    M    M  7.0 16 210   M    M   3 1      20 210
 6  92  70  81  16   0  16 0.00    M    M  6.5 15 150   M    M   3        20 160
 7  89  64  77  12   0  12    T    M    M  7.1 20  40   M    M   6        24  30
 8  65  49  57  -7   8   0 0.08    M    M 11.9 20  20   M    M  10 1      26  20
 9  63  49  56  -8   9   0 0.00    M    M  7.6 15 360   M    M  10        21 360
10  65  52  59  -5   6   0 0.00    M    M  6.3 12  40   M    M  10        15  30
11  78  60  69   6   0   4 0.05    M    M  5.5 15 180   M    M  10 1      19 150
12  72  67  70   7   0   5 0.10    M    M  3.3 14 100   M    M   9 1      17 100
13  81  67  74  12   0   9 0.01    M    M  4.8 12 130   M    M   7 1      14 130
14  81  65  73  11   0   8 0.00    M    M  6.8 13 160   M    M  10 1      17 230
15  84  63  74  12   0   9    T    M    M  4.3 13 220   M    M   8 12     17 180
16  87  69  78  17   0  13 0.00    M    M  5.3 15 240   M    M   6        20 240
17  88  67  78  17   0  13    T    M    M  8.7 18 190   M    M   5        24 200
18  90  59  75  15   0  10 0.00    M    M 10.4 26 360   M    M   4 1      35 340
19  68  47  58  -2   7   0 0.00    M    M  5.9 21  10   M    M   0        29  20
20  72  42  57  -3   8   0 0.00  0.0    0  3.0 15 190   M    M   0        21 200
================================================================================
SM 1620 1223        38 165  0.24     0.0 121.7          M      126
================================================================================
AV 81.0 61.2                               6.1 FASTST   M    M   6    MAX(MPH)
                                 MISC ---->  # 26 360               # 35  340
================================================================================
NOTES:
# LAST OF SEVERAL OCCURRENCES

COLUMN 17 PEAK WIND IN M.P.H.

PRELIMINARY LOCAL CLIMATOLOGICAL DATA (WS FORM: F-6) , PAGE 2

                                          STATION:  SAN ANTONIO STINSON FIELD
                                          MONTH:    NOVEMBER
                                          YEAR:     2017
                                          LATITUDE:   29 19 N
                                          LONGITUDE:  98 29 W

[TEMPERATURE DATA]      [PRECIPITATION DATA]       SYMBOLS USED IN COLUMN 16

AVERAGE MONTHLY: 71.1   TOTAL FOR MONTH:   0.24    1 = FOG OR MIST
DPTR FM NORMAL:   7.7   DPTR FM NORMAL:   -1.43    2 = FOG REDUCING VISIBILITY
HIGHEST:    94 ON  5    GRTST 24HR  0.21 ON 31- 1      TO 1/4 MILE OR LESS
LOWEST:     42 ON 20                               3 = THUNDER
                        SNOW, ICE PELLETS, HAIL    4 = ICE PELLETS
                        TOTAL MONTH:   0.0 INCH    5 = HAIL
                        GRTST 24HR     0.0         6 = FREEZING RAIN OR DRIZZLE
                        GRTST DEPTH:   0           7 = DUSTSTORM OR SANDSTORM:
                                                       VSBY 1/2 MILE OR LESS
                                                   8 = SMOKE OR HAZE
[NO. OF DAYS WITH]      [WEATHER - DAYS WITH]      9 = BLOWING SNOW
                                                   X = TORNADO
MAX 32 OR BELOW:   0    0.01 INCH OR MORE:   4
MAX 90 OR ABOVE:   4    0.10 INCH OR MORE:   1
MIN 32 OR BELOW:   0    0.50 INCH OR MORE:   0
MIN  0 OR BELOW:   0    1.00 INCH OR MORE:   0

[HDD (BASE 65) ]
TOTAL THIS MO.    38    CLEAR  (SCALE 0-3)   4
DPTR FM NORMAL   -42    PTCLDY (SCALE 4-7)   9
TOTAL FM JUL 1    71    CLOUDY (SCALE 8-10)  7
DPTR FM NORMAL   -35

[CDD (BASE 65) ]
TOTAL THIS MO.   165
DPTR FM NORMAL   119    [PRESSURE DATA]
TOTAL FM JAN 1  3938    HIGHEST SLP M ON M
DPTR FM NORMAL   774    LOWEST  SLP 29.78 ON  1

[REMARKS]
