000
CXUS54 KEWX 280910
CF6SSF
PRELIMINARY LOCAL CLIMATOLOGICAL DATA (WS FORM: F-6)

                                          STATION:   SAN ANTONIO STINSON FIELD
                                          MONTH:     MAY
                                          YEAR:      2015
                                          LATITUDE:   29 19 N
                                          LONGITUDE:  98 29 W

  TEMPERATURE IN F:       :PCPN:    SNOW:  WIND      :SUNSHINE: SKY     :PK WND
================================================================================
1   2   3   4   5  6A  6B    7    8   9   10  11  12  13   14  15   16   17  18
                                     12Z  AVG MX 2MIN
DY MAX MIN AVG DEP HDD CDD  WTR  SNW DPTH SPD SPD DIR MIN PSBL S-S WX    SPD DR
================================================================================

 1  82  52  67  -7   0   2 0.00    M    0  4.3 12 110   M    M   0        16 120
 2  82  55  69  -5   0   4 0.00  0.0    0  5.6 15 130   M    M   0        19 150
 3  85  61  73  -1   0   8 0.00  0.0    0  7.7 18 140   M    M   5        23 130
 4  84  68  76   2   0  11 0.00  0.0    0 12.7 22 130   M    M   8 18     28 120
 5  81  69  75   0   0  10 0.02  0.0    0 11.8 20 130   M    M  10 18     25 150
 6  85  71  78   3   0  13 0.04  0.0    0 10.2 18 130   M    M   7 18     26 130
 7  84  73  79   4   0  14    T    M    0 11.5 21 130   M    M  10 18     25 130
 8  83  74  79   3   0  14 0.14  0.0    0  9.9 20 130   M    M   8 138    28 130
 9  89  75  82   6   0  17    T  0.0    0 12.4 21 120   M    M   7 138    29 180
10  84  75  80   4   0  15    T    M    0 11.1 22 150   M    M   9 18     30 150
11  84  70  77   1   0  12 0.08  0.0    0  9.2 20  50   M    M   8 138    29  50
12  74  68  71  -5   0   6 0.02  0.0    0  8.6 16  50   M    M   9 1      22  50
13  72  66  69  -8   0   4 0.61  0.0    0  7.9 23 180   M    M  10 13     32 180
14  87  67  77   0   0  12 0.01    M    0  6.6 29 130   M    M   7 13     37 120
15  79  67  73  -4   0   8 1.56  0.0    0  4.9 16 110   M    M   4 13     19 110
16  86  68  77  -1   0  12 0.00    M    M 11.5 22 130   M    M   9 1      28 140
17  82  68  75  -3   0  10 1.27  0.0    0  8.2 21 300   M    M   9 138    30 320
18  89  75  82   4   0  17 0.01  0.0    0  7.7 17 110   M    M   6 18     22 110
19  88  73  81   3   0  16    T  0.0    0 11.1 20 140   M    M   6 18     26 140
20  91  74  83   5   0  18 0.00  0.0    0  8.4 15 110   M    M   7 18      M  M
21  77  66  72  -7   0   7 0.38  0.0    0 11.1 20  50   M    M   9 13     29  40
22  86  64  75  -4   0  10 0.02  0.0    0  9.5 22 130   M    M   9 13     27 120
23  87  65  76  -3   0  11 4.42  0.0    0  9.3 25 130   M    M   7 13     39 160
24  85  66  76  -3   0  11 0.10  0.0    0  8.0 21 130   M    M   5 13     28 330
25  88  71  80   0   0  15 0.01    M    0 10.2 22 180   M    M   7 3      31 180
26  90  71  81   1   0  16 0.00    M    0  8.4 17 140   M    M   7        24 140
27  90  76  83   3   0  18    T    M    0 10.4 18 110   M    M   8 18     23 160
================================================================================
SM 2274 1848         0 311  8.69     0.0 248.2          M      191
================================================================================
AV 84.2 68.4                               9.2 FASTST   M    M   7    MAX(MPH)
                                 MISC ---->  # 29 130               # 39  160
================================================================================
NOTES:
# LAST OF SEVERAL OCCURRENCES

COLUMN 17 PEAK WIND IN M.P.H.

PRELIMINARY LOCAL CLIMATOLOGICAL DATA (WS FORM: F-6) , PAGE 2

                                          STATION:  SAN ANTONIO STINSON FIELD
                                          MONTH:    MAY
                                          YEAR:     2015
                                          LATITUDE:   29 19 N
                                          LONGITUDE:  98 29 W

[TEMPERATURE DATA]      [PRECIPITATION DATA]       SYMBOLS USED IN COLUMN 16

AVERAGE MONTHLY: 76.3   TOTAL FOR MONTH:   8.69    1 = FOG OR MIST
DPTR FM NORMAL:  -0.6   DPTR FM NORMAL:    5.72    2 = FOG REDUCING VISIBILITY
HIGHEST:    91 ON 20    GRTST 24HR  4.52 ON 23-24      TO 1/4 MILE OR LESS
LOWEST:     52 ON  1                               3 = THUNDER
                        SNOW, ICE PELLETS, HAIL    4 = ICE PELLETS
                        TOTAL MONTH:   0.0 INCH    5 = HAIL
                        GRTST 24HR     0.0         6 = FREEZING RAIN OR DRIZZLE
                        GRTST DEPTH:   0           7 = DUSTSTORM OR SANDSTORM:
                                                       VSBY 1/2 MILE OR LESS
                                                   8 = SMOKE OR HAZE
[NO. OF DAYS WITH]      [WEATHER - DAYS WITH]      9 = BLOWING SNOW
                                                   X = TORNADO
MAX 32 OR BELOW:   0    0.01 INCH OR MORE:  15
MAX 90 OR ABOVE:   3    0.10 INCH OR MORE:   7
MIN 32 OR BELOW:   0    0.50 INCH OR MORE:   4
MIN  0 OR BELOW:   0    1.00 INCH OR MORE:   3

[HDD (BASE 65) ]
TOTAL THIS MO.     0    CLEAR  (SCALE 0-3)   2
DPTR FM NORMAL     0    PTCLDY (SCALE 4-7)  14
TOTAL FM JUL 1  1488    CLOUDY (SCALE 8-10) 11
DPTR FM NORMAL    78

[CDD (BASE 65) ]
TOTAL THIS MO.   311
DPTR FM NORMAL   -14    [PRESSURE DATA]
TOTAL FM JAN 1   579    HIGHEST SLP M ON M
DPTR FM NORMAL   -32    LOWEST  SLP 29.68 ON  9

[REMARKS]
