000
CXUS52 KJAX 010800
CF6SSI
PRELIMINARY LOCAL CLIMATOLOGICAL DATA (WS FORM: F-6)

                                          STATION:   ST SIMONS ISLAND GA
                                          MONTH:     AUGUST
                                          YEAR:      2015
                                          LATITUDE:   31  9 N
                                          LONGITUDE:  81 23 W

  TEMPERATURE IN F:       :PCPN:    SNOW:  WIND      :SUNSHINE: SKY     :PK WND
================================================================================
1   2   3   4   5  6A  6B    7    8   9   10  11  12  13   14  15   16   17  18
                                     12Z  AVG MX 2MIN
DY MAX MIN AVG DEP HDD CDD  WTR  SNW DPTH SPD SPD DIR MIN PSBL S-S WX    SPD DR
================================================================================

 1  87  76  82  -1   0  17 0.00  0.0    0  8.0 14 220   M    M   5        20 150
 2  84  76  80  -3   0  15    T  0.0    0  7.8 22 200   M    M   9 13     31 210
 3  85  77  81  -2   0  16    T  0.0    0  9.4 17 170   M    M   9 1      24 170
 4  90  76  83   0   0  18 0.00  0.0    0  7.8 20 240   M    M   4        26 210
 5  91  76  84   1   0  19    T  0.0    0  8.3 18 180   M    M   1 3      26 170
 6  89  77  83   0   0  18 0.36  0.0    0  8.4 23 230   M    M   2 138    34 240
 7  91  76  84   2   0  19 0.16  0.0    0 13.2 25 250   M    M   3 38     35 250
 8  87  74  81  -1   0  16 0.00  0.0    0  8.2 15  80   M    M   3        18 260
 9  86  73  80  -2   0  15 0.00  0.0    0  6.9 14  60   M    M   1        16  90
10  86  74  80  -2   0  15 0.00  0.0    0  6.3 13  90   M    M   0        17 100
11  92  76  84   2   0  19 0.22  0.0    0  5.9 16  20   M    M   3 13     21  20
12  94  77  86   4   0  21    T  0.0    0  6.3 18 170   M    M   3 3      27 170
13  87  76  82   0   0  17 0.00  0.0    0  9.4 18  60   M    M   3        23  80
14  88  75  82   0   0  17    T  0.0    0 10.6 20  60   M    M   2        26  50
15  87  76  82   0   0  17    T  0.0    0  9.8 17 140   M    M   2 3      29 350
16  84  74  79  -3   0  14 0.09  0.0    0  6.2 15  80   M    M   2 13     21  90
17  88  75  82   0   0  17 0.18  0.0    0  5.7 13 120   M    M   3 13     17 130
18  89  75  82   0   0  17    T  0.0    0  6.8 15 230   M    M   1 3      19 130
19  89  75  82   0   0  17 0.02  0.0    0  6.6 18 230   M    M   1 13     23 230
20  90  76  83   1   0  18 0.09  0.0    0  5.6 15  10   M    M   1 138    19  10
21  90  75  83   1   0  18    T  0.0    0  5.5 22  40   M    M   1 13     28  30
22  89  76  83   2   0  18    T  0.0    0  6.5 23  50   M    M   1 3      33  50
23  89  73  81   0   0  16 1.53  0.0    0  5.3 18 330   M    M   2 13     29 330
24  87  73  80  -1   0  15    T  0.0    0  3.3 13  40   M    M   4 8      14  30
25  93  75  84   3   0  19 0.06  0.0    0  8.1 20 220   M    M   3 3      25 220
26  92  73  83   2   0  18 0.07  0.0    0  5.7 14 210   M    M   2 13     19 220
27  86  74  80  -1   0  15 0.00  0.0    0  6.2 14  70   M    M   1 3      18  80
28  88  72  80  -1   0  15 1.29  0.0    0  8.5 22  30   M    M   4 13     27  30
29  87  73  80  -1   0  15 0.28  0.0    0  8.9 20  40   M    M   2 13     25  70
30  85  73  79  -2   0  14 2.02  0.0    0  7.3 18 140   M    M   6 1238   24 140
31  86  75  81   0   0  16 0.39  0.0    0  4.3 13 100   M    M   5 1      16 120
================================================================================
SM 2736 2322         0 521  6.76     0.0 226.8          M       89
================================================================================
AV 88.3 74.9                               7.3 FASTST   M    M   3    MAX(MPH)
                                 MISC ---->  # 25 250               # 35  250
================================================================================
NOTES:
# LAST OF SEVERAL OCCURRENCES

COLUMN 17 PEAK WIND IN M.P.H.

PRELIMINARY LOCAL CLIMATOLOGICAL DATA (WS FORM: F-6) , PAGE 2

                                          STATION:  ST SIMONS ISLAND GA
                                          MONTH:    AUGUST
                                          YEAR:     2015
                                          LATITUDE:   31  9 N
                                          LONGITUDE:  81 23 W

[TEMPERATURE DATA]      [PRECIPITATION DATA]       SYMBOLS USED IN COLUMN 16

AVERAGE MONTHLY: 81.6   TOTAL FOR MONTH:   6.76    1 = FOG OR MIST
DPTR FM NORMAL:  -0.2   DPTR FM NORMAL:    0.49    2 = FOG REDUCING VISIBILITY
HIGHEST:    94 ON 12    GRTST 24HR  4.07 ON 31- 1      TO 1/4 MILE OR LESS
LOWEST:     72 ON 28                               3 = THUNDER
                        SNOW, ICE PELLETS, HAIL    4 = ICE PELLETS
                        TOTAL MONTH:   0.0 INCH    5 = HAIL
                        GRTST 24HR     0.0         6 = FREEZING RAIN OR DRIZZLE
                        GRTST DEPTH:   0           7 = DUSTSTORM OR SANDSTORM:
                                                       VSBY 1/2 MILE OR LESS
                                                   8 = SMOKE OR HAZE
[NO. OF DAYS WITH]      [WEATHER - DAYS WITH]      9 = BLOWING SNOW
                                                   X = TORNADO
MAX 32 OR BELOW:   0    0.01 INCH OR MORE:  14
MAX 90 OR ABOVE:   9    0.10 INCH OR MORE:   9
MIN 32 OR BELOW:   0    0.50 INCH OR MORE:   3
MIN  0 OR BELOW:   0    1.00 INCH OR MORE:   3

[HDD (BASE 65) ]
TOTAL THIS MO.     0    CLEAR  (SCALE 0-3)  23
DPTR FM NORMAL     0    PTCLDY (SCALE 4-7)   6
TOTAL FM JUL 1     0    CLOUDY (SCALE 8-10)  2
DPTR FM NORMAL     0

[CDD (BASE 65) ]
TOTAL THIS MO.   521
DPTR FM NORMAL    -1    [PRESSURE DATA]
TOTAL FM JAN 1  2127    HIGHEST SLP 30.16 ON 16
DPTR FM NORMAL   151    LOWEST  SLP 29.77 ON  7

[REMARKS]
#FINAL-08-15#
