000
CXUS53 KLSX 281600
CF6STL
PRELIMINARY LOCAL CLIMATOLOGICAL DATA (WS FORM: F-6)

                                          STATION:   ST. LOUIS
                                          MONTH:     JANUARY
                                          YEAR:      2015
                                          LATITUDE:   38 45 N
                                          LONGITUDE:  90 23 W

  TEMPERATURE IN F:       :PCPN:    SNOW:  WIND      :SUNSHINE: SKY     :PK WND
================================================================================
1   2   3   4   5  6A  6B    7    8   9   10  11  12  13   14  15   16   17  18
                                     12Z  AVG MX 2MIN
DY MAX MIN AVG DEP HDD CDD  WTR  SNW DPTH SPD SPD DIR MIN PSBL S-S WX    SPD DR
================================================================================

 1  41  24  33   1  32   0 0.02  0.0    0 11.4 23 250   M    M   9        26 260
 2  41  35  38   6  27   0 0.03  0.0    0  5.7 13 140   M    M  10 18     16 130
 3  42  37  40   8  25   0 0.61  0.0    0  3.8 13 310   M    M  10 1      15 310
 4  40  16  28  -4  37   0 0.01    T    0 14.0 30 280   M    M   8 1      40 280
 5  26  12  19 -13  46   0 0.00  0.0    0  7.9 17 150   M    M   6        23 140
 6  30  22  26  -6  39   0 0.02  0.1    0 10.9 21 320   M    M   9        26 320
 7  22   4  13 -19  52   0 0.01  0.2    T 15.2 26 320   M    M   5 8      33 320
 8  32   3  18 -14  47   0    T    T    T 11.9 24 290   M    M   7        35 290
 9  32  13  23  -9  42   0    T    T    T 12.6 25 320   M    M   2        31 320
10  34  10  22 -10  43   0 0.00  0.0    0  8.0 15 160   M    M   2        21 170
11  38  32  35   3  30   0 0.29  0.0    0  5.9 13 170   M    M  10 1      15 180
12  36  15  26  -6  39   0 0.03    T    0 11.9 22  10   M    M   6 18     26 350
13  28  13  21 -11  44   0    T    T    0  8.0 15  30   M    M   3        17  40
14  30  13  22 -10  43   0 0.00  0.0    0  2.9  8 170   M    M   6        13 170
15  47  20  34   2  31   0 0.00  0.0    0  6.1 16 240   M    M   2        20 230
16  53  24  39   7  26   0 0.00  0.0    0  5.9 15 150   M    M   0        20 170
17  63  31  47  15  18   0 0.00  0.0    0 11.2 31 240   M    M   5        43 240
18  58  36  47  15  18   0 0.00  0.0    0  8.1 20 280   M    M   5        24 280
19  56  30  43  11  22   0 0.00  0.0    0  3.6 12 110   M    M   2        14 110
20  51  30  41   9  24   0 0.00  0.0    0  6.0 15 280   M    M   6        18 340
21  48  29  39   7  26   0 0.00  0.0    0  9.3 23 280   M    M   2        33 270
22  37  27  32   0  33   0 0.00  0.0    0  3.9 10  30   M    M   8 8      12  20
23  41  29  35   3  30   0 0.00  0.0    0  2.5  9 320   M    M   7        12 320
24  55  30  43  11  22   0 0.00  0.0    0 10.0 16 250   M    M   3        21 260
25  52  31  42  10  23   0 0.19    T    0 11.1 22 350   M    M  10 18     30 360
26  42  25  34   2  31   0    T    T    0  6.5 18 340   M    M   7        22 340
27  46  29  38   6  27   0 0.00  0.0    0  7.3 12  60   M    M   4        18  60
================================================================================
SM 1121  620       877   0  1.21     0.3 221.6          M      154
================================================================================
AV 41.5 23.0                               8.2 FASTST   M    M   6    MAX(MPH)
                                 MISC ---->  # 31 240               # 43  240
================================================================================
NOTES:
# LAST OF SEVERAL OCCURRENCES

COLUMN 17 PEAK WIND IN M.P.H.

PRELIMINARY LOCAL CLIMATOLOGICAL DATA (WS FORM: F-6) , PAGE 2

                                          STATION:  ST. LOUIS
                                          MONTH:    JANUARY
                                          YEAR:     2015
                                          LATITUDE:   38 45 N
                                          LONGITUDE:  90 23 W

[TEMPERATURE DATA]      [PRECIPITATION DATA]       SYMBOLS USED IN COLUMN 16

AVERAGE MONTHLY: 32.2   TOTAL FOR MONTH:   1.21    1 = FOG OR MIST
DPTR FM NORMAL:   0.2   DPTR FM NORMAL:   -0.90    2 = FOG REDUCING VISIBILITY
HIGHEST:    63 ON 17    GRTST 24HR  0.61 ON  3- 3      TO 1/4 MILE OR LESS
LOWEST:      3 ON  8                               3 = THUNDER
                        SNOW, ICE PELLETS, HAIL    4 = ICE PELLETS
                        TOTAL MONTH:   0.3 INCH    5 = HAIL
                        GRTST 24HR   0.2 ON   M    6 = FREEZING RAIN OR DRIZZLE
                        GRTST DEPTH:   0           7 = DUSTSTORM OR SANDSTORM:
                                                       VSBY 1/2 MILE OR LESS
                                                   8 = SMOKE OR HAZE
[NO. OF DAYS WITH]      [WEATHER - DAYS WITH]      9 = BLOWING SNOW
                                                   X = TORNADO
MAX 32 OR BELOW:   7    0.01 INCH OR MORE:   9
MAX 90 OR ABOVE:   0    0.10 INCH OR MORE:   3
MIN 32 OR BELOW:  24    0.50 INCH OR MORE:   1
MIN  0 OR BELOW:   0    1.00 INCH OR MORE:   0

[HDD (BASE 65) ]
TOTAL THIS MO.   877    CLEAR  (SCALE 0-3)   8
DPTR FM NORMAL   -22    PTCLDY (SCALE 4-7)  13
TOTAL FM JUL 1  2638    CLOUDY (SCALE 8-10)  6
DPTR FM NORMAL   -26

[CDD (BASE 65) ]
TOTAL THIS MO.     0
DPTR FM NORMAL     0    [PRESSURE DATA]
TOTAL FM JAN 1     0    HIGHEST SLP M ON M
DPTR FM NORMAL     0    LOWEST  SLP 29.58 ON 25

[REMARKS]
