000
CXUS53 KLSX 281600
CF6STL
PRELIMINARY LOCAL CLIMATOLOGICAL DATA (WS FORM: F-6)

                                          STATION:   ST. LOUIS
                                          MONTH:     FEBRUARY
                                          YEAR:      2015
                                          LATITUDE:   38 45 N
                                          LONGITUDE:  90 23 W

  TEMPERATURE IN F:       :PCPN:    SNOW:  WIND      :SUNSHINE: SKY     :PK WND
================================================================================
1   2   3   4   5  6A  6B    7    8   9   10  11  12  13   14  15   16   17  18
                                     12Z  AVG MX 2MIN
DY MAX MIN AVG DEP HDD CDD  WTR  SNW DPTH SPD SPD DIR MIN PSBL S-S WX    SPD DR
================================================================================

 1  42  22  32  -1  33   0 0.66  0.2    0 11.4 26 310   M    M  10 1      36 310
 2  29  18  24  -9  41   0    T    T    T 10.6 22 330   M    M   7        33 330
 3  50  23  37   4  28   0 0.00  0.0    0  7.5 16 200   M    M   4        20 210
 4  41  16  29  -5  36   0 0.06  0.7    0 12.0 20 360   M    M   7 16     24 350
 5  28   7  18 -16  47   0 0.00  0.0    1  4.9 15 340   M    M   1        18 340
 6  54  23  39   5  26   0 0.00  0.0    T  7.1 16 180   M    M   5        22 160
 7  71  34  53  19  12   0 0.00  0.0    0  9.2 20 220   M    M   2        28 200
 8  68  41  55  21  10   0    T  0.0    0 11.9 18 330   M    M   6 8      24 240
 9  41  31  36   1  29   0    T    T    0 11.2 17 340   M    M  10 18     21 350
10  44  28  36   1  29   0 0.00  0.0    0  6.7 12 150   M    M   6        15 130
11  42  29  36   1  29   0 0.00  0.0    0  9.3 22 320   M    M   5        25 310
12  29  13  21 -14  44   0    T  0.1    T 12.2 30 350   M    M   8        39 360
13  42  19  31  -5  34   0 0.00  0.0    0  6.1 13 260   M    M   6         M  M
14  38  12  25 -11  40   0 0.01    T    0 14.1 29 350   M    M   7        38 350
15  20  11  16 -20  49   0 0.14  1.7    0 10.2 17  40   M    M   9        21  40
16  21   8  15 -22  50   0 0.25  2.9    3  7.1 15 360   M    M   8        17 360
17  35  10  23 -14  42   0 0.02  0.3    3  7.3 28 330   M    M   8 1      41 320
18  22   6  14 -23  51   0 0.01    T    3 14.1 29 330   M    M   3        41 320
19  18   1  10 -27  55   0 0.00  0.0    2  6.4 15 110   M    M   3        16 110
20  28  12  20 -18  45   0 0.14  0.4    2 13.0 22 160   M    M  10 146    32 150
21  41  28  35  -3  30   0 0.09  1.0    3  4.4 13 350   M    M   8 1468   17 360
22  36  13  25 -13  40   0 0.00  0.0    2 13.0 21  10   M    M  10        24  10
23  16   5  11 -28  54   0 0.00  0.0    1  7.2 16 340   M    M   5        20 340
24  43  12  28 -11  37   0 0.00  0.0    T  9.7 22 280   M    M   3        29 240
25  45  22  34  -5  31   0    T    T    T  4.9 16  80   M    M   6        18  80
26  33   9  21 -19  44   0 0.05  0.7    T 12.6 20 320   M    M   8 1      26 330
27  20   2  11 -29  54   0 0.00  0.0    1  6.4 12 340   M    M   4        15 340
================================================================================
SM  997  455      1020   0  1.43     8.0 250.5          M      169
================================================================================
AV 36.9 16.9                               9.3 FASTST   M    M   6    MAX(MPH)
                                 MISC ---->  # 30 350               # 41  320
================================================================================
NOTES:
# LAST OF SEVERAL OCCURRENCES

COLUMN 17 PEAK WIND IN M.P.H.

PRELIMINARY LOCAL CLIMATOLOGICAL DATA (WS FORM: F-6) , PAGE 2

                                          STATION:  ST. LOUIS
                                          MONTH:    FEBRUARY
                                          YEAR:     2015
                                          LATITUDE:   38 45 N
                                          LONGITUDE:  90 23 W

[TEMPERATURE DATA]      [PRECIPITATION DATA]       SYMBOLS USED IN COLUMN 16

AVERAGE MONTHLY: 26.9   TOTAL FOR MONTH:   1.43    1 = FOG OR MIST
DPTR FM NORMAL:  -9.3   DPTR FM NORMAL:   -0.73    2 = FOG REDUCING VISIBILITY
HIGHEST:    71 ON  7    GRTST 24HR  0.66 ON  1- 1      TO 1/4 MILE OR LESS
LOWEST:      1 ON 19                               3 = THUNDER
                        SNOW, ICE PELLETS, HAIL    4 = ICE PELLETS
                        TOTAL MONTH:   8.0 INCHES  5 = HAIL
                        GRTST 24HR   2.9 ON   M    6 = FREEZING RAIN OR DRIZZLE
                        GRTST DEPTH:   3 ON 21,18  7 = DUSTSTORM OR SANDSTORM:
                                                       VSBY 1/2 MILE OR LESS
                                                   8 = SMOKE OR HAZE
[NO. OF DAYS WITH]      [WEATHER - DAYS WITH]      9 = BLOWING SNOW
                                                   X = TORNADO
MAX 32 OR BELOW:  10    0.01 INCH OR MORE:  10
MAX 90 OR ABOVE:   0    0.10 INCH OR MORE:   4
MIN 32 OR BELOW:  25    0.50 INCH OR MORE:   1
MIN  0 OR BELOW:   0    1.00 INCH OR MORE:   0

[HDD (BASE 65) ]
TOTAL THIS MO.  1020    CLEAR  (SCALE 0-3)   4
DPTR FM NORMAL   240    PTCLDY (SCALE 4-7)  16
TOTAL FM JUL 1  3759    CLOUDY (SCALE 8-10)  7
DPTR FM NORMAL   185

[CDD (BASE 65) ]
TOTAL THIS MO.     0
DPTR FM NORMAL     0    [PRESSURE DATA]
TOTAL FM JAN 1     0    HIGHEST SLP M ON M
DPTR FM NORMAL     0    LOWEST  SLP 29.65 ON  1

[REMARKS]
