000
CXUS53 KLSX 301600
CF6STL
PRELIMINARY LOCAL CLIMATOLOGICAL DATA (WS FORM: F-6)

                                          STATION:   ST. LOUIS
                                          MONTH:     JULY
                                          YEAR:      2014
                                          LATITUDE:   38 45 N
                                          LONGITUDE:  90 23 W

  TEMPERATURE IN F:       :PCPN:    SNOW:  WIND      :SUNSHINE: SKY     :PK WND
================================================================================
1   2   3   4   5  6A  6B    7    8   9   10  11  12  13   14  15   16   17  18
                                     12Z  AVG MX 2MIN
DY MAX MIN AVG DEP HDD CDD  WTR  SNW DPTH SPD SPD DIR MIN PSBL S-S WX    SPD DR
================================================================================

 1  89  75  82   2   0  17 0.02  0.0    0  9.2 18 260   M    M   7        28 250
 2  78  62  70 -10   0   5 0.00  0.0    0 10.5 22 280   M    M   6        30 290
 3  80  60  70 -10   0   5 0.00  0.0    0  5.7 13  20   M    M   5        17  30
 4  84  63  74  -6   0   9 0.00  0.0    0  4.6 12  90   M    M   4        16  70
 5  82  63  73  -7   0   8    T  0.0    0  8.3 21 170   M    M   7 8      28 170
 6  92  72  82   2   0  17    T  0.0    0 10.4 21 210   M    M   7        26 210
 7  92  78  85   5   0  20    T  0.0    0 11.0 23 360   M    M   7 3      30 210
 8  88  68  78  -2   0  13 0.33  0.0    0 11.8 35 270   M    M   6 13     45 270
 9  87  67  77  -3   0  12 0.00  0.0    0  7.2 16 360   M    M   2        22 300
10  85  64  75  -5   0  10 0.00  0.0    0  5.3 15 110   M    M   4        21 110
11  90  66  78  -2   0  13 0.00  0.0    0  8.8 17 150   M    M   5        23 160
12  97  80  89   9   0  24 0.00  0.0    0  9.9 16 210   M    M   9        21 210
13  92  77  85   5   0  20 0.11  0.0    0  7.4 20 250   M    M   8 38     24 250
14  90  67  79  -1   0  14 1.11  0.0    0  7.0  M   M   M    M   7 138     M  M
15  76  59  68 -12   0   3 0.00  0.0    0  8.1 18 330   M    M   3        24 320
16  79  59  69 -11   0   4 0.00  0.0    0  5.0 12 340   M    M   4        20 340
17  80  61  71  -9   0   6 0.00  0.0    0  4.7 10  80   M    M   6        17 200
18  82  65  74  -6   0   9 0.00  0.0    0  6.0 16  90   M    M   6        22  90
19  84  63  74  -6   0   9 0.00  0.0    0  4.3 13 150   M    M   3        22 200
20  87  65  76  -4   0  11 0.00  0.0    0  4.2 10 150   M    M   6         M  M
21  89  70  80   0   0  15 0.00  0.0    0  5.8 13 160   M    M   1        17 190
22  93  73  83   3   0  18 0.00  0.0    0  6.9 17 200   M    M   5        23 210
23  85  69  77  -3   0  12    T  0.0    0  9.4 18  20   M    M   7 8      23  10
24  82  61  72  -8   0   7 0.00  0.0    0  6.8 15  20   M    M   3        21  30
25  81  64  73  -7   0   8 0.02  0.0    0  8.2 22 190   M    M   7 3      28 180
26  99  73  86   6   0  21    T  0.0    0  8.2 23 280   M    M   6        30 280
27  94  72  83   3   0  18 0.00  0.0    0 13.0 28 280   M    M   5        38 310
28  81  62  72  -8   0   7 0.00  0.0    0  8.8 20 350   M    M   4        23 340
29  82  59  71  -9   0   6 0.00  0.0    0  4.1 12 330   M    M   2        17 330
================================================================================
SM 2500 1937         0 341  1.59     0.0 220.6          M      152
================================================================================
AV 86.2 66.8                               7.6 FASTST   M    M   5    MAX(MPH)
                                 MISC ---->  # 35 270               # 45  270
================================================================================
NOTES:
# LAST OF SEVERAL OCCURRENCES

COLUMN 17 PEAK WIND IN M.P.H.

PRELIMINARY LOCAL CLIMATOLOGICAL DATA (WS FORM: F-6) , PAGE 2

                                          STATION:  ST. LOUIS
                                          MONTH:    JULY
                                          YEAR:     2014
                                          LATITUDE:   38 45 N
                                          LONGITUDE:  90 23 W

[TEMPERATURE DATA]      [PRECIPITATION DATA]       SYMBOLS USED IN COLUMN 16

AVERAGE MONTHLY: 76.5   TOTAL FOR MONTH:   1.59    1 = FOG OR MIST
DPTR FM NORMAL:  -3.5   DPTR FM NORMAL:   -2.26    2 = FOG REDUCING VISIBILITY
HIGHEST:    99 ON 26    GRTST 24HR  1.11 ON 14-14      TO 1/4 MILE OR LESS
LOWEST:     59 ON 29,16                            3 = THUNDER
                        SNOW, ICE PELLETS, HAIL    4 = ICE PELLETS
                        TOTAL MONTH:   0.0 INCH    5 = HAIL
                        GRTST 24HR     0.0         6 = FREEZING RAIN OR DRIZZLE
                        GRTST DEPTH:   0           7 = DUSTSTORM OR SANDSTORM:
                                                       VSBY 1/2 MILE OR LESS
                                                   8 = SMOKE OR HAZE
[NO. OF DAYS WITH]      [WEATHER - DAYS WITH]      9 = BLOWING SNOW
                                                   X = TORNADO
MAX 32 OR BELOW:   0    0.01 INCH OR MORE:   5
MAX 90 OR ABOVE:   9    0.10 INCH OR MORE:   3
MIN 32 OR BELOW:   0    0.50 INCH OR MORE:   1
MIN  0 OR BELOW:   0    1.00 INCH OR MORE:   1

[HDD (BASE 65) ]
TOTAL THIS MO.     0    CLEAR  (SCALE 0-3)   5
DPTR FM NORMAL     0    PTCLDY (SCALE 4-7)  23
TOTAL FM JUL 1     0    CLOUDY (SCALE 8-10)  1
DPTR FM NORMAL     0

[CDD (BASE 65) ]
TOTAL THIS MO.   341
DPTR FM NORMAL   -94    [PRESSURE DATA]
TOTAL FM JAN 1  1001    HIGHEST SLP M ON M
DPTR FM NORMAL    58    LOWEST  SLP 29.67 ON  7

[REMARKS]
