000
CXUS53 KMPX 260700
CF6STP
PRELIMINARY LOCAL CLIMATOLOGICAL DATA (WS FORM: F-6)

                                          STATION:   ST PAUL MN
                                          MONTH:     OCTOBER
                                          YEAR:      2014
                                          LATITUDE:   44 55 N
                                          LONGITUDE:  93  4 W

  TEMPERATURE IN F:       :PCPN:    SNOW:  WIND      :SUNSHINE: SKY     :PK WND
================================================================================
1   2   3   4   5  6A  6B    7    8   9   10  11  12  13   14  15   16   17  18
                                     12Z  AVG MX 2MIN
DY MAX MIN AVG DEP HDD CDD  WTR  SNW DPTH SPD SPD DIR MIN PSBL S-S WX    SPD DR
================================================================================

 1  58  50  54  -2  11   0 0.82    M    M  8.9 18 140   M    M  10 1      26 130
 2  60  50  55   0  10   0 0.71    M    M  4.8 16 350   M    M  10 1      22 320
 3  51  36  44 -11  21   0 0.02    M    M 19.9 32 290   M    M   9 1      42 280
 4  51  36  44 -10  21   0 0.02    M    M 15.9 28 310   M    M   6        35 310
 5  49  34  42 -12  23   0 0.00    M    M  6.3 21 280   M    M   6        26 280
 6  62  34  48  -6  17   0    T    M    M  6.7 18 280   M    M   3        26 250
 7  60  44  52  -1  13   0 0.00    M    M 10.7 28 280   M    M   4        35 270
 8  58  40  49  -4  16   0 0.00    M    M  9.6 26 320   M    M   1        34 320
 9  54  33  44  -8  21   0 0.00    M    M  4.1 15 300   M    M   0        20 330
10  52  32  42 -10  23   0 0.00    M    M  4.6 15 300   M    M   1        18 300
11  58  32  45  -7  20   0 0.00    M    M  5.3 13 170   M    M   2 12     17 160
12  63  37  50  -1  15   0 0.00    M    M 12.0 24 150   M    M   3        30 130
13  58  51  55   4  10   0 0.07    M    M  6.8 17 360   M    M  10 1      24 360
14  64  45  55   5  10   0 0.01    M    M 12.3 25  30   M    M   4        32 340
15  65  40  53   3  12   0 0.00    M    M  4.1 13 350   M    M   0 8      16 340
16  72  39  56   6   9   0 0.00    M    M  8.7 23 290   M    M   1        31 290
17  58  50  54   5  11   0 0.00    M    M 15.7 26 310   M    M  10        33 300
18  55  38  47  -2  18   0 0.00    M    M  6.3 23 340   M    M   4 8      28 340
19  67  38  53   5  12   0 0.00    M    M  9.2 17 210   M    M   0        25 210
20  63  41  52   4  13   0 0.00    M    M  6.8 18 310   M    M   0        24 320
21  57  36  47  -1  18   0 0.00    M    M  7.4 15 130   M    M   0        18 130
22  60  40  50   3  15   0 0.01    M    M 14.4 24 150   M    M   3        31 160
23  68  46  57  10   8   0 0.10    M    M  5.6 13 150   M    M   4 1      15 140
24  65  45  55   9  10   0 0.00    M    M  6.1 15 140   M    M   3 12     18 140
25  63  40  52   6  13   0 0.00    M    M 11.1 23 290   M    M   0        27 280
================================================================================
SM 1491 1007       370   0  1.76    M    223.3          M       94
================================================================================
AV 59.6 40.3                               8.9 FASTST   M    M   4    MAX(MPH)
                                 MISC ---->  # 32 290               # 42  280
================================================================================
NOTES:
# LAST OF SEVERAL OCCURRENCES

COLUMN 17 PEAK WIND IN M.P.H.

PRELIMINARY LOCAL CLIMATOLOGICAL DATA (WS FORM: F-6) , PAGE 2

                                          STATION:  ST PAUL MN
                                          MONTH:    OCTOBER
                                          YEAR:     2014
                                          LATITUDE:   44 55 N
                                          LONGITUDE:  93  4 W

[TEMPERATURE DATA]      [PRECIPITATION DATA]       SYMBOLS USED IN COLUMN 16

AVERAGE MONTHLY: 50.0   TOTAL FOR MONTH:   1.76    1 = FOG OR MIST
DPTR FM NORMAL:  -0.8   DPTR FM NORMAL:   -0.53    2 = FOG REDUCING VISIBILITY
HIGHEST:    72 ON 16    GRTST 24HR  0.82 ON  1- 1      TO 1/4 MILE OR LESS
LOWEST:     32 ON 11,10                            3 = THUNDER
                        SNOW, ICE PELLETS, HAIL    4 = ICE PELLETS
                        TOTAL MONTH:    M          5 = HAIL
                        GRTST 24HR    M  ON   M    6 = FREEZING RAIN OR DRIZZLE
                        GRTST DEPTH:  M  ON   M    7 = DUSTSTORM OR SANDSTORM:
                                                       VSBY 1/2 MILE OR LESS
                                                   8 = SMOKE OR HAZE
[NO. OF DAYS WITH]      [WEATHER - DAYS WITH]      9 = BLOWING SNOW
                                                   X = TORNADO
MAX 32 OR BELOW:   0    0.01 INCH OR MORE:   8
MAX 90 OR ABOVE:   0    0.10 INCH OR MORE:   3
MIN 32 OR BELOW:   2    0.50 INCH OR MORE:   2
MIN  0 OR BELOW:   0    1.00 INCH OR MORE:   0

[HDD (BASE 65) ]
TOTAL THIS MO.   370    CLEAR  (SCALE 0-3)  12
DPTR FM NORMAL     9    PTCLDY (SCALE 4-7)   8
TOTAL FM JUL 1   516    CLOUDY (SCALE 8-10)  5
DPTR FM NORMAL     4

[CDD (BASE 65) ]
TOTAL THIS MO.     0
DPTR FM NORMAL    -8    [PRESSURE DATA]
TOTAL FM JAN 1   656    HIGHEST SLP M ON M
DPTR FM NORMAL  -115    LOWEST  SLP 29.47 ON  6

[REMARKS]
