668
CXUS56 KMTR 221000
CF6STS
PRELIMINARY LOCAL CLIMATOLOGICAL DATA (WS FORM: F-6)

                                          STATION:   SANTA ROSA AIRPORT
                                          MONTH:     FEBRUARY
                                          YEAR:      2017
                                          LATITUDE:   38 30 N
                                          LONGITUDE: 122 49 W

  TEMPERATURE IN F:       :PCPN:    SNOW:  WIND      :SUNSHINE: SKY     :PK WND
================================================================================
1   2   3   4   5  6A  6B    7    8   9   10  11  12  13   14  15   16   17  18
                                     12Z  AVG MX 2MIN
DY MAX MIN AVG DEP HDD CDD  WTR  SNW DPTH SPD SPD DIR MIN PSBL S-S WX    SPD DR
================================================================================

 1  56  39  48   0  17   0    T    M    0  3.0 10 270   M    M   7 128    13 270
 2  58  46  52   4  13   0 1.71  0.0    0  6.6 18 160   M    M  10 1      22 140
 3  59  53  56   8   9   0 0.84  0.0    0  9.0 21 220   M    M  10 18     31 180
 4  60  50  55   7  10   0 0.06  0.0    0  5.9 13 200   M    M   7 1      17 220
 5  57  49  53   5  12   0 0.56    M    0  7.5 23 170   M    M   9 1      30 160
 6  56  52  54   5  11   0 1.44  0.0    0  7.9 17 180   M    M  10 1      25 200
 7  61  54  58   9   7   0 1.60  0.0    0  8.8 25 200   M    M  10 1      39 190
 8  60  54  57   8   8   0 1.22  0.0    0  6.0 14 190   M    M  10 1      19 180
 9  60  55  58   9   7   0 1.74  0.0    0 10.4 24 170   M    M  10 1      39 160
10  62  45  54   5  11   0 0.01    M    0  4.7 14 250   M    M   7 12     18 250
11  67  39  53   4  12   0 0.01  0.0    0  4.2 13 350   M    M   0        16 340
12  68  38  53   4  12   0 0.00  0.0    0  5.5 12 330   M    M   1        12 170
13  67  40  54   4  11   0 0.00  0.0    0  2.6  8  70   M    M   4 12     10 270
14  69  41  55   5  10   0 0.00  0.0    0  3.0 10 170   M    M   3 1      13 220
15  65  48  57   7   8   0    T  0.0    0  4.7 17 160   M    M   7        24 160
16  62  47  55   5  10   0 0.84    M    0  7.3 20 150   M    M   6 1      27 150
17  55  47  51   1  14   0 1.29    M    0  6.9 23 100   M    M   9 1      30 100
18  60  46  53   3  12   0 0.02    M    0  8.4 24 320   M    M   8 1      30 310
19  54  47  51   1  14   0 1.06  0.0    0  7.4 17 150   M    M   9 13     25 140
20  58  52  55   4  10   0 2.07  0.0    0 13.6 32 180   M    M  10 1      43 190
21  57  43  50  -1  15   0 0.14    M    0  5.2 18 190   M    M   7 18     30 180
================================================================================
SM 1271  985       233   0 14.61     0.0 138.6          M      154
================================================================================
AV 60.5 46.9                               6.6 FASTST   M    M   7    MAX(MPH)
                                 MISC ---->  # 32 180               # 43  190
================================================================================
NOTES:
# LAST OF SEVERAL OCCURRENCES

COLUMN 17 PEAK WIND IN M.P.H.

PRELIMINARY LOCAL CLIMATOLOGICAL DATA (WS FORM: F-6) , PAGE 2

                                          STATION:  SANTA ROSA AIRPORT
                                          MONTH:    FEBRUARY
                                          YEAR:     2017
                                          LATITUDE:   38 30 N
                                          LONGITUDE: 122 49 W

[TEMPERATURE DATA]      [PRECIPITATION DATA]       SYMBOLS USED IN COLUMN 16

AVERAGE MONTHLY: 53.7   TOTAL FOR MONTH:  14.61    1 = FOG OR MIST
DPTR FM NORMAL:   4.4   DPTR FM NORMAL:    9.85    2 = FOG REDUCING VISIBILITY
HIGHEST:    69 ON 14    GRTST 24HR  2.88 ON  6- 7      TO 1/4 MILE OR LESS
LOWEST:     38 ON 12                               3 = THUNDER
                        SNOW, ICE PELLETS, HAIL    4 = ICE PELLETS
                        TOTAL MONTH:   0.0 INCH    5 = HAIL
                        GRTST 24HR     0.0         6 = FREEZING RAIN OR DRIZZLE
                        GRTST DEPTH:   0           7 = DUSTSTORM OR SANDSTORM:
                                                       VSBY 1/2 MILE OR LESS
                                                   8 = SMOKE OR HAZE
[NO. OF DAYS WITH]      [WEATHER - DAYS WITH]      9 = BLOWING SNOW
                                                   X = TORNADO
MAX 32 OR BELOW:   0    0.01 INCH OR MORE:  16
MAX 90 OR ABOVE:   0    0.10 INCH OR MORE:  12
MIN 32 OR BELOW:   0    0.50 INCH OR MORE:  11
MIN  0 OR BELOW:   0    1.00 INCH OR MORE:   8

[HDD (BASE 65) ]
TOTAL THIS MO.   233    CLEAR  (SCALE 0-3)   3
DPTR FM NORMAL   -97    PTCLDY (SCALE 4-7)   8
TOTAL FM JUL 1  1879    CLOUDY (SCALE 8-10) 10
DPTR FM NORMAL  -205

[CDD (BASE 65) ]
TOTAL THIS MO.     0
DPTR FM NORMAL     0    [PRESSURE DATA]
TOTAL FM JAN 1     0    HIGHEST SLP M ON M
DPTR FM NORMAL     0    LOWEST  SLP 29.14 ON 17

[REMARKS]
