000
CXUS56 KMTR 231000
CF6STS
PRELIMINARY LOCAL CLIMATOLOGICAL DATA (WS FORM: F-6)

                                          STATION:   SANTA ROSA AIRPORT
                                          MONTH:     OCTOBER
                                          YEAR:      2017
                                          LATITUDE:   38 30 N
                                          LONGITUDE: 122 49 W

  TEMPERATURE IN F:       :PCPN:    SNOW:  WIND      :SUNSHINE: SKY     :PK WND
================================================================================
1   2   3   4   5  6A  6B    7    8   9   10  11  12  13   14  15   16   17  18
                                     12Z  AVG MX 2MIN
DY MAX MIN AVG DEP HDD CDD  WTR  SNW DPTH SPD SPD DIR MIN PSBL S-S WX    SPD DR
================================================================================

 1  85  48  67   3   0   2 0.00  0.0    0  7.3 17 340   M    M   0        21 340
 2  82  53  68   4   0   3 0.00  0.0    0  9.0 16 340   M    M   0        21 340
 3  82  39  61  -3   4   0 0.00  0.0    0  4.9 21  20   M    M   0        27  10
 4  81  39  60  -3   5   0 0.00  0.0    0  2.8 13 190   M    M   0        16 180
 5  84  38  61  -2   4   0 0.00    M    0  2.3 14 240   M    M   0        17 240
 6  91  41  66   3   0   1 0.00  0.0    0  3.6 15 240   M    M   0        20 240
 7  89  40  65   2   0   0 0.00  0.0    0  3.0 10 160   M    M   0        14 150
 8  89  48  69   6   0   4 0.00  0.0    0 12.2 28  20   M    M   0        40  30
 9   M   M   M   M   M   M 0.00  0.0    0 13.9 24  10   M    M   9 18     36  10
10   M   M   M   M   M   M 0.00  0.0    M  5.5 12 150   M    M   0 1       M  M
11  76   M   M   M   M   M 0.00  0.0    0  8.4 22 320   M    M   4 18     27 320
12  77  40  59  -3   6   0 0.00    M    0  5.8 13  10   M    M   2 8      14  10
13  78  38  58  -4   7   0 0.00    M    0  3.9 10  20   M    M   4 8      14 210
14  83  42  63   2   2   0 0.00  0.0    0  3.8 12 330   M    M   0 8      13 350
15  86  37  62   1   3   0 0.00  0.0    0  2.3  9 340   M    M   0 8      12 160
16  87  41  64   3   1   0 0.00    M    0  2.0  8 170   M    M   1 8       9 170
17  86  44  65   4   0   0 0.00  0.0    0  3.6 12 150   M    M   2 18     15 180
18  75  41  58  -2   7   0 0.00  0.0    0  3.9 15 140   M    M   5 128    17 140
19  63  49  56  -4   9   0 0.21    M    0  5.1 18 260   M    M  10 18     25 270
20  64  41  53  -7  12   0 0.00  0.0    0  5.1 15 250   M    M   3 1      18 240
21  73  37  55  -5  10   0 0.00  0.0    0  3.1 12 250   M    M   1 1      16 260
22  80  42  61   2   4   0 0.00  0.0    0  4.4 15 360   M    M   3 12     18  10
================================================================================
SM 1611  798        74  10  0.21     0.0 115.9          M       44
================================================================================
AV 80.6 42.0                               5.3 FASTST   M    M   2    MAX(MPH)
                                 MISC ---->  # 28  20               # 40   30
================================================================================
NOTES:
# LAST OF SEVERAL OCCURRENCES

COLUMN 17 PEAK WIND IN M.P.H.

PRELIMINARY LOCAL CLIMATOLOGICAL DATA (WS FORM: F-6) , PAGE 2

                                          STATION:  SANTA ROSA AIRPORT
                                          MONTH:    OCTOBER
                                          YEAR:     2017
                                          LATITUDE:   38 30 N
                                          LONGITUDE: 122 49 W

[TEMPERATURE DATA]      [PRECIPITATION DATA]       SYMBOLS USED IN COLUMN 16

AVERAGE MONTHLY: 61.3   TOTAL FOR MONTH:   0.21    1 = FOG OR MIST
DPTR FM NORMAL:  -0.5   DPTR FM NORMAL:   -0.90    2 = FOG REDUCING VISIBILITY
HIGHEST:    91 ON  6    GRTST 24HR  0.21 ON 19-19      TO 1/4 MILE OR LESS
LOWEST:     37 ON 21,15                            3 = THUNDER
                        SNOW, ICE PELLETS, HAIL    4 = ICE PELLETS
                        TOTAL MONTH:   0.0 INCH    5 = HAIL
                        GRTST 24HR     0.0         6 = FREEZING RAIN OR DRIZZLE
                        GRTST DEPTH:   0           7 = DUSTSTORM OR SANDSTORM:
                                                       VSBY 1/2 MILE OR LESS
                                                   8 = SMOKE OR HAZE
[NO. OF DAYS WITH]      [WEATHER - DAYS WITH]      9 = BLOWING SNOW
                                                   X = TORNADO
MAX 32 OR BELOW:   0    0.01 INCH OR MORE:   1
MAX 90 OR ABOVE:   1    0.10 INCH OR MORE:   1
MIN 32 OR BELOW:   0    0.50 INCH OR MORE:   0
MIN  0 OR BELOW:   0    1.00 INCH OR MORE:   0

[HDD (BASE 65) ]
TOTAL THIS MO.    74    CLEAR  (SCALE 0-3)  16
DPTR FM NORMAL   -15    PTCLDY (SCALE 4-7)   4
TOTAL FM JUL 1    92    CLOUDY (SCALE 8-10)  2
DPTR FM NORMAL   -74

[CDD (BASE 65) ]
TOTAL THIS MO.    10
DPTR FM NORMAL    -7    [PRESSURE DATA]
TOTAL FM JAN 1   611    HIGHEST SLP M ON M
DPTR FM NORMAL   241    LOWEST  SLP 29.75 ON  3

[REMARKS]
