000
CXUS55 KFSD 250905
CF6SUX
PRELIMINARY LOCAL CLIMATOLOGICAL DATA (WS FORM: F-6)

                                          STATION:   SIOUX CITY IA
                                          MONTH:     JULY
                                          YEAR:      2014
                                          LATITUDE:   42 24 N
                                          LONGITUDE:  96 23 W

  TEMPERATURE IN F:       :PCPN:    SNOW:  WIND      :SUNSHINE: SKY     :PK WND
================================================================================
1   2   3   4   5  6A  6B    7    8   9   10  11  12  13   14  15   16   17  18
                                     12Z  AVG MX 2MIN
DY MAX MIN AVG DEP HDD CDD  WTR  SNW DPTH SPD SPD DIR MIN PSBL S-S WX    SPD DR
================================================================================

 1  75  57  66  -8   0   1    T  0.0    0 16.1 30 330   M    M   3        39 320
 2  74  54  64 -10   1   0 0.01  0.0    0 10.8 21 350   M    M   6 1      27 340
 3  78  49  64 -10   1   0 0.00  0.0    0  4.6 12 160   M    M   3        15 160
 4  82  60  71  -3   0   6 0.00  0.0    0 12.1 22 160   M    M   2        30 160
 5  87  66  77   3   0  12 0.40  0.0    0  9.2 22 180   M    M   3 13     32 180
 6  92  67  80   6   0  15 0.00  0.0    0  5.9 17 330   M    M   3 128    23 330
 7  84  62  73  -1   0   8 0.01  0.0    0  6.0 20 350   M    M   1        26 340
 8  82  60  71  -4   0   6 0.00  0.0    0 10.0 23 330   M    M   1        29 330
 9  83  55  69  -6   0   4 0.00  0.0    0  3.6 12 250   M    M   1 1      17 250
10  86  60  73  -2   0   8 0.00  0.0    0 10.6 21 170   M    M   1 1      29 170
11  78  69  74  -1   0   9 1.33  0.0    0  7.8 20 180   M    M   4 13     24 180
12  79  66  73  -2   0   8 1.76  0.0    0  5.4 15 350   M    M   5 13     18 350
13  85  62  74  -1   0   9 0.00  0.0    0  5.2 14 290   M    M   1 12     17 290
14  73  56  65 -10   0   0 0.00  0.0    0 12.2 28 330   M    M   2        33 330
15  74  52  63 -12   2   0 0.00  0.0    0  6.9 17 360   M    M   3        22  10
16  77  49  63 -12   2   0 0.00  0.0    0  2.0  8  40   M    M   2 1      13  50
17  79  52  66  -9   0   1 0.00  0.0    0  4.9 10 180   M    M   2 1      14 200
18  77  57  67  -8   0   2 0.00  0.0    0 10.4 21 170   M    M   4        27 170
19  82  64  73  -2   0   8 0.00  0.0    0 10.1 18 190   M    M   3        25 180
20  88  65  77   2   0  12 0.00  0.0    0 10.2 17 170   M    M   3        23 170
21  93  72  83   8   0  18 0.00  0.0    0  9.4 16 170   M    M   2        23 140
22  87  68  78   4   0  13    T  0.0    0  9.6 24 360   M    M   0        31 360
23  83  60  72  -2   0   7 0.00  0.0    0  4.9 13  70   M    M   0        16  50
24  80  62  71  -3   0   6 0.09  0.0    0 12.0 28 190   M    M   2 13     36 180
================================================================================
SM 1958 1444         6 153  3.60     0.0 199.9          M       57
================================================================================
AV 81.6 60.2                               8.3 FASTST   M    M   2    MAX(MPH)
                                 MISC ---->  # 30 330               # 39  320
================================================================================
NOTES:
# LAST OF SEVERAL OCCURRENCES

COLUMN 17 PEAK WIND IN M.P.H.

PRELIMINARY LOCAL CLIMATOLOGICAL DATA (WS FORM: F-6) , PAGE 2

                                          STATION:  SIOUX CITY IA
                                          MONTH:    JULY
                                          YEAR:     2014
                                          LATITUDE:   42 24 N
                                          LONGITUDE:  96 23 W

[TEMPERATURE DATA]      [PRECIPITATION DATA]       SYMBOLS USED IN COLUMN 16

AVERAGE MONTHLY: 70.9   TOTAL FOR MONTH:   3.60    1 = FOG OR MIST
DPTR FM NORMAL:  -3.7   DPTR FM NORMAL:    0.90    2 = FOG REDUCING VISIBILITY
HIGHEST:    93 ON 21    GRTST 24HR  3.07 ON 11-12      TO 1/4 MILE OR LESS
LOWEST:     49 ON 16, 3                            3 = THUNDER
                        SNOW, ICE PELLETS, HAIL    4 = ICE PELLETS
                        TOTAL MONTH:   0.0 INCH    5 = HAIL
                        GRTST 24HR     0.0         6 = FREEZING RAIN OR DRIZZLE
                        GRTST DEPTH:   0           7 = DUSTSTORM OR SANDSTORM:
                                                       VSBY 1/2 MILE OR LESS
                                                   8 = SMOKE OR HAZE
[NO. OF DAYS WITH]      [WEATHER - DAYS WITH]      9 = BLOWING SNOW
                                                   X = TORNADO
MAX 32 OR BELOW:   0    0.01 INCH OR MORE:   6
MAX 90 OR ABOVE:   2    0.10 INCH OR MORE:   3
MIN 32 OR BELOW:   0    0.50 INCH OR MORE:   2
MIN  0 OR BELOW:   0    1.00 INCH OR MORE:   2

[HDD (BASE 65) ]
TOTAL THIS MO.     6    CLEAR  (SCALE 0-3)  18
DPTR FM NORMAL     6    PTCLDY (SCALE 4-7)   6
TOTAL FM JUL 1     6    CLOUDY (SCALE 8-10)  0
DPTR FM NORMAL     6

[CDD (BASE 65) ]
TOTAL THIS MO.   153
DPTR FM NORMAL   -80    [PRESSURE DATA]
TOTAL FM JAN 1   469    HIGHEST SLP M ON M
DPTR FM NORMAL   -16    LOWEST  SLP 29.65 ON 24

[REMARKS]
