000
CXUS55 KPUB 011159
CF6TAD
PRELIMINARY LOCAL CLIMATOLOGICAL DATA (WS FORM: F-6)

                                          STATION:   TRINIDAD CO
                                          MONTH:     FEBRUARY
                                          YEAR:      2015
                                          LATITUDE:   37 16 N
                                          LONGITUDE: 104 20 W

  TEMPERATURE IN F:       :PCPN:    SNOW:  WIND      :SUNSHINE: SKY     :PK WND
================================================================================
1   2   3   4   5  6A  6B    7    8   9   10  11  12  13   14  15   16   17  18
                                     12Z  AVG MX 2MIN
DY MAX MIN AVG DEP HDD CDD  WTR  SNW DPTH SPD SPD DIR MIN PSBL S-S WX    SPD DR
================================================================================

 1  36  24  30  -3  35   0 0.06    M    M  7.3 15  40   M    M  10 1      23  40
 2  58  24  41   8  24   0 0.00  0.0    0 11.0 31 320   M    M   0        40 310
 3  63  33  48  15  17   0 0.00  0.0    0 10.4 21 330   M    M   0        26 330
 4  45  23  34   1  31   0    T  0.0    0  9.5 32  20   M    M   6 1268   43  40
 5  67  22  45  12  20   0 0.00  0.0    0  9.3 21 250   M    M   0        24 320
 6  75  31  53  20  12   0 0.00  0.0    0 12.5 23 320   M    M   0        29 320
 7  75  35  55  21  10   0 0.00  0.0    0 15.2 32 310   M    M   0        39 310
 8  70  34  52  18  13   0 0.00  0.0    0  9.8 18 240   M    M   0        22 300
 9  69  31  50  16  15   0 0.00  0.0    0  9.4 21 260   M    M   0        24 250
10  65  26  46  12  19   0    T  0.0    0 11.1 21 110   M    M   2        27 110
11  42  30  36   2  29   0 0.18    M    M  9.2 18 240   M    M   7 1      21 350
12  58  26  42   8  23   0 0.00  0.0    0 10.8 18 240   M    M   0        22 230
13  62  32  47  13  18   0 0.00  0.0    0  8.5 20 230   M    M   0        22 230
14  69  32  51  16  14   0 0.00  0.0    0  8.1 18 260   M    M   0        20 260
15  42  24  33  -2  32   0 0.18    M    0  7.7 16  30   M    M   4 1      20  30
16  31  15  23 -12  42   0 0.14    M    M  4.7 13  20   M    M  10 12     16  30
17  29   8  19 -16  46   0 0.00  0.0    M  7.1 17 230   M    M   2        19 230
18  45  11  28  -8  37   0 0.00  0.0    M  6.8 15 240   M    M   0 8      18 250
19  64  25  45   9  20   0 0.00  0.0    0 13.0 28 310   M    M   0        35 310
20  65  32  49  13  16   0 0.01  0.0    0 12.0 38  20   M    M   3 18     47  20
21  46  19  33  -3  32   0 0.03    M    0  9.0 29 330   M    M   7 16     37 340
22  19   7  13 -23  52   0 0.15    M    M  9.8 20  30   M    M  10 128    24  30
23  20   5  13 -24  52   0    T    M    M  7.1 23 240   M    M   4 1      28 240
24  38   8  23 -14  42   0 0.00  0.0    M  8.3 18 240   M    M   0        22 250
25  43  22  33  -4  32   0 0.06    M    M 12.5 24  30   M    M   5 1      29  20
26  24  11  18 -20  47   0 0.02    M    M  8.6 15 300   M    M  10 18     18 340
27  21   4  13 -25  52   0 0.00    M    M  7.0 14 320   M    M   5 18     18 320
28  23   6  15 -23  50   0    T    M    M  3.2  8  60   M    M   6 1      11 330
================================================================================
SM 1364  600       832   0  0.83     0.0 258.9          M       91
================================================================================
AV 48.7 21.4                               9.2 FASTST   M    M   3    MAX(MPH)
                                 MISC ---->  # 38  20               # 47   20
================================================================================
NOTES:
# LAST OF SEVERAL OCCURRENCES

COLUMN 17 PEAK WIND IN M.P.H.

PRELIMINARY LOCAL CLIMATOLOGICAL DATA (WS FORM: F-6) , PAGE 2

                                          STATION:  TRINIDAD CO
                                          MONTH:    FEBRUARY
                                          YEAR:     2015
                                          LATITUDE:   37 16 N
                                          LONGITUDE: 104 20 W

[TEMPERATURE DATA]      [PRECIPITATION DATA]       SYMBOLS USED IN COLUMN 16

AVERAGE MONTHLY: 35.1   TOTAL FOR MONTH:   0.83    1 = FOG OR MIST
DPTR FM NORMAL:   0.1   DPTR FM NORMAL:    0.34    2 = FOG REDUCING VISIBILITY
HIGHEST:    75 ON  7, 6 GRTST 24HR  0.27 ON 15-16      TO 1/4 MILE OR LESS
LOWEST:      4 ON 27                               3 = THUNDER
                        SNOW, ICE PELLETS, HAIL    4 = ICE PELLETS
                        TOTAL MONTH:   0.0 INCH    5 = HAIL
                        GRTST 24HR     0.0         6 = FREEZING RAIN OR DRIZZLE
                        GRTST DEPTH:   0           7 = DUSTSTORM OR SANDSTORM:
                                                       VSBY 1/2 MILE OR LESS
                                                   8 = SMOKE OR HAZE
[NO. OF DAYS WITH]      [WEATHER - DAYS WITH]      9 = BLOWING SNOW
                                                   X = TORNADO
MAX 32 OR BELOW:   7    0.01 INCH OR MORE:   9
MAX 90 OR ABOVE:   0    0.10 INCH OR MORE:   4
MIN 32 OR BELOW:  25    0.50 INCH OR MORE:   0
MIN  0 OR BELOW:   0    1.00 INCH OR MORE:   0

[HDD (BASE 65) ]
TOTAL THIS MO.   832    CLEAR  (SCALE 0-3)  16
DPTR FM NORMAL    -8    PTCLDY (SCALE 4-7)   8
TOTAL FM JUL 1  3813    CLOUDY (SCALE 8-10)  4
DPTR FM NORMAL  -309

[CDD (BASE 65) ]
TOTAL THIS MO.     0
DPTR FM NORMAL     0    [PRESSURE DATA]
TOTAL FM JAN 1     0    HIGHEST SLP 30.57 ON 22
DPTR FM NORMAL     0    LOWEST  SLP 29.49 ON 20

[REMARKS]
#FINAL-02-15#
