000
CXUS54 KBMX 281216
CF6TCL
PRELIMINARY LOCAL CLIMATOLOGICAL DATA (WS FORM: F-6)

                                          STATION:   TUSCALOOSA
                                          MONTH:     FEBRUARY
                                          YEAR:      2015
                                          LATITUDE:   33 13 N
                                          LONGITUDE:  87 37 W

  TEMPERATURE IN F:       :PCPN:    SNOW:  WIND      :SUNSHINE: SKY     :PK WND
================================================================================
1   2   3   4   5  6A  6B    7    8   9   10  11  12  13   14  15   16   17  18
                                     12Z  AVG MX 2MIN
DY MAX MIN AVG DEP HDD CDD  WTR  SNW DPTH SPD SPD DIR MIN PSBL S-S WX    SPD DR
================================================================================

 1  61  42  52   6  13   0 0.29  0.0    0  8.3 23 290   M    M   8 13     30 230
 2  52  27  40  -6  25   0 0.00  0.0    0 10.0 23 330   M    M   7        35 340
 3  48  25  37  -9  28   0 0.00  0.0    0  1.5  7  40   M    M   0        10  40
 4  52  30  41  -5  24   0 0.00  0.0    0  2.1  8 180   M    M   1        11 180
 5  52  27  40  -6  25   0 0.00  0.0    0  9.6 25  10   M    M   3        34  10
 6  56  22  39  -8  26   0 0.00  0.0    0  0.8  8 190   M    M   0        10 180
 7  68  27  48   1  17   0 0.00  0.0    0  5.0 17 190   M    M   0        21 180
 8  71  38  55   8  10   0    T  0.0    0  6.7 20 200   M    M   5        25 200
 9  70  41  56   9   9   0 0.03  0.0    0  9.3 22 350   M    M   7 18     29 290
10  55  32  44  -4  21   0 0.00  0.0    0 10.2 21 350   M    M   5 18     28 360
11  65  29  47  -1  18   0 0.00  0.0    0  2.7  9 310   M    M   0 18     12 310
12  50  30  40  -8  25   0 0.00  0.0    0 10.6 22 350   M    M   1 8      36 340
13  48  28  38 -10  27   0 0.00  0.0    0  4.4 14  30   M    M   0        17  40
14  67  25  46  -2  19   0 0.00  0.0    0  4.7 21  10   M    M   0 18     25 360
15  49  28  39 -10  26   0 0.00  0.0    0 10.2 24  20   M    M   1        30  10
16  56  32  44  -5  21   0 1.14  0.0    0  7.4 24 310   M    M   9 1      33 310
17  38  26  32 -17  33   0 0.00  0.0    0  8.9 20 360   M    M   5        26  10
18  45  22  34 -16  31   0 0.00  0.0    0 10.9 30 300   M    M   2        45 300
19  36  19  28 -22  37   0 0.00  0.0    0  6.8 14 340   M    M   1        20 360
20  43  24  34 -16  31   0 0.00  0.0    0  7.1 14 140   M    M   8        22 130
21  66  42  54   4  11   0 1.16  0.0    0 13.3 29 180   M    M  10 13     37 190
22  57  40  49  -2  16   0 0.58  0.0    0  8.6 18  30   M    M  10 1      22 360
23  45  34  40 -11  25   0 0.66  0.0    0 11.3 22  10   M    M   7 18     27 350
24  47  32  40 -11  25   0 0.00  0.0    0  5.6 13 360   M    M   7        15 350
25  36  33  35 -17  30   0 0.72    M    0  5.3 12  40   M    M   7 1      14  40
26  45  33  39 -13  26   0 0.00  0.0    0  7.5 15 350   M    M   7 18     22  10
27  48  31  40 -12  25   0 0.00  0.0    0 10.4 18  20   M    M   3        23  30
================================================================================
SM 1426  819       624   0  4.58     0.0 199.2          M      114
================================================================================
AV 52.8 30.3                               7.4 FASTST   M    M   4    MAX(MPH)
                                 MISC ---->  # 30 300               # 45  300
================================================================================
NOTES:
# LAST OF SEVERAL OCCURRENCES

COLUMN 17 PEAK WIND IN M.P.H.

PRELIMINARY LOCAL CLIMATOLOGICAL DATA (WS FORM: F-6) , PAGE 2

                                          STATION:  TUSCALOOSA
                                          MONTH:    FEBRUARY
                                          YEAR:     2015
                                          LATITUDE:   33 13 N
                                          LONGITUDE:  87 37 W

[TEMPERATURE DATA]      [PRECIPITATION DATA]       SYMBOLS USED IN COLUMN 16

AVERAGE MONTHLY: 41.6   TOTAL FOR MONTH:   4.58    1 = FOG OR MIST
DPTR FM NORMAL:  -7.1   DPTR FM NORMAL:   -0.56    2 = FOG REDUCING VISIBILITY
HIGHEST:    71 ON  8    GRTST 24HR  1.52 ON 21-22      TO 1/4 MILE OR LESS
LOWEST:     19 ON 19                               3 = THUNDER
                        SNOW, ICE PELLETS, HAIL    4 = ICE PELLETS
                        TOTAL MONTH:   0.0 INCH    5 = HAIL
                        GRTST 24HR     0.0         6 = FREEZING RAIN OR DRIZZLE
                        GRTST DEPTH:   0           7 = DUSTSTORM OR SANDSTORM:
                                                       VSBY 1/2 MILE OR LESS
                                                   8 = SMOKE OR HAZE
[NO. OF DAYS WITH]      [WEATHER - DAYS WITH]      9 = BLOWING SNOW
                                                   X = TORNADO
MAX 32 OR BELOW:   0    0.01 INCH OR MORE:   7
MAX 90 OR ABOVE:   0    0.10 INCH OR MORE:   6
MIN 32 OR BELOW:  19    0.50 INCH OR MORE:   5
MIN  0 OR BELOW:   0    1.00 INCH OR MORE:   2

[HDD (BASE 65) ]
TOTAL THIS MO.   624    CLEAR  (SCALE 0-3)  12
DPTR FM NORMAL   180    PTCLDY (SCALE 4-7)  11
TOTAL FM JUL 1  2280    CLOUDY (SCALE 8-10)  4
DPTR FM NORMAL   204

[CDD (BASE 65) ]
TOTAL THIS MO.     0
DPTR FM NORMAL     0    [PRESSURE DATA]
TOTAL FM JAN 1     0    HIGHEST SLP M ON M
DPTR FM NORMAL    -2    LOWEST  SLP 29.68 ON 16

[REMARKS]
