000
CXUS52 KTAE 200800
CF6TLH
PRELIMINARY LOCAL CLIMATOLOGICAL DATA (WS FORM: F-6)

                                          STATION:   TALLAHASSEE
                                          MONTH:     AUGUST
                                          YEAR:      2017
                                          LATITUDE:   30 22 N
                                          LONGITUDE:  84 22 W

  TEMPERATURE IN F:       :PCPN:    SNOW:  WIND      :SUNSHINE: SKY     :PK WND
================================================================================
1   2   3   4   5  6A  6B    7    8   9   10  11  12  13   14  15   16   17  18
                                     12Z  AVG MX 2MIN
DY MAX MIN AVG DEP HDD CDD  WTR  SNW DPTH SPD SPD DIR MIN PSBL S-S WX    SPD DR
================================================================================

 1  91  64  78  -4   0  13 0.00  0.0    0  4.2 10  70   M    M   3        15  60
 2  91  75  83   1   0  18 0.00  0.0    0  8.0 16  90   M    M   5        23  80
 3  79  73  76  -6   0  11 0.40  0.0    0  2.8 12 190   M    M   7 1      16 190
 4  86  73  80  -2   0  15 0.98  0.0    0  3.2 18 210   M    M   7 13     28 220
 5  87  73  80  -2   0  15 0.07  0.0    0  3.7 15 230   M    M   6 1      19 260
 6  88  72  80  -2   0  15 0.05  0.0    0  3.6 15 210   M    M   4 13     18 200
 7  89  74  82   0   0  17 0.03  0.0    0  4.2 16 120   M    M   4 13     20 160
 8  92  74  83   1   0  18 0.22  0.0    0  2.6 13 220   M    M   7 123    16 230
 9  91  74  83   1   0  18 0.00  0.0    0  2.5 17 210   M    M   5 3      22 210
10  94  75  85   3   0  20 0.00  0.0    0  4.2 15 220   M    M   4        18 230
11  95  74  85   3   0  20 0.00  0.0    0  4.2 18 240   M    M   4 1      25 220
12  90  74  82   0   0  17 0.00  0.0    0  4.6 17 220   M    M   5        20 210
13  94  75  85   3   0  20 2.06  0.0    0  2.2 25 190   M    M   4 13     31 190
14  90  77  84   2   0  19 0.22  0.0    0  2.7 12 300   M    M   5 13     16 290
15  90  74  82   0   0  17 0.01  0.0    0  4.3 18 190   M    M   4 3      23 190
16  96  74  85   3   0  20 0.00  0.0    0  4.2 13 190   M    M   3 1      17 320
17  96  76  86   4   0  21 0.00  0.0    0  4.2 13 310   M    M   3 3      19 340
18  98  78  88   6   0  23 0.11  0.0    0  4.7 14 210   M    M   4        18 160
19  92  77  85   3   0  20 0.00  0.0    0  3.6 13 160   M    M   4 1      17 170
================================================================================
SM 1729 1406         0 337  4.15     0.0  73.7          M       88
================================================================================
AV 91.0 74.0                               3.9 FASTST   M    M   5    MAX(MPH)
                                 MISC ---->  # 25 190               # 31  190
================================================================================
NOTES:
# LAST OF SEVERAL OCCURRENCES

COLUMN 17 PEAK WIND IN M.P.H.

PRELIMINARY LOCAL CLIMATOLOGICAL DATA (WS FORM: F-6) , PAGE 2

                                          STATION:  TALLAHASSEE
                                          MONTH:    AUGUST
                                          YEAR:     2017
                                          LATITUDE:   30 22 N
                                          LONGITUDE:  84 22 W

[TEMPERATURE DATA]      [PRECIPITATION DATA]       SYMBOLS USED IN COLUMN 16

AVERAGE MONTHLY: 82.5   TOTAL FOR MONTH:   4.15    1 = FOG OR MIST
DPTR FM NORMAL:   0.5   DPTR FM NORMAL:   -0.69    2 = FOG REDUCING VISIBILITY
HIGHEST:    98 ON 18    GRTST 24HR  2.06 ON 13-13      TO 1/4 MILE OR LESS
LOWEST:     64 ON  1                               3 = THUNDER
                        SNOW, ICE PELLETS, HAIL    4 = ICE PELLETS
                        TOTAL MONTH:   0.0 INCH    5 = HAIL
                        GRTST 24HR     0.0         6 = FREEZING RAIN OR DRIZZLE
                        GRTST DEPTH:   0           7 = DUSTSTORM OR SANDSTORM:
                                                       VSBY 1/2 MILE OR LESS
                                                   8 = SMOKE OR HAZE
[NO. OF DAYS WITH]      [WEATHER - DAYS WITH]      9 = BLOWING SNOW
                                                   X = TORNADO
MAX 32 OR BELOW:   0    0.01 INCH OR MORE:  10
MAX 90 OR ABOVE:  14    0.10 INCH OR MORE:   6
MIN 32 OR BELOW:   0    0.50 INCH OR MORE:   2
MIN  0 OR BELOW:   0    1.00 INCH OR MORE:   1

[HDD (BASE 65) ]
TOTAL THIS MO.     0    CLEAR  (SCALE 0-3)   0
DPTR FM NORMAL     0    PTCLDY (SCALE 4-7)  19
TOTAL FM JUL 1     0    CLOUDY (SCALE 8-10)  0
DPTR FM NORMAL     0

[CDD (BASE 65) ]
TOTAL THIS MO.   337
DPTR FM NORMAL    14    [PRESSURE DATA]
TOTAL FM JAN 1  1961    HIGHEST SLP M ON M
DPTR FM NORMAL   206    LOWEST  SLP 29.88 ON 14

[REMARKS]
