000
CXUS52 KTAE 290800
CF6TLH
PRELIMINARY LOCAL CLIMATOLOGICAL DATA (WS FORM: F-6)

                                          STATION:   TALLAHASSEE
                                          MONTH:     APRIL
                                          YEAR:      2016
                                          LATITUDE:   30 22 N
                                          LONGITUDE:  84 22 W

  TEMPERATURE IN F:       :PCPN:    SNOW:  WIND      :SUNSHINE: SKY     :PK WND
================================================================================
1   2   3   4   5  6A  6B    7    8   9   10  11  12  13   14  15   16   17  18
                                     12Z  AVG MX 2MIN
DY MAX MIN AVG DEP HDD CDD  WTR  SNW DPTH SPD SPD DIR MIN PSBL S-S WX    SPD DR
================================================================================

 1  81  64  73  10   0   8 2.75  0.0    0  9.2 20 200   M    M  10 13     25 210
 2  77  54  66   3   0   1 1.10  0.0    0  8.1 21 300   M    M   5 13     26 280
 3  79  48  64   0   1   0 0.00  0.0    0  6.0 17 350   M    M   0        24 330
 4  82  48  65   1   0   0 0.00  0.0    0  3.3 14 310   M    M   0        18 310
 5  83  50  67   3   0   2 0.00  0.0    0  4.8 15  30   M    M   0        24 320
 6  78  52  65   1   0   0 0.03  0.0    0  9.2 20 210   M    M   5        26 170
 7  83  61  72   8   0   7 0.00  0.0    0  9.1 18 290   M    M   2        25 270
 8  79  52  66   2   0   1 0.00  0.0    0  7.3 22 300   M    M   1        31 330
 9  78  43  61  -4   4   0 0.00  0.0    0  6.2 20 300   M    M   4        26 310
10  78  45  62  -3   3   0 0.00  0.0    0  5.4 15  90   M    M   3        19  80
11  82  48  65   0   0   0 0.00  0.0    0  6.5 20 150   M    M   3        27 150
12  84  61  73   8   0   8 0.02  0.0    0  6.7 18 350   M    M   8        24 200
13  79  60  70   5   0   5 1.86  0.0    0  5.8 16  90   M    M   7 1      19  80
14  66  58  62  -4   3   0 0.05  0.0    0  7.4 15  80   M    M  10 1      22 100
15  72  58  65  -1   0   0    T  0.0    0  9.8 18  70   M    M  10        25  80
16  78  63  71   5   0   6 0.10  0.0    0 10.4 21  90   M    M   8 1      24 100
17  81  58  70   4   0   5 0.00  0.0    0  9.8 17 100   M    M   1        21 100
18  83  45  64  -2   1   0 0.00  0.0    0  4.1 17  90   M    M   3        21 100
19  85  46  66  -1   0   1 0.00  0.0    0  3.0 13  70   M    M   3        16  80
20  86  55  71   4   0   6 0.00  0.0    0  3.0 12 180   M    M   5        15 190
21  81  61  71   4   0   6 0.00  0.0    0  8.1 17 150   M    M   5        27 170
22  80  57  69   1   0   4 0.58  0.0    0  3.3 23 300   M    M   5 13     28 290
23  86  60  73   5   0   8 0.00  0.0    0  4.6 20 290   M    M   5 12     26 270
24  88  55  72   4   0   7 0.00  0.0    0  2.5 14 100   M    M   2 8      16 100
25  84  64  74   6   0   9 0.00  0.0    0  7.9 16 190   M    M   5        23 180
26  87  65  76   7   0  11 0.00  0.0    0  6.5 17 190   M    M   3 12     27 180
27  87  65  76   7   0  11 0.00  0.0    0  7.3 18 160   M    M   8 1238   26 170
28  86  68  77   8   0  12    T  0.0    0  4.8 26 220   M    M   7 1238   34 200
================================================================================
SM 2273 1564        12 118  6.49     0.0 180.1          M      128
================================================================================
AV 81.2 55.9                               6.4 FASTST   M    M   5    MAX(MPH)
                                 MISC ---->  # 26 220               # 34  200
================================================================================
NOTES:
# LAST OF SEVERAL OCCURRENCES

COLUMN 17 PEAK WIND IN M.P.H.

PRELIMINARY LOCAL CLIMATOLOGICAL DATA (WS FORM: F-6) , PAGE 2

                                          STATION:  TALLAHASSEE
                                          MONTH:    APRIL
                                          YEAR:     2016
                                          LATITUDE:   30 22 N
                                          LONGITUDE:  84 22 W

[TEMPERATURE DATA]      [PRECIPITATION DATA]       SYMBOLS USED IN COLUMN 16

AVERAGE MONTHLY: 68.5   TOTAL FOR MONTH:   6.49    1 = FOG OR MIST
DPTR FM NORMAL:   2.6   DPTR FM NORMAL:    3.60    2 = FOG REDUCING VISIBILITY
HIGHEST:    88 ON 24    GRTST 24HR  3.85 ON  1- 2      TO 1/4 MILE OR LESS
LOWEST:     43 ON  9                               3 = THUNDER
                        SNOW, ICE PELLETS, HAIL    4 = ICE PELLETS
                        TOTAL MONTH:   0.0 INCH    5 = HAIL
                        GRTST 24HR     0.0         6 = FREEZING RAIN OR DRIZZLE
                        GRTST DEPTH:   0           7 = DUSTSTORM OR SANDSTORM:
                                                       VSBY 1/2 MILE OR LESS
                                                   8 = SMOKE OR HAZE
[NO. OF DAYS WITH]      [WEATHER - DAYS WITH]      9 = BLOWING SNOW
                                                   X = TORNADO
MAX 32 OR BELOW:   0    0.01 INCH OR MORE:   8
MAX 90 OR ABOVE:   0    0.10 INCH OR MORE:   5
MIN 32 OR BELOW:   0    0.50 INCH OR MORE:   4
MIN  0 OR BELOW:   0    1.00 INCH OR MORE:   3

[HDD (BASE 65) ]
TOTAL THIS MO.    12    CLEAR  (SCALE 0-3)  11
DPTR FM NORMAL   -53    PTCLDY (SCALE 4-7)  14
TOTAL FM JUL 1   943    CLOUDY (SCALE 8-10)  3
DPTR FM NORMAL  -646

[CDD (BASE 65) ]
TOTAL THIS MO.   118
DPTR FM NORMAL    30    [PRESSURE DATA]
TOTAL FM JAN 1   229    HIGHEST SLP M ON M
DPTR FM NORMAL    87    LOWEST  SLP 29.77 ON  1

[REMARKS]
