000
CXUS52 KMFL 201000
CF6TMB
PRELIMINARY LOCAL CLIMATOLOGICAL DATA (WS FORM: F-6)

                                          STATION:   KENDALL-TAMIAMI EXEC ARPT
                                          MONTH:     JANUARY
                                          YEAR:      2017
                                          LATITUDE:   25 38 N
                                          LONGITUDE:  80 26 W

  TEMPERATURE IN F:       :PCPN:    SNOW:  WIND      :SUNSHINE: SKY     :PK WND
================================================================================
1   2   3   4   5  6A  6B    7    8   9   10  11  12  13   14  15   16   17  18
                                     12Z  AVG MX 2MIN
DY MAX MIN AVG DEP HDD CDD  WTR  SNW DPTH SPD SPD DIR MIN PSBL S-S WX    SPD DR
================================================================================

 1  84  64  74   9   0   9 0.00  0.0    0  8.2 17 110   M    M   4        24 150
 2  84  75  80  15   0  15    T  0.0    0 10.8 23 130   M    M   5        31 130
 3  86  70  78  13   0  13 0.04  0.0    0  5.8 14 140   M    M   4 13     22 130
 4  82  69  76  11   0  11 0.45  0.0    0  5.4 14 260   M    M   7 1       M  M
 5  82  60  71   6   0   6 0.00  0.0    0  4.3 13 280   M    M   2 1      17 340
 6  82  56  69   4   0   4 0.00  0.0    0  4.0 14 160   M    M   4 12     19 190
 7  87  54  71   6   0   6 0.34  0.0    0 12.6 35 270   M    M   3 138    45 260
 8  68  48  58  -7   7   0 0.00  0.0    0 18.3 30 360   M    M   1        35 360
 9  73  48  61  -4   4   0 0.00  0.0    0 10.5 24  80   M    M   4        30  90
10  75  53  64  -1   1   0 0.01  0.0    0  8.3 25  80   M    M   8        33  90
11  78  63  71   6   0   6 0.02  0.0    0 11.6 24  90   M    M   8        32  80
12  81  63  72   7   0   7    T  0.0    0 10.7 21  90   M    M   5        25  90
13  81  63  72   7   0   7    T  0.0    0 10.9 23  80   M    M   5        27  80
14  80  65  73   8   0   8 0.06  0.0    0 10.1 22  90   M    M   8        26  90
15  82  65  74   9   0   9    T  0.0    0  8.2 20 100   M    M   7        27 100
16  81  65  73   8   0   8    T  0.0    0 10.6 21 100   M    M   3        25  90
17  81  63  72   7   0   7 0.00  0.0    0  6.7 16 100   M    M   2        20 140
18  83  59  71   6   0   6    T  0.0    0  3.4 10 150   M    M   1 1      16 190
19  83  59  71   6   0   6 0.00  0.0    M  3.6 13 140   M    M   M        18 130
================================================================================
SM 1533 1162        12 128  0.92     0.0 164.0          M       81
================================================================================
AV 80.7 61.2                               8.6 FASTST   M    M   5    MAX(MPH)
                                 MISC ---->  # 35 270               # 45  260
================================================================================
NOTES:
# LAST OF SEVERAL OCCURRENCES

COLUMN 17 PEAK WIND IN M.P.H.

PRELIMINARY LOCAL CLIMATOLOGICAL DATA (WS FORM: F-6) , PAGE 2

                                          STATION:  KENDALL-TAMIAMI EXEC ARPT
                                          MONTH:    JANUARY
                                          YEAR:     2017
                                          LATITUDE:   25 38 N
                                          LONGITUDE:  80 26 W

[TEMPERATURE DATA]      [PRECIPITATION DATA]       SYMBOLS USED IN COLUMN 16

AVERAGE MONTHLY: 70.9   TOTAL FOR MONTH:   0.92    1 = FOG OR MIST
DPTR FM NORMAL:   5.9   DPTR FM NORMAL:   -0.13    2 = FOG REDUCING VISIBILITY
HIGHEST:    87 ON  7    GRTST 24HR  0.46 ON  3- 4      TO 1/4 MILE OR LESS
LOWEST:     48 ON  9, 8                            3 = THUNDER
                        SNOW, ICE PELLETS, HAIL    4 = ICE PELLETS
                        TOTAL MONTH:   0.0 INCH    5 = HAIL
                        GRTST 24HR     0.0         6 = FREEZING RAIN OR DRIZZLE
                        GRTST DEPTH:   0           7 = DUSTSTORM OR SANDSTORM:
                                                       VSBY 1/2 MILE OR LESS
                                                   8 = SMOKE OR HAZE
[NO. OF DAYS WITH]      [WEATHER - DAYS WITH]      9 = BLOWING SNOW
                                                   X = TORNADO
MAX 32 OR BELOW:   0    0.01 INCH OR MORE:   6
MAX 90 OR ABOVE:   0    0.10 INCH OR MORE:   2
MIN 32 OR BELOW:   0    0.50 INCH OR MORE:   0
MIN  0 OR BELOW:   0    1.00 INCH OR MORE:   0

[HDD (BASE 65) ]
TOTAL THIS MO.    12    CLEAR  (SCALE 0-3)   6
DPTR FM NORMAL   -45    PTCLDY (SCALE 4-7)  11
TOTAL FM JUL 1    16    CLOUDY (SCALE 8-10)  1
DPTR FM NORMAL   -99

[CDD (BASE 65) ]
TOTAL THIS MO.   128
DPTR FM NORMAL    71    [PRESSURE DATA]
TOTAL FM JAN 1   128    HIGHEST SLP M ON M
DPTR FM NORMAL    71    LOWEST  SLP 29.89 ON  5

[REMARKS]
