000
CXUS54 KBMX 291216
CF6TOI
PRELIMINARY LOCAL CLIMATOLOGICAL DATA (WS FORM: F-6)

                                          STATION:   TROY
                                          MONTH:     SEPTEMBER
                                          YEAR:      2014
                                          LATITUDE:   31 51 N
                                          LONGITUDE:  86  1 W

  TEMPERATURE IN F:       :PCPN:    SNOW:  WIND      :SUNSHINE: SKY     :PK WND
================================================================================
1   2   3   4   5  6A  6B    7    8   9   10  11  12  13   14  15   16   17  18
                                     12Z  AVG MX 2MIN
DY MAX MIN AVG DEP HDD CDD  WTR  SNW DPTH SPD SPD DIR MIN PSBL S-S WX    SPD DR
================================================================================

 1  95  70  83   4   0  18 0.00  0.0    0  2.9 12 220   M    M   1        15 200
 2  96  70  83   4   0  18 0.00  0.0    0  2.8 16 220   M    M   1 1      22 230
 3  93  73  83   4   0  18 0.69  0.0    0  3.5 14 160   M    M   2 13     17 150
 4  91  72  82   4   0  17 1.49  0.0    0  3.5 14 300   M    M   3 13     17 300
 5  93  69  81   3   0  16 0.00  0.0    0  1.3 12 170   M    M   3 123    17 170
 6  93  72  83   5   0  18    T  0.0    0  2.6 10 180   M    M   3 13     14  10
 7  91  72  82   4   0  17 0.26  0.0    0  1.5 12 270   M    M   2 13     16 210
 8  90  71  81   3   0  16    T  0.0    0  3.0 16 180   M    M   4 138    22 190
 9  91  71  81   4   0  16 0.00  0.0    0  3.5  9  90   M    M   6 12     12 110
10  90  70  80   3   0  15 0.00  0.0    0  3.1 10 110   M    M   3 1      13 180
11  92  69  81   4   0  16 0.00  0.0    0  1.8  8 170   M    M   1 1      11 200
12  93  70  82   5   0  17 0.00  0.0    0  2.4  9 210   M    M   0 1      12 210
13  90  72  81   5   0  16 0.00  0.0    0  5.0 17 320   M    M   2 13     20 320
14  92  71  82   6   0  17 0.00  0.0    0  2.2  9  30   M    M   4 12     11  20
15  92  71  82   6   0  17 0.01  0.0    0  2.3 10 120   M    M   3 123    12 120
16  93  70  82   6   0  17 0.02  0.0    0  3.8 17 350   M    M   5 13     20 340
17  91  68  80   5   0  15 0.00  0.0    0  2.4  9 330   M    M   3 1      14 260
18  90  62  76   1   0  11 0.00  0.0    0  2.2  9  80   M    M   0 1      14  50
19  92  64  78   4   0  13 0.29  0.0    0  3.5 23 120   M    M   1 13     30 120
20  82  64  73  -1   0   8 0.00  0.0    0  5.4 15  50   M    M   5 1      20  80
21  90  61  76   2   0  11 0.00  0.0    0  1.6  8 310   M    M   0 1      13 360
22  81  56  69  -5   0   4 0.17  0.0    0  4.2 14  10   M    M   2 13     18  20
23  82  54  68  -5   0   3 0.00  0.0    0  6.7 15  30   M    M   4 1      19  30
24  82  60  71  -2   0   6 0.00  0.0    0  6.8 15  80   M    M   2        22  60
25  75  58  67  -5   0   2 0.00  0.0    0  4.1 13  30   M    M   6        17  20
26  84  56  70  -2   0   5 0.00  0.0    0  5.2 14  70   M    M   5 1      24  80
27  79  67  73   1   0   8 0.00  0.0    0  6.2 13  70   M    M   8        19  70
28  76  68  72   1   0   7    T  0.0    0  5.2 10  80   M    M   7        15  90
================================================================================
SM 2479 1871         0 362  2.93     0.0  98.7          M       86
================================================================================
AV 88.5 66.8                               3.5 FASTST   M    M   3    MAX(MPH)
                                 MISC ---->  # 23 120               # 30  120
================================================================================
NOTES:
# LAST OF SEVERAL OCCURRENCES

COLUMN 17 PEAK WIND IN M.P.H.

PRELIMINARY LOCAL CLIMATOLOGICAL DATA (WS FORM: F-6) , PAGE 2

                                          STATION:  TROY
                                          MONTH:    SEPTEMBER
                                          YEAR:     2014
                                          LATITUDE:   31 51 N
                                          LONGITUDE:  86  1 W

[TEMPERATURE DATA]      [PRECIPITATION DATA]       SYMBOLS USED IN COLUMN 16

AVERAGE MONTHLY: 77.7   TOTAL FOR MONTH:   2.93    1 = FOG OR MIST
DPTR FM NORMAL:   2.0   DPTR FM NORMAL:   -0.79    2 = FOG REDUCING VISIBILITY
HIGHEST:    96 ON  2    GRTST 24HR  1.49 ON  4- 4      TO 1/4 MILE OR LESS
LOWEST:     54 ON 23                               3 = THUNDER
                        SNOW, ICE PELLETS, HAIL    4 = ICE PELLETS
                        TOTAL MONTH:   0.0 INCH    5 = HAIL
                        GRTST 24HR     0.0         6 = FREEZING RAIN OR DRIZZLE
                        GRTST DEPTH:   0           7 = DUSTSTORM OR SANDSTORM:
                                                       VSBY 1/2 MILE OR LESS
                                                   8 = SMOKE OR HAZE
[NO. OF DAYS WITH]      [WEATHER - DAYS WITH]      9 = BLOWING SNOW
                                                   X = TORNADO
MAX 32 OR BELOW:   0    0.01 INCH OR MORE:   7
MAX 90 OR ABOVE:  20    0.10 INCH OR MORE:   5
MIN 32 OR BELOW:   0    0.50 INCH OR MORE:   2
MIN  0 OR BELOW:   0    1.00 INCH OR MORE:   1

[HDD (BASE 65) ]
TOTAL THIS MO.     0    CLEAR  (SCALE 0-3)  14
DPTR FM NORMAL    -1    PTCLDY (SCALE 4-7)  14
TOTAL FM JUL 1     0    CLOUDY (SCALE 8-10)  0
DPTR FM NORMAL    -1

[CDD (BASE 65) ]
TOTAL THIS MO.   362
DPTR FM NORMAL    60    [PRESSURE DATA]
TOTAL FM JAN 1  2074    HIGHEST SLP M ON M
DPTR FM NORMAL   138    LOWEST  SLP 29.92 ON M

[REMARKS]
