000
CXUS54 KBMX 271216
CF6TOI
PRELIMINARY LOCAL CLIMATOLOGICAL DATA (WS FORM: F-6)

                                          STATION:   TROY
                                          MONTH:     JANUARY
                                          YEAR:      2015
                                          LATITUDE:   31 51 N
                                          LONGITUDE:  86  1 W

  TEMPERATURE IN F:       :PCPN:    SNOW:  WIND      :SUNSHINE: SKY     :PK WND
================================================================================
1   2   3   4   5  6A  6B    7    8   9   10  11  12  13   14  15   16   17  18
                                     12Z  AVG MX 2MIN
DY MAX MIN AVG DEP HDD CDD  WTR  SNW DPTH SPD SPD DIR MIN PSBL S-S WX    SPD DR
================================================================================

 1  60  31  46   0  19   0 0.00  0.0    0  2.9  9 100   M    M   2 1      11 100
 2  60  46  53   7  12   0 0.03    M    0  4.8 10  80   M    M   9 1      14 110
 3  73  56  65  19   0   0 0.01  0.0    0  9.2 17 140   M    M   9 1      27 130
 4  71  47  59  13   6   0 0.69  0.0    0  7.2 20 310   M    M   6 13     24 300
 5  55  32  44  -2  21   0 0.00  0.0    0  6.4 20 340   M    M   1        23 350
 6  61  27  44  -2  21   0 0.00  0.0    0  3.6 15 320   M    M   0        20 330
 7  53  22  38  -8  27   0 0.00  0.0    0 11.3 28 350   M    M   0        35 360
 8  39  13  26 -20  39   0 0.00  0.0    0  6.0 22 350   M    M   0        25 360
 9  41  20  31 -15  34   0    T  0.0    0  3.8 16 340   M    M   5        19 340
10  53  28  41  -5  24   0 0.00  0.0    0  4.8 12  20   M    M   0        16  60
11  58  28  43  -3  22   0 0.00  0.0    0  6.6 14 100   M    M   5        17 120
12  65  50  58  12   7   0    T  0.0    0  3.9  9 360   M    M  10 12     12 170
13  57  47  52   6  13   0    T  0.0    0  8.1 13 330   M    M  10 1      16 340
14  49  42  46   0  19   0 0.00  0.0    0  5.5 12 330   M    M   9        14  20
15  45  38  42  -4  23   0 0.25  0.0    0  3.2 13 340   M    M   7 1      15 350
16  58  31  45  -1  20   0 0.00  0.0    0  4.7 14 340   M    M   2 18     18  10
17  63  30  47   1  18   0 0.00  0.0    0  2.6 14 120   M    M   0 1      17 130
18  65  31  48   2  17   0 0.00  0.0    0  5.6 23 310   M    M   2 12     28 320
19  70  27  49   3  16   0 0.00  0.0    0  3.3 14 200   M    M   0        17 190
20  69  31  50   4  15   0 0.00  0.0    0  2.5 14 200   M    M   3        18 270
21  69  38  54   7  11   0 0.00  0.0    0  2.7 12 350   M    M   4 12     16 300
22  63  37  50   3  15   0 0.42  0.0    0  7.3 17  30   M    M   4 1      22  20
23  59  45  52   5  13   0 1.81  0.0    0  8.2 22 100   M    M  10 1      29  90
24  53  30  42  -5  23   0 0.01  0.0    0  8.2 22 300   M    M   4 1      30 300
25  66  29  48   1  17   0 0.00  0.0    0  6.4 22 210   M    M   0        29 220
26   M  35   M   M   M   M    T  0.0    0  9.0 23 320   M    M   5 8      34 320
================================================================================
SM 1475  891       452   0  3.22     0.0 147.8          M      107
================================================================================
AV 59.0 34.3                               5.7 FASTST   M    M   4    MAX(MPH)
                                 MISC ---->  # 28 350               # 35  360
================================================================================
NOTES:
# LAST OF SEVERAL OCCURRENCES

COLUMN 17 PEAK WIND IN M.P.H.

PRELIMINARY LOCAL CLIMATOLOGICAL DATA (WS FORM: F-6) , PAGE 2

                                          STATION:  TROY
                                          MONTH:    JANUARY
                                          YEAR:     2015
                                          LATITUDE:   31 51 N
                                          LONGITUDE:  86  1 W

[TEMPERATURE DATA]      [PRECIPITATION DATA]       SYMBOLS USED IN COLUMN 16

AVERAGE MONTHLY: 46.6   TOTAL FOR MONTH:   3.22    1 = FOG OR MIST
DPTR FM NORMAL:   0.4   DPTR FM NORMAL:   -0.52    2 = FOG REDUCING VISIBILITY
HIGHEST:    73 ON  3    GRTST 24HR  2.23 ON 22-23      TO 1/4 MILE OR LESS
LOWEST:     13 ON  8                               3 = THUNDER
                        SNOW, ICE PELLETS, HAIL    4 = ICE PELLETS
                        TOTAL MONTH:   0.0 INCH    5 = HAIL
                        GRTST 24HR     0.0         6 = FREEZING RAIN OR DRIZZLE
                        GRTST DEPTH:   0           7 = DUSTSTORM OR SANDSTORM:
                                                       VSBY 1/2 MILE OR LESS
                                                   8 = SMOKE OR HAZE
[NO. OF DAYS WITH]      [WEATHER - DAYS WITH]      9 = BLOWING SNOW
                                                   X = TORNADO
MAX 32 OR BELOW:   0    0.01 INCH OR MORE:   7
MAX 90 OR ABOVE:   0    0.10 INCH OR MORE:   4
MIN 32 OR BELOW:  15    0.50 INCH OR MORE:   2
MIN  0 OR BELOW:   0    1.00 INCH OR MORE:   1

[HDD (BASE 65) ]
TOTAL THIS MO.   452    CLEAR  (SCALE 0-3)  11
DPTR FM NORMAL   -36    PTCLDY (SCALE 4-7)   9
TOTAL FM JUL 1  1372    CLOUDY (SCALE 8-10)  6
DPTR FM NORMAL   -33

[CDD (BASE 65) ]
TOTAL THIS MO.     0
DPTR FM NORMAL     0    [PRESSURE DATA]
TOTAL FM JAN 1     0    HIGHEST SLP M ON M
DPTR FM NORMAL     0    LOWEST  SLP 29.73 ON 25

[REMARKS]
