000
CXUS53 KTOP 010200
CF6TOP
PRELIMINARY LOCAL CLIMATOLOGICAL DATA (WS FORM: F-6)

                                          STATION:   Topeka KS
                                          MONTH:     JANUARY
                                          YEAR:      2015
                                          LATITUDE:   39  4 N
                                          LONGITUDE:  95 38 W

  TEMPERATURE IN F:       :PCPN:    SNOW:  WIND      :SUNSHINE: SKY     :PK WND
================================================================================
1   2   3   4   5  6A  6B    7    8   9   10  11  12  13   14  15   16   17  18
                                     12Z  AVG MX 2MIN
DY MAX MIN AVG DEP HDD CDD  WTR  SNW DPTH SPD SPD DIR MIN PSBL S-S WX    SPD DR
================================================================================

 1  36  17  27  -3  38   0 0.00  0.0    0  6.6 15 230   M    M   3        20 230
 2  38  29  34   4  31   0 0.00  0.0    0  4.5 10 170   M    M  10 18     14 160
 3  42  16  29  -1  36   0 0.03  0.9    0  4.5 24 310   M    M  10 18     33 310
 4  18   8  13 -17  52   0 0.01  0.1    1 11.9 26 310   M    M   4 1      32 320
 5  27   5  16 -14  49   0 0.00  0.0    T  5.2 20 160   M    M   2        25 160
 6  26  15  21  -9  44   0 0.01  0.1    T 10.3 21 360   M    M   2        28 320
 7  20   1  11 -19  54   0    T    T    T 13.7 29 340   M    M   2        36 320
 8  35   1  18 -12  47   0 0.00  0.0    T 13.1 23 350   M    M   3        37 320
 9  25   7  16 -14  49   0 0.00  0.0    T  8.8 24 310   M    M   0        30 310
10  40   5  23  -7  42   0 0.00  0.0    0  9.6 22 200   M    M   1        29 180
11  41  20  31   1  34   0 0.02    T    0  5.7 18 210   M    M   5 1      23 210
12  33  12  23  -7  42   0 0.01  0.1    T 12.1 21 360   M    M   1 1      27 350
13  28   4  16 -14  49   0 0.00  0.0    0  4.2 12  30   M    M   3        15  30
14  42  17  30   0  35   0 0.00  0.0    0  2.7 10 250   M    M   5        13 250
15  51  13  32   2  33   0 0.00  0.0    0  3.5 14 320   M    M   0 1      18 300
16  65  18  42  12  23   0 0.00  0.0    0  7.6 23 210   M    M   0        32 210
17  56  37  47  17  18   0 0.00  0.0    0 11.3 32 320   M    M   0        43 320
18  60  22  41  11  24   0 0.00  0.0    0  3.5 10 210   M    M   0        14 180
19  67  22  45  15  20   0 0.00  0.0    0  4.5 17 310   M    M   0        24 280
20  52  26  39   9  26   0 0.00  0.0    0  5.1 14 270   M    M   0        19 270
21  49  26  38   8  27   0 0.00  0.0    0  7.2 16 250   M    M   0        22 310
22  37  24  31   1  34   0 0.00  0.0    0  3.4  8 180   M    M   8        11  20
23  50  17  34   4  31   0 0.00  0.0    0  4.5 17 240   M    M   1 18     25 210
24  60  29  45  15  20   0    T  0.0    0  8.2 18 270   M    M   2        26 260
25  49  28  39   9  26   0    T  0.0    0 14.7 29 320   M    M  10        38 300
26  66  23  45  15  20   0 0.00  0.0    0  4.8 21 320   M    M   0 1      27 320
27  61  24  43  13  22   0 0.00  0.0    0  5.7 15 130   M    M   0        17 120
28  78  32  55  25  10   0 0.00  0.0    0  9.5 23 230   M    M   0        33 230
29  53  20  37   7  28   0 0.00  0.0    0 13.7 29 350   M    M   6        39 340
30  42  16  29  -2  36   0    T  0.0    0  2.8  9 160   M    M   0        12 230
================================================================================
SM 1347  534      1000   0  0.08     1.2 222.9          M       78
================================================================================
AV 44.9 17.8                               7.4 FASTST   M    M   3    MAX(MPH)
                                 MISC ---->  # 32 320               # 43  320
================================================================================
NOTES:
# LAST OF SEVERAL OCCURRENCES

COLUMN 17 PEAK WIND IN M.P.H.

PRELIMINARY LOCAL CLIMATOLOGICAL DATA (WS FORM: F-6) , PAGE 2

                                          STATION:  Topeka KS
                                          MONTH:    JANUARY
                                          YEAR:     2015
                                          LATITUDE:   39  4 N
                                          LONGITUDE:  95 38 W

[TEMPERATURE DATA]      [PRECIPITATION DATA]       SYMBOLS USED IN COLUMN 16

AVERAGE MONTHLY: 31.4   TOTAL FOR MONTH:   0.08    1 = FOG OR MIST
DPTR FM NORMAL:   1.3   DPTR FM NORMAL:   -0.74    2 = FOG REDUCING VISIBILITY
HIGHEST:    78 ON 28    GRTST 24HR  0.04 ON  3- 4      TO 1/4 MILE OR LESS
LOWEST:      1 ON  8, 7                            3 = THUNDER
                        SNOW, ICE PELLETS, HAIL    4 = ICE PELLETS
                        TOTAL MONTH:   1.2 INCHES  5 = HAIL
                        GRTST 24HR   0.9 ON   M    6 = FREEZING RAIN OR DRIZZLE
                        GRTST DEPTH:   1 ON  4     7 = DUSTSTORM OR SANDSTORM:
                                                       VSBY 1/2 MILE OR LESS
                                                   8 = SMOKE OR HAZE
[NO. OF DAYS WITH]      [WEATHER - DAYS WITH]      9 = BLOWING SNOW
                                                   X = TORNADO
MAX 32 OR BELOW:   6    0.01 INCH OR MORE:   5
MAX 90 OR ABOVE:   0    0.10 INCH OR MORE:   0
MIN 32 OR BELOW:  29    0.50 INCH OR MORE:   0
MIN  0 OR BELOW:   0    1.00 INCH OR MORE:   0

[HDD (BASE 65) ]
TOTAL THIS MO.  1000    CLEAR  (SCALE 0-3)  21
DPTR FM NORMAL   -56    PTCLDY (SCALE 4-7)   6
TOTAL FM JUL 1  2914    CLOUDY (SCALE 8-10)  3
DPTR FM NORMAL  -159

[CDD (BASE 65) ]
TOTAL THIS MO.     0
DPTR FM NORMAL     0    [PRESSURE DATA]
TOTAL FM JAN 1     0    HIGHEST SLP M ON M
DPTR FM NORMAL     0    LOWEST  SLP 29.67 ON 28

[REMARKS]
#FINAL-01-15#
