000
CXUS55 KCYS 301000
CF6TOR
PRELIMINARY LOCAL CLIMATOLOGICAL DATA (WS FORM: F-6)

                                          STATION:   TORRINGTON WY AIRPORT
                                          MONTH:     JULY
                                          YEAR:      2016
                                          LATITUDE:   42  3 N
                                          LONGITUDE: 104  9 W

  TEMPERATURE IN F:       :PCPN:    SNOW:  WIND      :SUNSHINE: SKY     :PK WND
================================================================================
1   2   3   4   5  6A  6B    7    8   9   10  11  12  13   14  15   16   17  18
                                     12Z  AVG MX 2MIN
DY MAX MIN AVG DEP HDD CDD  WTR  SNW DPTH SPD SPD DIR MIN PSBL S-S WX    SPD DR
================================================================================

 1  82  60  71  -1   0   6 0.02    M    M 12.7 22 110   M    M   6        29 110
 2  84  58  71  -1   0   6 0.00    M    M  6.1 13 120   M    M   4        18 130
 3  94  58  76   4   0  11 0.00    M    M  6.6 26 300   M    M   3 128    34 260
 4  96  58  77   5   0  12    T    M    M  6.6 23 330   M    M   0        31 250
 5  94  64  79   6   0  14    T    M    M  8.3 22 190   M    M   2        30 180
 6  98  55  77   4   0  12 0.00    M    M 10.8 30 280   M    M   0        38 280
 7  87  57  72  -1   0   7    T    M    M  8.3 20 140   M    M   1        25 150
 8  96  57  77   4   0  12 0.00    M    M  6.9 17 280   M    M   0        24 270
 9 103  57  80   6   0  15 0.00    M    M  6.4 17 280   M    M   0        26 270
10 103  58  81   7   0  16    T    M    M  6.7 30 320   M    M   0        38 320
11  83  54  69  -5   0   4 0.00    M    M 17.9 38 270   M    M   0        51 270
12  91  47  69  -5   0   4 0.00    M    M  9.1 29 280   M    M   0        37 290
13  90  55  73  -1   0   8 0.00    M    M  8.7 20  40   M    M   0        25  40
14  86  52  69  -5   0   4 0.00    M    M  7.1 16  50   M    M   1 8      21  50
15  80  59  70  -4   0   5 0.00    M    M 14.3 23 140   M    M   3 1      31 150
16  94  62  78   4   0  13 0.00    M    M 10.5 26  30   M    M   0        33  40
17  80  57  69  -5   0   4    T    M    M  9.2 22 140   M    M   2        32 130
18  96  60  78   3   0  13 0.12    M    M 11.9 31  50   M    M   1 1      39 270
19 100  61  81   6   0  16 0.00    M    M  6.5 17 260   M    M   0        23 200
20 103  63  83   8   0  18 0.00    M    M  7.8 30 260   M    M   0        40 250
21 101  63  82   7   0  17 0.00    M    M  8.3 18  60   M    M   0        22  60
22 102  66  84   9   0  19 0.00    M    M  8.5 30 100   M    M   1        36  90
23  97  60  79   4   0  14 0.00    M    M  9.2 22  80   M    M   0        29  90
24  87  61  74  -1   0   9 0.01    M    M 14.6 26 110   M    M   0        35 120
25  96  57  77   2   0  12 0.00    M    M 12.3 21 130   M    M   0        28 140
26  98  61  80   5   0  15 0.02    M    M  8.7 33 170   M    M   1        40 180
27  90  59  75   0   0  10 0.08    M    M  9.7 35  70   M    M   0        41  80
28  81  60  71  -4   0   6 0.18    M    M  8.2 29  70   M    M   3 1      33  70
29  88  56  72  -2   0   7 0.20    M    M  8.3 43  20   M    M   2 1      53  30
================================================================================
SM 2680 1695         0 309  0.63    M    270.2          M       30
================================================================================
AV 92.4 58.4                               9.3 FASTST   M    M   1    MAX(MPH)
                                 MISC ---->  # 43  20               # 53   30
================================================================================
NOTES:
# LAST OF SEVERAL OCCURRENCES

COLUMN 17 PEAK WIND IN M.P.H.

PRELIMINARY LOCAL CLIMATOLOGICAL DATA (WS FORM: F-6) , PAGE 2

                                          STATION:  TORRINGTON WY AIRPORT
                                          MONTH:    JULY
                                          YEAR:     2016
                                          LATITUDE:   42  3 N
                                          LONGITUDE: 104  9 W

[TEMPERATURE DATA]      [PRECIPITATION DATA]       SYMBOLS USED IN COLUMN 16

AVERAGE MONTHLY: 75.4   TOTAL FOR MONTH:   0.63    1 = FOG OR MIST
DPTR FM NORMAL:   1.5   DPTR FM NORMAL:   -1.05    2 = FOG REDUCING VISIBILITY
HIGHEST:   103 ON 20,10 GRTST 24HR  0.24 ON 27-28      TO 1/4 MILE OR LESS
LOWEST:     47 ON 12                               3 = THUNDER
                        SNOW, ICE PELLETS, HAIL    4 = ICE PELLETS
                        TOTAL MONTH:    M          5 = HAIL
                        GRTST 24HR    M  ON   M    6 = FREEZING RAIN OR DRIZZLE
                        GRTST DEPTH:  M  ON   M    7 = DUSTSTORM OR SANDSTORM:
                                                       VSBY 1/2 MILE OR LESS
                                                   8 = SMOKE OR HAZE
[NO. OF DAYS WITH]      [WEATHER - DAYS WITH]      9 = BLOWING SNOW
                                                   X = TORNADO
MAX 32 OR BELOW:   0    0.01 INCH OR MORE:   7
MAX 90 OR ABOVE:  19    0.10 INCH OR MORE:   3
MIN 32 OR BELOW:   0    0.50 INCH OR MORE:   0
MIN  0 OR BELOW:   0    1.00 INCH OR MORE:   0

[HDD (BASE 65) ]
TOTAL THIS MO.     0    CLEAR  (SCALE 0-3)  27
DPTR FM NORMAL     0    PTCLDY (SCALE 4-7)   2
TOTAL FM JUL 1     0    CLOUDY (SCALE 8-10)  0
DPTR FM NORMAL     0

[CDD (BASE 65) ]
TOTAL THIS MO.   309
DPTR FM NORMAL    46    [PRESSURE DATA]
TOTAL FM JAN 1   542    HIGHEST SLP  0.00 ON M
DPTR FM NORMAL   145    LOWEST  SLP 29.44 ON 10

[REMARKS]
