000
CXUS53 KOAX 241000
CF6TQE
PRELIMINARY LOCAL CLIMATOLOGICAL DATA (WS FORM: F-6)

                                          STATION:   TEKAMAH, NEBRASKA
                                          MONTH:     JULY
                                          YEAR:      2017
                                          LATITUDE:   41 46 N
                                          LONGITUDE:  96 11 W

  TEMPERATURE IN F:       :PCPN:    SNOW:  WIND      :SUNSHINE: SKY     :PK WND
================================================================================
1   2   3   4   5  6A  6B    7    8   9   10  11  12  13   14  15   16   17  18
                                     12Z  AVG MX 2MIN
DY MAX MIN AVG DEP HDD CDD  WTR  SNW DPTH SPD SPD DIR MIN PSBL S-S WX    SPD DR
================================================================================

 1  84  54  69  -6   0   4 0.00    M    M  4.6 13 130   M    M   1        16 220
 2  87  65  76   1   0  11 0.10    M    M  8.2 22 220   M    M   2 3      28 220
 3  91  64  78   3   0  13 0.00    M    M  4.8 20 200   M    M   1        25 190
 4  90  66  78   3   0  13 0.00    M    M  7.8 26 170   M    M   1 13     33 170
 5  89  62  76   1   0  11 0.00    M    M  5.7 13 230   M    M   1 18     17 240
 6  97  67  82   7   0  17 0.00    M    M  8.3 16 200   M    M   0        22 210
 7  86  65  76   0   0  11 0.00    M    M  8.1 20  30   M    M   0        25  20
 8  89  58  74  -2   0   9 0.01    M    M  3.6 14 200   M    M   1        18 180
 9  95  63  79   3   0  14 0.00    M    M  9.6 23 190   M    M   0        27 200
10  90  74  82   6   0  17 0.04    M    M  8.0 20  40   M    M   1 3      25  30
11  92  69  81   5   0  16 0.74    M    M  8.3 33 280   M    M   1 13     41 280
12  89  71  80   4   0  15 0.66    M    M  6.4 23 240   M    M   2 13     32 240
13  86  68  77   1   0  12 0.00    M    M  4.0 10  20   M    M   1 1      15  20
14  87  63  75  -1   0  10 0.00    M    M  3.4  8 160   M    M   1        11 170
15  93  67  80   4   0  15 0.00    M    M  7.6 15 210   M    M   0 1      19 210
16  94  69  82   6   0  17 0.00    M    M  2.5 10 360   M    M   0 1      11 340
17  93  69  81   5   0  16 0.00    M    M  7.8 17 190   M    M   0 1      22 170
18  90  73  82   6   0  17 0.00    M    M  6.0 15 180   M    M   5        19 180
19  94  76  85   9   0  20 0.00    M    M 10.4 23 170   M    M   2        31 180
20  97  76  87  11   0  22 0.00    M    M  5.6 17 330   M    M   0 3      24 320
21  97  78  88  12   0  23    T    M    M  6.1 16 200   M    M   1 3      21 210
22  90  67  79   3   0  14 0.00    M    M  7.1 20 360   M    M   4 13     23 360
23  87  62  75  -1   0  10 0.00    M    M  6.2 17 340   M    M   0 12     21 330
================================================================================
SM 2087 1546         0 327  1.55    M    150.1          M       25
================================================================================
AV 90.7 67.2                               6.5 FASTST   M    M   1    MAX(MPH)
                                 MISC ---->  # 33 280               # 41  280
================================================================================
NOTES:
# LAST OF SEVERAL OCCURRENCES

COLUMN 17 PEAK WIND IN M.P.H.

PRELIMINARY LOCAL CLIMATOLOGICAL DATA (WS FORM: F-6) , PAGE 2

                                          STATION:  TEKAMAH, NEBRASKA
                                          MONTH:    JULY
                                          YEAR:     2017
                                          LATITUDE:   41 46 N
                                          LONGITUDE:  96 11 W

[TEMPERATURE DATA]      [PRECIPITATION DATA]       SYMBOLS USED IN COLUMN 16

AVERAGE MONTHLY: 79.0   TOTAL FOR MONTH:   1.55    1 = FOG OR MIST
DPTR FM NORMAL:   3.2   DPTR FM NORMAL:   -1.05    2 = FOG REDUCING VISIBILITY
HIGHEST:    97 ON 21,20 GRTST 24HR  0.74 ON 11-11      TO 1/4 MILE OR LESS
LOWEST:     54 ON  1                               3 = THUNDER
                        SNOW, ICE PELLETS, HAIL    4 = ICE PELLETS
                        TOTAL MONTH:    M          5 = HAIL
                        GRTST 24HR    M  ON   M    6 = FREEZING RAIN OR DRIZZLE
                        GRTST DEPTH:  M  ON   M    7 = DUSTSTORM OR SANDSTORM:
                                                       VSBY 1/2 MILE OR LESS
                                                   8 = SMOKE OR HAZE
[NO. OF DAYS WITH]      [WEATHER - DAYS WITH]      9 = BLOWING SNOW
                                                   X = TORNADO
MAX 32 OR BELOW:   0    0.01 INCH OR MORE:   5
MAX 90 OR ABOVE:  14    0.10 INCH OR MORE:   3
MIN 32 OR BELOW:   0    0.50 INCH OR MORE:   2
MIN  0 OR BELOW:   0    1.00 INCH OR MORE:   0

[HDD (BASE 65) ]
TOTAL THIS MO.     0    CLEAR  (SCALE 0-3)  21
DPTR FM NORMAL     0    PTCLDY (SCALE 4-7)   2
TOTAL FM JUL 1     0    CLOUDY (SCALE 8-10)  0
DPTR FM NORMAL     0

[CDD (BASE 65) ]
TOTAL THIS MO.   327
DPTR FM NORMAL    80    [PRESSURE DATA]
TOTAL FM JAN 1   692    HIGHEST SLP M ON M
DPTR FM NORMAL   147    LOWEST  SLP 29.66 ON 11

[REMARKS]
