000
CXUS53 KOAX 261000
CF6TQE
PRELIMINARY LOCAL CLIMATOLOGICAL DATA (WS FORM: F-6)

                                          STATION:   TEKAMAH, NEBRASKA
                                          MONTH:     SEPTEMBER
                                          YEAR:      2016
                                          LATITUDE:   41 46 N
                                          LONGITUDE:  96 11 W

  TEMPERATURE IN F:       :PCPN:    SNOW:  WIND      :SUNSHINE: SKY     :PK WND
================================================================================
1   2   3   4   5  6A  6B    7    8   9   10  11  12  13   14  15   16   17  18
                                     12Z  AVG MX 2MIN
DY MAX MIN AVG DEP HDD CDD  WTR  SNW DPTH SPD SPD DIR MIN PSBL S-S WX    SPD DR
================================================================================

 1  81  55  68  -2   0   3 0.00    M    M  4.8 10  70   M    M   0        13  70
 2  77  50  64  -5   1   0 0.00    M    M  7.0 18 170   M    M   2        22 150
 3  78  57  68  -1   0   3 0.00    M    M 10.7 21 170   M    M   3        28 170
 4  79  63  71   2   0   6 0.11    M    M 13.2 21 150   M    M   6        26 160
 5  90  69  80  12   0  15 0.14    M    M 13.3 26 190   M    M   2 13     33 180
 6  89  71  80  12   0  15 0.00    M    M  7.0 16 360   M    M   4 3      21 210
 7  80  68  74   6   0   9 0.08    M    M  6.3 23 350   M    M   6 1      30 360
 8  82  61  72   4   0   7 0.00    M    M  5.4 17 350   M    M   3 12     22 350
 9  77  55  66  -1   0   1 1.20    M    M  8.9 43 300   M    M   7 13     55 260
10  74  51  63  -4   2   0 0.00    M    M  8.5 16 290   M    M   0        23 310
11  80  50  65  -1   0   0 0.00    M    M 12.7 25 170   M    M   0        32 180
12  80  58  69   3   0   4 0.35    M    M  9.9 22 360   M    M   M 13     34 320
13  62  54  58  -8   7   0 0.75    M    M  9.9 17 360   M    M   9 13     22 360
14  68  55  62  -3   3   0 0.00    M    M  5.0 10  10   M    M  10        12  10
15  82  63  73   8   0   8 3.92    M    M 10.6 36 340   M    M   9 138    43 360
16  78  57  68   3   0   3 0.21    M    M  7.4 17 160   M    M   3 13     22 160
17  80  53  67   3   0   2 0.00    M    M  4.3 10 310   M    M   0        13 310
18  84  54  69   5   0   4 0.00    M    M  9.7 22 180   M    M   0        30 200
19  83  56  70   7   0   5 0.00    M    M  5.9 22  30   M    M   2 1      31 340
20  91  51  71   8   0   6 0.00    M    M  8.0 21 150   M    M   0 1      27 150
21  89  71  80  18   0  15 0.00    M    M 12.1 23 180   M    M   0        28 170
22  88  68  78  16   0  13 0.20    M    M  7.9 20 100   M    M   5 13     25  90
23  90  66  78  16   0  13 0.00    M    M  9.1 22 150   M    M   1 1      34 130
24  84  68  76  15   0  11 0.45    M    M  9.3 22 180   M    M   5 13     29 180
25  71  50  61   0   4   0 0.15    M    M 11.6 25 310   M    M   4 1      34 290
================================================================================
SM 2017 1474        17 143  7.56    M    218.5          M       81
================================================================================
AV 80.7 59.0                               8.7 FASTST   M    M   3    MAX(MPH)
                                 MISC ---->  # 43 300               # 55  260
================================================================================
NOTES:
# LAST OF SEVERAL OCCURRENCES

COLUMN 17 PEAK WIND IN M.P.H.

PRELIMINARY LOCAL CLIMATOLOGICAL DATA (WS FORM: F-6) , PAGE 2

                                          STATION:  TEKAMAH, NEBRASKA
                                          MONTH:    SEPTEMBER
                                          YEAR:     2016
                                          LATITUDE:   41 46 N
                                          LONGITUDE:  96 11 W

[TEMPERATURE DATA]      [PRECIPITATION DATA]       SYMBOLS USED IN COLUMN 16

AVERAGE MONTHLY: 69.8   TOTAL FOR MONTH:   7.56    1 = FOG OR MIST
DPTR FM NORMAL:   4.3   DPTR FM NORMAL:    5.07    2 = FOG REDUCING VISIBILITY
HIGHEST:    91 ON 20    GRTST 24HR  4.13 ON 15-16      TO 1/4 MILE OR LESS
LOWEST:     50 ON 25,11                            3 = THUNDER
                        SNOW, ICE PELLETS, HAIL    4 = ICE PELLETS
                        TOTAL MONTH:    M          5 = HAIL
                        GRTST 24HR    M  ON   M    6 = FREEZING RAIN OR DRIZZLE
                        GRTST DEPTH:  M  ON   M    7 = DUSTSTORM OR SANDSTORM:
                                                       VSBY 1/2 MILE OR LESS
                                                   8 = SMOKE OR HAZE
[NO. OF DAYS WITH]      [WEATHER - DAYS WITH]      9 = BLOWING SNOW
                                                   X = TORNADO
MAX 32 OR BELOW:   0    0.01 INCH OR MORE:  11
MAX 90 OR ABOVE:   3    0.10 INCH OR MORE:  10
MIN 32 OR BELOW:   0    0.50 INCH OR MORE:   3
MIN  0 OR BELOW:   0    1.00 INCH OR MORE:   2

[HDD (BASE 65) ]
TOTAL THIS MO.    17    CLEAR  (SCALE 0-3)  14
DPTR FM NORMAL   -56    PTCLDY (SCALE 4-7)   7
TOTAL FM JUL 1    23    CLOUDY (SCALE 8-10)  3
DPTR FM NORMAL   -60

[CDD (BASE 65) ]
TOTAL THIS MO.   143
DPTR FM NORMAL    58    [PRESSURE DATA]
TOTAL FM JAN 1  1179    HIGHEST SLP M ON M
DPTR FM NORMAL   215    LOWEST  SLP 29.75 ON  5

[REMARKS]
