000
CXUS54 KFWD 280730
CF6TRL
PRELIMINARY LOCAL CLIMATOLOGICAL DATA (WS FORM: F-6)

                                          STATION:   TERRELL
                                          MONTH:     APRIL
                                          YEAR:      2017
                                          LATITUDE:   32 42 N
                                          LONGITUDE:  96 16 W

  TEMPERATURE IN F:       :PCPN:    SNOW:  WIND      :SUNSHINE: SKY     :PK WND
================================================================================
1   2   3   4   5  6A  6B    7    8   9   10  11  12  13   14  15   16   17  18
                                     12Z  AVG MX 2MIN
DY MAX MIN AVG DEP HDD CDD  WTR  SNW DPTH SPD SPD DIR MIN PSBL S-S WX    SPD DR
================================================================================

 1  80  53  67   6   0   2 0.00  0.0    0  7.4 20 140   M    M   4 3      25 130
 2  69  57  63   2   2   0 1.44  0.0    0  8.1 35 270   M    M   7 13     45 260
 3  76  51  64   3   1   0 0.00  0.0    0  5.9 15 250   M    M   3 8      19 240
 4  83  58  71   9   0   6    T  0.0    0 10.6 24 190   M    M   0        33 320
 5  70  49  60  -2   5   0 0.00  0.0    0 13.6 28 320   M    M   2        37 320
 6  74  41  58  -4   7   0 0.00  0.0    0  2.9 13 280   M    M   0 8      19 360
 7  76  46  61  -1   4   0 0.00  0.0    0  7.2 16 170   M    M   0 8      21 180
 8  79  54  67   4   0   2 0.00  0.0    0 14.1 25 190   M    M   2        36 180
 9  81  64  73  10   0   8 0.00  0.0    0 15.2 25 180   M    M   6        34 190
10  79  66  73  10   0   8 0.83  0.0    0  7.7 17 170   M    M   7 13     23 170
11  70  59  65   1   0   0 0.06  0.0    0  5.6 13  40   M    M   9 13     16  30
12  76  60  68   4   0   3 0.00  0.0    0  4.6 14 140   M    M   7 12     18 140
13  80  62  71   7   0   6 0.00  0.0    0  7.3 18 170   M    M   4 18     24 160
14  80  60  70   6   0   5 0.00  0.0    0  8.6 21 160   M    M   1        28 160
15  80  62  71   7   0   6 0.00  0.0    0  8.2 17 180   M    M   M        22 170
16  81  66  74   9   0   9 0.00  0.0    0  8.5 17 170   M    M   4        22 160
17  75  63  69   4   0   4 0.05  0.0    0  8.3 21  60   M    M   6 13     28  60
18  80  64  72   7   0   7 0.06  0.0    0  4.5 26 150   M    M   4 1      31 150
19  82  63  73   7   0   8 0.00  0.0    0  8.7 16 160   M    M   5 1      21 160
20  82  68  75   9   0  10 0.00  0.0    0  8.5 16 180   M    M   6        20 170
21  83  64  74   8   0   9 0.33  0.0    0 11.4 22 180   M    M   6 138    29 340
22  65  47  56 -10   9   0 0.05    M    0 11.5 18 350   M    M   5 3      27 320
23  73  46  60  -7   5   0 0.00  0.0    0  6.8 17 330   M    M   0 8      25  10
24  77  43  60  -7   5   0 0.00  0.0    0  6.6 18 170   M    M   0        24 180
25  84  60  72   5   0   7 0.00  0.0    0 16.6 29 170   M    M   4        38 170
26  75  47  61  -7   4   0 0.64    M    0 10.1 25 320   M    M   8 138    34 320
27  76  43  60  -8   5   0 0.00  0.0    0  8.5 18 160   M    M   0 1      26 150
================================================================================
SM 2086 1516        47 100  3.46     0.0 237.0          M      100
================================================================================
AV 77.3 56.2                               8.8 FASTST   M    M   4    MAX(MPH)
                                 MISC ---->  # 35 270               # 45  260
================================================================================
NOTES:
# LAST OF SEVERAL OCCURRENCES

COLUMN 17 PEAK WIND IN M.P.H.

PRELIMINARY LOCAL CLIMATOLOGICAL DATA (WS FORM: F-6) , PAGE 2

                                          STATION:  TERRELL
                                          MONTH:    APRIL
                                          YEAR:     2017
                                          LATITUDE:   32 42 N
                                          LONGITUDE:  96 16 W

[TEMPERATURE DATA]      [PRECIPITATION DATA]       SYMBOLS USED IN COLUMN 16

AVERAGE MONTHLY: 66.7   TOTAL FOR MONTH:   3.46    1 = FOG OR MIST
DPTR FM NORMAL:   2.4   DPTR FM NORMAL:    0.62    2 = FOG REDUCING VISIBILITY
HIGHEST:    84 ON 25    GRTST 24HR  1.44 ON  2- 2      TO 1/4 MILE OR LESS
LOWEST:     41 ON  6                               3 = THUNDER
                        SNOW, ICE PELLETS, HAIL    4 = ICE PELLETS
                        TOTAL MONTH:   0.0 INCH    5 = HAIL
                        GRTST 24HR     0.0         6 = FREEZING RAIN OR DRIZZLE
                        GRTST DEPTH:   0           7 = DUSTSTORM OR SANDSTORM:
                                                       VSBY 1/2 MILE OR LESS
                                                   8 = SMOKE OR HAZE
[NO. OF DAYS WITH]      [WEATHER - DAYS WITH]      9 = BLOWING SNOW
                                                   X = TORNADO
MAX 32 OR BELOW:   0    0.01 INCH OR MORE:   8
MAX 90 OR ABOVE:   0    0.10 INCH OR MORE:   4
MIN 32 OR BELOW:   0    0.50 INCH OR MORE:   3
MIN  0 OR BELOW:   0    1.00 INCH OR MORE:   1

[HDD (BASE 65) ]
TOTAL THIS MO.    47    CLEAR  (SCALE 0-3)  10
DPTR FM NORMAL   -45    PTCLDY (SCALE 4-7)  15
TOTAL FM JUL 1  1486    CLOUDY (SCALE 8-10)  1
DPTR FM NORMAL  -859

[CDD (BASE 65) ]
TOTAL THIS MO.   100
DPTR FM NORMAL    26    [PRESSURE DATA]
TOTAL FM JAN 1   221    HIGHEST SLP M ON M
DPTR FM NORMAL   117    LOWEST  SLP 29.37 ON M

[REMARKS]
