000
CXUS51 KPHI 240800
CF6TTN
PRELIMINARY LOCAL CLIMATOLOGICAL DATA (WS FORM: F-6)

                                          STATION:   TRENTON NJ
                                          MONTH:     MAY
                                          YEAR:      2015
                                          LATITUDE:   40 16 N
                                          LONGITUDE:  74 49 W

  TEMPERATURE IN F:       :PCPN:    SNOW:  WIND      :SUNSHINE: SKY     :PK WND
================================================================================
1   2   3   4   5  6A  6B    7    8   9   10  11  12  13   14  15   16   17  18
                                     12Z  AVG MX 2MIN
DY MAX MIN AVG DEP HDD CDD  WTR  SNW DPTH SPD SPD DIR MIN PSBL S-S WX    SPD DR
================================================================================

 1  63  45  54  -2  11   0    T    M    M  6.0 13 140   M    M   8        16 130
 2  73  40  57   0   8   0 0.00    M    M  4.6 15 170   M    M   3        18 190
 3  79  45  62   5   3   0 0.00    M    M  4.2 15 180   M    M   2        19 160
 4  83  49  66   9   0   1 0.00    M    M  7.0 22 210   M    M   1        28 210
 5  83  58  71  13   0   6    T    M    M  4.8 14 240   M    M   4        19 220
 6  73  53  63   5   2   0    T    M    M  6.8 18  90   M    M   6        23  80
 7  80  51  66   8   0   1 0.00    M    M  4.5 14 160   M    M   1 8      19 130
 8  83  53  68   9   0   3 0.00    M    M  5.5 18 180   M    M   0 18     23 190
 9  73  56  65   6   0   0 0.12    M    M  5.6 10  60   M    M   8 18     14 120
10  84  65  75  16   0  10 0.00    M    M  7.6 17 210   M    M   6 1      21 210
11  83  67  75  15   0  10 0.06    M    M  7.5 18 150   M    M   7 138    23 170
12  85  63  74  14   0   9 0.00    M    M 10.6 24 360   M    M   2 1      36 320
13  72  50  61   1   4   0 0.00    M    M 11.3 23 350   M    M   3        31 350
14  71  46  59  -1   6   0 0.00    M    M  5.9 15 180   M    M   0        19 180
15  76  47  62   1   3   0    T    M    M  6.8 16 170   M    M   2        21 220
16  82  55  69   8   0   4 0.32    M    M  4.9 22 280   M    M   3 13     35 290
17  82  63  73  11   0   8 0.00    M    M  3.3  9 270   M    M   3 128    19 270
18  77  56  67   5   0   2 0.00    M    M  6.9 17  70   M    M   8 18     20  60
19  83  56  70   8   0   5 0.02    M    M  5.5 20 340   M    M   6 128    25 350
20  67  52  60  -2   5   0 0.00    M    M 10.3 21 350   M    M   2        30 320
21  56  49  53 -10  12   0 0.02    M    M  3.5  9 220   M    M   8 18     12 220
22  75  49  62  -1   3   0 0.00    M    M  9.2 26 320   M    M   2 1      42 300
23  69  45  57  -6   8   0 0.00    M    M  5.9 16 340   M    M   0        21 350
================================================================================
SM 1752 1213        65  59  0.54    M    148.2          M       85
================================================================================
AV 76.2 52.7                               6.4 FASTST   M    M   4    MAX(MPH)
                                 MISC ---->  # 26 320               # 42  300
================================================================================
NOTES:
# LAST OF SEVERAL OCCURRENCES

COLUMN 17 PEAK WIND IN M.P.H.

PRELIMINARY LOCAL CLIMATOLOGICAL DATA (WS FORM: F-6) , PAGE 2

                                          STATION:  TRENTON NJ
                                          MONTH:    MAY
                                          YEAR:     2015
                                          LATITUDE:   40 16 N
                                          LONGITUDE:  74 49 W

[TEMPERATURE DATA]      [PRECIPITATION DATA]       SYMBOLS USED IN COLUMN 16

AVERAGE MONTHLY: 64.5   TOTAL FOR MONTH:   0.54    1 = FOG OR MIST
DPTR FM NORMAL:   4.6   DPTR FM NORMAL:   -2.37    2 = FOG REDUCING VISIBILITY
HIGHEST:    85 ON 12    GRTST 24HR  0.32 ON 16-16      TO 1/4 MILE OR LESS
LOWEST:     40 ON  2                               3 = THUNDER
                        SNOW, ICE PELLETS, HAIL    4 = ICE PELLETS
                        TOTAL MONTH:    M          5 = HAIL
                        GRTST 24HR    M  ON   M    6 = FREEZING RAIN OR DRIZZLE
                        GRTST DEPTH:  M  ON   M    7 = DUSTSTORM OR SANDSTORM:
                                                       VSBY 1/2 MILE OR LESS
                                                   8 = SMOKE OR HAZE
[NO. OF DAYS WITH]      [WEATHER - DAYS WITH]      9 = BLOWING SNOW
                                                   X = TORNADO
MAX 32 OR BELOW:   0    0.01 INCH OR MORE:   5
MAX 90 OR ABOVE:   0    0.10 INCH OR MORE:   2
MIN 32 OR BELOW:   0    0.50 INCH OR MORE:   0
MIN  0 OR BELOW:   0    1.00 INCH OR MORE:   0

[HDD (BASE 65) ]
TOTAL THIS MO.    65    CLEAR  (SCALE 0-3)  13
DPTR FM NORMAL   -79    PTCLDY (SCALE 4-7)  10
TOTAL FM JUL 1  5371    CLOUDY (SCALE 8-10)  0
DPTR FM NORMAL   259

[CDD (BASE 65) ]
TOTAL THIS MO.    59
DPTR FM NORMAL    30    [PRESSURE DATA]
TOTAL FM JAN 1    59    HIGHEST SLP M ON M
DPTR FM NORMAL    22    LOWEST  SLP 29.80 ON M

[REMARKS]
