000
CXUS51 KPHI 220800
CF6TTN
PRELIMINARY LOCAL CLIMATOLOGICAL DATA (WS FORM: F-6)

                                          STATION:   TRENTON NJ
                                          MONTH:     SEPTEMBER
                                          YEAR:      2017
                                          LATITUDE:   40 16 N
                                          LONGITUDE:  74 49 W

  TEMPERATURE IN F:       :PCPN:    SNOW:  WIND      :SUNSHINE: SKY     :PK WND
================================================================================
1   2   3   4   5  6A  6B    7    8   9   10  11  12  13   14  15   16   17  18
                                     12Z  AVG MX 2MIN
DY MAX MIN AVG DEP HDD CDD  WTR  SNW DPTH SPD SPD DIR MIN PSBL S-S WX    SPD DR
================================================================================

 1  71  52  62  -9   3   0 0.00    M    M  5.9 16 350   M    M   0        22  10
 2  67  52  60 -11   5   0 0.48    M    M  8.7 15 120   M    M   6 1      22 110
 3  72  59  66  -5   0   1 0.11    M    M  6.3 14  70   M    M   8 1      19 270
 4  81  55  68  -2   0   3 0.00    M    M  6.8 20 210   M    M   0 12     23 220
 5  86  64  75   5   0  10 0.25    M    M  6.5 28 300   M    M   1 13     36 320
 6  68  60  64  -6   1   0 0.65    M    M  5.1 14 350   M    M   8 13     18 360
 7  72  58  65  -5   0   0 0.01    M    M  6.4 17 270   M    M   5 1      25 250
 8  72  52  62  -7   3   0 0.00    M    M  6.8 17 280   M    M   2        23 260
 9  70  51  61  -8   4   0 0.00    M    M  8.2 20 350   M    M   1        25 350
10  74  51  63  -6   2   0 0.00    M    M  6.5 17 350   M    M   1        20  40
11  76  50  63  -5   2   0 0.00    M    M  4.1  8  10   M    M   0        12 310
12  79  54  67  -1   0   2 0.00    M    M  2.4  9 220   M    M   0        11 250
13  77  58  68   0   0   3 0.30    M    M  2.6 12 250   M    M   6 1      15 240
14  83  67  75   8   0  10    T    M    M  5.4 17 210   M    M   6 12     23 220
15  84  61  73   6   0   8 0.00    M    M  2.4 10 220   M    M   M        13 280
16  85  65  75   9   0  10 0.03    M    M  2.5 13  90   M    M   2 1      16 120
17  81  66  74   8   0   9 0.00    M    M  2.8  8 140   M    M   6 128    11 120
18  76  67  72   6   0   7 0.00    M    M  7.0 13  90   M    M   9 18     17  90
19  79  69  74   9   0   9 0.03    M    M 11.6 21  50   M    M   9 1      29  50
20  83  69  76  11   0  11 0.00    M    M  8.6 16 360   M    M   2        24  30
21  85  66  76  12   0  11 0.00    M    M  6.1 15  40   M    M   1        20  30
================================================================================
SM 1621 1246        20  94  1.86    M    122.7          M       73
================================================================================
AV 77.2 59.3                               5.8 FASTST   M    M   4    MAX(MPH)
                                 MISC ---->  # 28 300               # 36  320
================================================================================
NOTES:
# LAST OF SEVERAL OCCURRENCES

COLUMN 17 PEAK WIND IN M.P.H.

PRELIMINARY LOCAL CLIMATOLOGICAL DATA (WS FORM: F-6) , PAGE 2

                                          STATION:  TRENTON NJ
                                          MONTH:    SEPTEMBER
                                          YEAR:     2017
                                          LATITUDE:   40 16 N
                                          LONGITUDE:  74 49 W

[TEMPERATURE DATA]      [PRECIPITATION DATA]       SYMBOLS USED IN COLUMN 16

AVERAGE MONTHLY: 68.3   TOTAL FOR MONTH:   1.86    1 = FOG OR MIST
DPTR FM NORMAL:   0.2   DPTR FM NORMAL:   -0.98    2 = FOG REDUCING VISIBILITY
HIGHEST:    86 ON  5    GRTST 24HR  0.65 ON  6- 6      TO 1/4 MILE OR LESS
LOWEST:     50 ON 11                               3 = THUNDER
                        SNOW, ICE PELLETS, HAIL    4 = ICE PELLETS
                        TOTAL MONTH:    M          5 = HAIL
                        GRTST 24HR    M  ON   M    6 = FREEZING RAIN OR DRIZZLE
                        GRTST DEPTH:  M  ON   M    7 = DUSTSTORM OR SANDSTORM:
                                                       VSBY 1/2 MILE OR LESS
                                                   8 = SMOKE OR HAZE
[NO. OF DAYS WITH]      [WEATHER - DAYS WITH]      9 = BLOWING SNOW
                                                   X = TORNADO
MAX 32 OR BELOW:   0    0.01 INCH OR MORE:   8
MAX 90 OR ABOVE:   0    0.10 INCH OR MORE:   5
MIN 32 OR BELOW:   0    0.50 INCH OR MORE:   1
MIN  0 OR BELOW:   0    1.00 INCH OR MORE:   0

[HDD (BASE 65) ]
TOTAL THIS MO.    20    CLEAR  (SCALE 0-3)  11
DPTR FM NORMAL    -2    PTCLDY (SCALE 4-7)   6
TOTAL FM JUL 1    21    CLOUDY (SCALE 8-10)  3
DPTR FM NORMAL    -4

[CDD (BASE 65) ]
TOTAL THIS MO.    94
DPTR FM NORMAL     7    [PRESSURE DATA]
TOTAL FM JAN 1  1014    HIGHEST SLP  0.00 ON 15
DPTR FM NORMAL    71    LOWEST  SLP 29.75 ON  5

[REMARKS]
