000
CXUS51 KPHI 290800
CF6TTN
PRELIMINARY LOCAL CLIMATOLOGICAL DATA (WS FORM: F-6)

                                          STATION:   TRENTON NJ
                                          MONTH:     JANUARY
                                          YEAR:      2015
                                          LATITUDE:   40 16 N
                                          LONGITUDE:  74 49 W

  TEMPERATURE IN F:       :PCPN:    SNOW:  WIND      :SUNSHINE: SKY     :PK WND
================================================================================
1   2   3   4   5  6A  6B    7    8   9   10  11  12  13   14  15   16   17  18
                                     12Z  AVG MX 2MIN
DY MAX MIN AVG DEP HDD CDD  WTR  SNW DPTH SPD SPD DIR MIN PSBL S-S WX    SPD DR
================================================================================

 1  40  22  31  -1  34   0 0.00    M    M  9.5 21 220   M    M   0        29 280
 2  43  26  35   4  30   0 0.00    M    M  6.8 17 300   M    M   0        25 260
 3  42  26  34   3  31   0 0.79    M    M  4.8 10  60   M    M   6 1      14 100
 4  56  39  48  17  17   0 0.28    M    M  8.3 23 290   M    M   9 12     33 290
 5  48  21  35   4  30   0 0.00    M    M 14.5 26 310   M    M   2        41 290
 6  21  14  18 -13  47   0 0.10    M    M  4.2 12 320   M    M   6 18     19 310
 7  23   9  16 -15  49   0 0.00    M    M 11.1 24 290   M    M   3 18     36 310
 8  19   7  13 -18  52   0 0.00    M    M  9.2 18 310   M    M   0        29 300
 9  33  15  24  -7  41   0    T    M    M  9.8 22 270   M    M   5        33 290
10  22  13  18 -13  47   0 0.00    M    M  8.1 16 290   M    M   0        25 280
11  38  12  25  -6  40   0 0.00    M    M  6.3 18 210   M    M   1        24 210
12  37  32  35   4  30   0 0.48    M    M  3.7 15 350   M    M  10 146    19 360
13  36  16  26  -5  39   0 0.00    M    M 11.4 21 360   M    M   3        27 340
14  31  15  23  -8  42   0 0.00    M    M  7.0 14  40   M    M   8        17  40
15  35  25  30  -1  35   0 0.00    M    M  5.3 14 270   M    M   7        18 290
16  42  20  31   0  34   0    T    M    M 11.5 24 350   M    M   3 8      32 350
17  30  14  22  -9  43   0 0.00    M    M  5.8 15 160   M    M   0 8      20 340
18  40  20  30  -1  35   0 1.97    M    M  4.9 10 290   M    M   7 16     19 340
19  42  33  38   7  27   0 0.00    M    M  8.7 18 310   M    M   8 1      32 290
20  43  28  36   5  29   0 0.02    M    M  5.2 14 290   M    M   4 1      20 280
21  33  22  28  -3  37   0    T    M    M  3.5  8  50   M    M   6 1      10  20
22  39  28  34   3  31   0    T    M    M  4.1 10 300   M    M   8 18     17 290
23  39  20  30  -1  35   0 0.10    M    M  4.5 12 210   M    M   1 18     17 230
24  38  32  35   4  30   0 0.60    M    M  7.8 13 290   M    M   9 18     20 290
25  43  30  37   6  28   0    T    M    M  8.5 18 280   M    M   7        27 280
26  30  23  27  -4  38   0    T    M    M 14.3 23  60   M    M  10 18     31  50
27  31  18  25  -6  40   0    T    M    M 12.7 21 340   M    M   7 1      26  10
28  33  16  25  -6  40   0 0.00    M    M  9.5 20 320   M    M   0        30 300
================================================================================
SM 1007  596      1011   0  4.34    M    221.0          M      130
================================================================================
AV 36.0 21.3                               7.9 FASTST   M    M   5    MAX(MPH)
                                 MISC ---->  # 26 310               # 41  290
================================================================================
NOTES:
# LAST OF SEVERAL OCCURRENCES

COLUMN 17 PEAK WIND IN M.P.H.

PRELIMINARY LOCAL CLIMATOLOGICAL DATA (WS FORM: F-6) , PAGE 2

                                          STATION:  TRENTON NJ
                                          MONTH:    JANUARY
                                          YEAR:     2015
                                          LATITUDE:   40 16 N
                                          LONGITUDE:  74 49 W

[TEMPERATURE DATA]      [PRECIPITATION DATA]       SYMBOLS USED IN COLUMN 16

AVERAGE MONTHLY: 28.6   TOTAL FOR MONTH:   4.34    1 = FOG OR MIST
DPTR FM NORMAL:  -2.4   DPTR FM NORMAL:    1.46    2 = FOG REDUCING VISIBILITY
HIGHEST:    56 ON  4    GRTST 24HR  1.97 ON 18-18      TO 1/4 MILE OR LESS
LOWEST:      7 ON  8                               3 = THUNDER
                        SNOW, ICE PELLETS, HAIL    4 = ICE PELLETS
                        TOTAL MONTH:    M          5 = HAIL
                        GRTST 24HR    M  ON   M    6 = FREEZING RAIN OR DRIZZLE
                        GRTST DEPTH:  M  ON   M    7 = DUSTSTORM OR SANDSTORM:
                                                       VSBY 1/2 MILE OR LESS
                                                   8 = SMOKE OR HAZE
[NO. OF DAYS WITH]      [WEATHER - DAYS WITH]      9 = BLOWING SNOW
                                                   X = TORNADO
MAX 32 OR BELOW:   8    0.01 INCH OR MORE:   8
MAX 90 OR ABOVE:   0    0.10 INCH OR MORE:   7
MIN 32 OR BELOW:  26    0.50 INCH OR MORE:   3
MIN  0 OR BELOW:   0    1.00 INCH OR MORE:   1

[HDD (BASE 65) ]
TOTAL THIS MO.  1011    CLEAR  (SCALE 0-3)  12
DPTR FM NORMAL    60    PTCLDY (SCALE 4-7)  12
TOTAL FM JUL 1  2779    CLOUDY (SCALE 8-10)  4
DPTR FM NORMAL   -67

[CDD (BASE 65) ]
TOTAL THIS MO.     0
DPTR FM NORMAL     0    [PRESSURE DATA]
TOTAL FM JAN 1     0    HIGHEST SLP M ON M
DPTR FM NORMAL     0    LOWEST  SLP 29.26 ON 24

[REMARKS]
