000
CXUS53 KAPX 280631
CF6TVC
PRELIMINARY LOCAL CLIMATOLOGICAL DATA (WS FORM: F-6)

                                          STATION:   TRAVERSE CITY MI
                                          MONTH:     SEPTEMBER
                                          YEAR:      2016
                                          LATITUDE:   44 44 N
                                          LONGITUDE:  85 34 W

  TEMPERATURE IN F:       :PCPN:    SNOW:  WIND      :SUNSHINE: SKY     :PK WND
================================================================================
1   2   3   4   5  6A  6B    7    8   9   10  11  12  13   14  15   16   17  18
                                     12Z  AVG MX 2MIN
DY MAX MIN AVG DEP HDD CDD  WTR  SNW DPTH SPD SPD DIR MIN PSBL S-S WX    SPD DR
================================================================================

 1  71  60  66   1   0   1 0.47    M    M  8.3 18 350   M    M   5 1      24 350
 2  74  49  62  -2   3   0 0.00    M    M  3.0 10  40   M    M   1        14  30
 3  78  53  66   2   0   1 0.00    M    M  2.9 10 360   M    M   1        17  20
 4  83  54  69   5   0   4 0.00    M    M  3.4 10 280   M    M   2        16 180
 5  87  61  74  10   0   9 0.00    M    M  5.6 15 230   M    M   5        23 210
 6  91  75  83  20   0  18 0.41    M    M  5.0 23 320   M    M   6 138    30 310
 7  80  72  76  13   0  11 0.49    M    M  4.2 16 290   M    M   9 1      18 290
 8  79  68  74  11   0   9    T    M    M  6.1 16 250   M    M   7 1      20 270
 9  80  61  71   9   0   6 0.00    M    M  2.6 10 260   M    M   5        14 130
10  76  60  68   6   0   3 0.45    M    M  7.8 28 310   M    M   7 13     35 310
11  73  51  62   0   3   0 0.00    M    M  4.6 16 270   M    M   3        22 280
12  80  57  69   8   0   4 0.00    M    M  5.5 13 210   M    M   2        23 220
13  72  64  68   7   0   3 0.23    M    M  6.5 17 240   M    M   7 138    24 230
14  69  51  60  -1   5   0 0.00    M    M  5.2 12  60   M    M   5        15  50
15  74  48  61   1   4   0 0.00    M    M  2.0  9  30   M    M   3        14  30
16  79  56  68   8   0   3 0.21    M    M  4.8 21 290   M    M   6 13     26 290
17  79  64  72  12   0   7 0.03    M    M  5.2 16 270   M    M   6 1      20 220
18  76  58  67   8   0   2 0.00    M    M  4.8 16 270   M    M   3        21 270
19  82  61  72  13   0   7    T    M    M  5.6 18 260   M    M   3 3      30 220
20  80  55  68  10   0   3 0.00    M    M  4.2 17 270   M    M   2        21 270
21  76  61  69  11   0   4    T    M    M  2.6  9  10   M    M   7        14 140
22  73  64  69  11   0   4 0.18    M    M  3.1  8 360   M    M  10 18     11  10
23  68  54  61   4   4   0 0.00    M    M  5.6 14  60   M    M   8        20  50
24  71  48  60   3   5   0 0.00    M    M  2.9 14  90   M    M   3 8      18 100
25  75  53  64   8   1   0 0.45    M    M  5.9 16 290   M    M   6 13     25 140
26  62  53  58   2   7   0 0.60    M    M  8.0 23 280   M    M  10 1      31 280
27  58  51  55   0  10   0 0.24    M    M  5.3 20 280   M    M  10 1      25 270
================================================================================
SM 2046 1562        42  99  3.76    M    130.7          M      142
================================================================================
AV 75.8 57.9                               4.8 FASTST   M    M   5    MAX(MPH)
                                 MISC ---->  # 28 310               # 35  310
================================================================================
NOTES:
# LAST OF SEVERAL OCCURRENCES

COLUMN 17 PEAK WIND IN M.P.H.

PRELIMINARY LOCAL CLIMATOLOGICAL DATA (WS FORM: F-6) , PAGE 2

                                          STATION:  TRAVERSE CITY MI
                                          MONTH:    SEPTEMBER
                                          YEAR:     2016
                                          LATITUDE:   44 44 N
                                          LONGITUDE:  85 34 W

[TEMPERATURE DATA]      [PRECIPITATION DATA]       SYMBOLS USED IN COLUMN 16

AVERAGE MONTHLY: 66.8   TOTAL FOR MONTH:   3.76    1 = FOG OR MIST
DPTR FM NORMAL:   6.4   DPTR FM NORMAL:    0.56    2 = FOG REDUCING VISIBILITY
HIGHEST:    91 ON  6    GRTST 24HR  1.01 ON 25-26      TO 1/4 MILE OR LESS
LOWEST:     48 ON 24,15                            3 = THUNDER
                        SNOW, ICE PELLETS, HAIL    4 = ICE PELLETS
                        TOTAL MONTH:    M          5 = HAIL
                        GRTST 24HR    M  ON   M    6 = FREEZING RAIN OR DRIZZLE
                        GRTST DEPTH:  M  ON   M    7 = DUSTSTORM OR SANDSTORM:
                                                       VSBY 1/2 MILE OR LESS
                                                   8 = SMOKE OR HAZE
[NO. OF DAYS WITH]      [WEATHER - DAYS WITH]      9 = BLOWING SNOW
                                                   X = TORNADO
MAX 32 OR BELOW:   0    0.01 INCH OR MORE:  11
MAX 90 OR ABOVE:   1    0.10 INCH OR MORE:  10
MIN 32 OR BELOW:   0    0.50 INCH OR MORE:   1
MIN  0 OR BELOW:   0    1.00 INCH OR MORE:   0

[HDD (BASE 65) ]
TOTAL THIS MO.    42    CLEAR  (SCALE 0-3)  10
DPTR FM NORMAL  -119    PTCLDY (SCALE 4-7)  12
TOTAL FM JUL 1    51    CLOUDY (SCALE 8-10)  5
DPTR FM NORMAL  -179

[CDD (BASE 65) ]
TOTAL THIS MO.    99
DPTR FM NORMAL    60    [PRESSURE DATA]
TOTAL FM JAN 1   759    HIGHEST SLP M ON M
DPTR FM NORMAL   351    LOWEST  SLP 29.60 ON M

[REMARKS]
