000
CXUS53 KAPX 300631
CF6TVC
PRELIMINARY LOCAL CLIMATOLOGICAL DATA (WS FORM: F-6)

                                          STATION:   TRAVERSE CITY MI
                                          MONTH:     JUNE
                                          YEAR:      2015
                                          LATITUDE:   44 44 N
                                          LONGITUDE:  85 34 W

  TEMPERATURE IN F:       :PCPN:    SNOW:  WIND      :SUNSHINE: SKY     :PK WND
================================================================================
1   2   3   4   5  6A  6B    7    8   9   10  11  12  13   14  15   16   17  18
                                     12Z  AVG MX 2MIN
DY MAX MIN AVG DEP HDD CDD  WTR  SNW DPTH SPD SPD DIR MIN PSBL S-S WX    SPD DR
================================================================================

 1  63  37  50  -9  15   0 0.00    M    M  4.2 14  30   M    M   2        19  30
 2  69  38  54  -6  11   0 0.00    M    M  3.4 13  20   M    M   4        16  20
 3  81  43  62   2   3   0 0.00    M    M  4.7 14 330   M    M   4        17 340
 4  79  49  64   4   1   0    T    M    M  4.3 15 270   M    M   7 18     22 170
 5  61  49  55  -6  10   0 0.01    M    M  5.9 14 360   M    M   9 128    18 360
 6  68  39  54  -7  11   0 0.00    M    M  4.1 13  90   M    M   3        15 100
 7  74  56  65   4   0   0 0.34    M    M  5.3 16  30   M    M   7 1      20  30
 8  73  53  63   1   2   0 0.00    M    M  3.2 14 350   M    M   7 123    18  10
 9  78  52  65   3   0   0 0.00    M    M  3.5 13 270   M    M   6 128    17 270
10  75  53  64   2   1   0 0.00    M    M  7.5 23 300   M    M   4        27 330
11  68  51  60  -3   5   0 0.09    M    M  2.9  8  30   M    M   7        10  40
12  67  53  60  -3   5   0 0.66    M    M  4.8 13 360   M    M   8 1      16  40
13  68  48  58  -5   7   0 0.15    M    M  4.5 14 110   M    M   7 12     20 110
14  74  62  68   4   0   3 0.23    M    M  1.1  9  10   M    M  10 1      13 270
15  78  61  70   6   0   5    T    M    M  3.3 10 270   M    M   9 18     13 280
16  68  54  61  -3   4   0 0.00    M    M  6.3 13  10   M    M   3        22 350
17  76  52  64  -1   1   0 0.00    M    M  2.6 13  10   M    M   7        15  10
18  77  54  66   1   0   1 0.01  0.0    M  6.1 14 330   M    M   6 3      21 340
19  70  43  57  -8   8   0 0.00    M    M  4.5 13  40   M    M   2        17  90
20  77  52  65  -1   0   0 0.00    M    M  4.4 12 310   M    M   6        17 220
21  76  56  66   0   0   1 0.00    M    M  4.0 16 270   M    M   5 1      19 260
22  79  53  66   0   0   1 0.14    M    M  5.0 15 270   M    M   6 13     27 210
23  73  53  63  -3   2   0 0.00    M    M  9.3 23 290   M    M   5        28 300
24  83  51  67   0   0   2 0.00    M    M  6.7 18 280   M    M   5        23 290
25  78  57  68   1   0   3 0.00    M    M  4.3 14  10   M    M   7        18  10
26  81  57  69   2   0   4 0.00    M    M  4.4 16  80   M    M   5        20  90
27  79  50  65  -2   0   0 0.00    M    M  3.9 13  30   M    M   4        17  30
28  81  49  65  -3   0   0 0.00    M    M  3.0 15 280   M    M   3        19 280
29  84  53  69   1   0   4 0.38    M    M  3.0 16 220   M    M   3 13     24 220
================================================================================
SM 2158 1478        86  24  2.01     0.0 130.2          M      161
================================================================================
AV 74.4 51.0                               4.5 FASTST   M    M   6    MAX(MPH)
                                 MISC ---->  # 23 300               # 28  300
================================================================================
NOTES:
# LAST OF SEVERAL OCCURRENCES

COLUMN 17 PEAK WIND IN M.P.H.

PRELIMINARY LOCAL CLIMATOLOGICAL DATA (WS FORM: F-6) , PAGE 2

                                          STATION:  TRAVERSE CITY MI
                                          MONTH:    JUNE
                                          YEAR:     2015
                                          LATITUDE:   44 44 N
                                          LONGITUDE:  85 34 W

[TEMPERATURE DATA]      [PRECIPITATION DATA]       SYMBOLS USED IN COLUMN 16

AVERAGE MONTHLY: 62.7   TOTAL FOR MONTH:   2.01    1 = FOG OR MIST
DPTR FM NORMAL:  -1.2   DPTR FM NORMAL:   -1.04    2 = FOG REDUCING VISIBILITY
HIGHEST:    84 ON 29    GRTST 24HR  0.75 ON 11-12      TO 1/4 MILE OR LESS
LOWEST:     37 ON  1                               3 = THUNDER
                        SNOW, ICE PELLETS, HAIL    4 = ICE PELLETS
                        TOTAL MONTH:   0.0 INCH    5 = HAIL
                        GRTST 24HR     0.0         6 = FREEZING RAIN OR DRIZZLE
                        GRTST DEPTH:  M  ON   M    7 = DUSTSTORM OR SANDSTORM:
                                                       VSBY 1/2 MILE OR LESS
                                                   8 = SMOKE OR HAZE
[NO. OF DAYS WITH]      [WEATHER - DAYS WITH]      9 = BLOWING SNOW
                                                   X = TORNADO
MAX 32 OR BELOW:   0    0.01 INCH OR MORE:   9
MAX 90 OR ABOVE:   0    0.10 INCH OR MORE:   6
MIN 32 OR BELOW:   0    0.50 INCH OR MORE:   1
MIN  0 OR BELOW:   0    1.00 INCH OR MORE:   0

[HDD (BASE 65) ]
TOTAL THIS MO.    86    CLEAR  (SCALE 0-3)   4
DPTR FM NORMAL   -26    PTCLDY (SCALE 4-7)  21
TOTAL FM JUL 1  7822    CLOUDY (SCALE 8-10)  4
DPTR FM NORMAL   274

[CDD (BASE 65) ]
TOTAL THIS MO.    24
DPTR FM NORMAL   -51    [PRESSURE DATA]
TOTAL FM JAN 1    59    HIGHEST SLP M ON M
DPTR FM NORMAL   -36    LOWEST  SLP 29.49 ON 10

[REMARKS]
