000
CXUS53 KAPX 260631
CF6TVC
PRELIMINARY LOCAL CLIMATOLOGICAL DATA (WS FORM: F-6)

                                          STATION:   TRAVERSE CITY MI
                                          MONTH:     APRIL
                                          YEAR:      2017
                                          LATITUDE:   44 44 N
                                          LONGITUDE:  85 34 W

  TEMPERATURE IN F:       :PCPN:    SNOW:  WIND      :SUNSHINE: SKY     :PK WND
================================================================================
1   2   3   4   5  6A  6B    7    8   9   10  11  12  13   14  15   16   17  18
                                     12Z  AVG MX 2MIN
DY MAX MIN AVG DEP HDD CDD  WTR  SNW DPTH SPD SPD DIR MIN PSBL S-S WX    SPD DR
================================================================================

 1  59  25  42   5  23   0 0.00    M    M  2.5 14 310   M    M   5 1      17 320
 2  65  36  51  13  14   0 0.04    M    M  3.4 13 270   M    M   8        18 250
 3  58  44  51  13  14   0 0.22    M    M  5.0 15 120   M    M  10 1      20 110
 4  50  34  42   4  23   0 0.24    M    M 10.2 20 330   M    M   8 1      27 320
 5  45  30  38  -1  27   0    T    M    M  1.8 14  50   M    M   8        17  60
 6  43  38  41   2  24   0    T    M    M 14.3 29 360   M    M   9        41  10
 7  50  29  40   0  25   0 0.00    M    M 10.8 21  10   M    M   1        28 310
 8  66  26  46   6  19   0 0.00    M    M  4.5 16 260   M    M   3        22 260
 9  77  57  67  27   0   2    T    M    M  9.0 17 210   M    M   7        27 220
10  70  39  55  14  10   0 0.25    M    M  8.2 16 320   M    M   8 138    21 320
11  44  38  41   0  24   0 0.01    M    M  9.1 21 270   M    M  10 1      25 270
12  50  37  44   2  21   0 0.00    M    M  4.8 12  30   M    M   7 8      15  40
13  56  33  45   3  20   0 0.00    M    M  2.7 10 140   M    M   7        17 180
14  69  30  50   8  15   0 0.00    M    M  4.9 15 110   M    M   2 1      20 120
15  78  50  64  21   1   0 0.51    M    M  7.1 21 240   M    M   9 138    32 230
16  69  41  55  12  10   0 0.38    M    M  5.9 25 300   M    M   7 123    32 300
17  44  31  38  -6  27   0    T    M    M  6.0 12  20   M    M   6        19  20
18  67  30  49   5  16   0    T    M    M  8.4 16 140   M    M   7        25 130
19  63  41  52   8  13   0 0.00    M    M  7.3 15  50   M    M   9        20 320
20  49  40  45   0  20   0 0.69    M    M  9.2 21 260   M    M   9 13     29 270
21  50  33  42  -3  23   0    T    M    M 10.5 20 330   M    M   7 1      26 330
22  59  29  44  -2  21   0 0.00    M    M  2.9  9  40   M    M   1        14  60
23  52  39  46   0  19   0 0.00    M    M  9.2 18 360   M    M   3        24 350
24  68  31  50   4  15   0 0.00    M    M  4.2 14  30   M    M   4 18     18  20
25  76  51  64  17   1   0 0.00    M    M  5.7 15 160   M    M   5        22 170
================================================================================
SM 1477  912       425   2  2.34    M    167.6          M      160
================================================================================
AV 59.1 36.5                               6.7 FASTST   M    M   6    MAX(MPH)
                                 MISC ---->  # 29 360               # 41   10
================================================================================
NOTES:
# LAST OF SEVERAL OCCURRENCES

COLUMN 17 PEAK WIND IN M.P.H.

PRELIMINARY LOCAL CLIMATOLOGICAL DATA (WS FORM: F-6) , PAGE 2

                                          STATION:  TRAVERSE CITY MI
                                          MONTH:    APRIL
                                          YEAR:     2017
                                          LATITUDE:   44 44 N
                                          LONGITUDE:  85 34 W

[TEMPERATURE DATA]      [PRECIPITATION DATA]       SYMBOLS USED IN COLUMN 16

AVERAGE MONTHLY: 47.8   TOTAL FOR MONTH:   2.34    1 = FOG OR MIST
DPTR FM NORMAL:   5.8   DPTR FM NORMAL:   -0.01    2 = FOG REDUCING VISIBILITY
HIGHEST:    78 ON 15    GRTST 24HR  0.69 ON 20-20      TO 1/4 MILE OR LESS
LOWEST:     25 ON  1                               3 = THUNDER
                        SNOW, ICE PELLETS, HAIL    4 = ICE PELLETS
                        TOTAL MONTH:    M          5 = HAIL
                        GRTST 24HR    M  ON   M    6 = FREEZING RAIN OR DRIZZLE
                        GRTST DEPTH:  M  ON   M    7 = DUSTSTORM OR SANDSTORM:
                                                       VSBY 1/2 MILE OR LESS
                                                   8 = SMOKE OR HAZE
[NO. OF DAYS WITH]      [WEATHER - DAYS WITH]      9 = BLOWING SNOW
                                                   X = TORNADO
MAX 32 OR BELOW:   0    0.01 INCH OR MORE:   8
MAX 90 OR ABOVE:   0    0.10 INCH OR MORE:   6
MIN 32 OR BELOW:   9    0.50 INCH OR MORE:   2
MIN  0 OR BELOW:   0    1.00 INCH OR MORE:   0

[HDD (BASE 65) ]
TOTAL THIS MO.   425    CLEAR  (SCALE 0-3)   5
DPTR FM NORMAL  -153    PTCLDY (SCALE 4-7)  14
TOTAL FM JUL 1  5631    CLOUDY (SCALE 8-10)  6
DPTR FM NORMAL -1349

[CDD (BASE 65) ]
TOTAL THIS MO.     2
DPTR FM NORMAL     2    [PRESSURE DATA]
TOTAL FM JAN 1     2    HIGHEST SLP M ON M
DPTR FM NORMAL     2    LOWEST  SLP 29.38 ON  4

[REMARKS]
