000
CXUS55 KREV 010913 RRA
CF6TVL

PRELIMINARY LOCAL CLIMATOLOGICAL DATA (WS FORM: F-6)

                                          STATION:   SOUTH LAKE TAHOE CA
                                          MONTH:     JULY
                                          YEAR:      2015
                                          LATITUDE:   38 53 N
                                          LONGITUDE: 119 60 W

  TEMPERATURE IN F:       :PCPN:    SNOW:  WIND      :SUNSHINE: SKY     :PK WND
================================================================================
1   2   3   4   5  6A  6B    7    8   9   10  11  12  13   14  15   16   17  18
                                     12Z  AVG MX 2MIN
DY MAX MIN AVG DEP HDD CDD  WTR  SNW DPTH SPD SPD DIR MIN PSBL S-S WX    SPD DR
================================================================================

 1  88  54  71  12   0   6    T  0.0    0  2.9 16 190   M    M   M 3      21 170
 2  90  58  74  15   0   9 0.04  0.0    0  5.0 22 200   M    M   M 13     29 190
 3  85  58  72  13   0   7 0.06  0.0    0  3.7 17  40   M    M   M 13     22  30
 4  73  50  62   3   3   0 0.07  0.0    0  3.1 15  80   M    M   M 3      19  50
 5  82  45  64   4   1   0 0.00  0.0    0  3.2 13  20   M    M   M        17  30
 6  81  49  65   5   0   0 0.19  0.0    0  4.2 18 180   M    M   M 3      26 190
 7  77  48  63   3   2   0 0.05  0.0    0  3.7 12 200   M    M   M 3      16 190
 8  69  45  57  -3   8   0 0.39  0.0    0  3.1 13 180   M    M   M 13     20 190
 9  64  44  54  -6  11   0 0.05  0.0    0  4.2 14 200   M    M   M 13     19 190
10  64  41  53  -8  12   0 0.00  0.0    0  5.8 17 190   M    M   M        22 190
11  73  40  57  -4   8   0 0.00  0.0    0  5.9 18 190   M    M   M        25 190
12  73  43  58  -3   7   0 0.00  0.0    0  5.4 17 180   M    M   M        22 190
13  77  45  61   0   4   0 0.00  0.0    0  3.6 15 200   M    M   M        21 180
14  78  42  60  -1   5   0 0.00  0.0    0  4.5 16 200   M    M   M        26 210
15  81  44  63   2   2   0 0.00  0.0    0  4.7 13 190   M    M   M        19  30
16  85  48  67   5   0   2 0.00  0.0    0  4.7 14 180   M    M   M 38     18  30
17  82  49  66   4   0   1 0.00  0.0    0  4.2 14 180   M    M   M 3      18 190
18  79  46  63   1   2   0 0.00  0.0    0  2.6 15 190   M    M   M        22 200
19  81  43  62   0   3   0    T  0.0    0  4.1 18 190   M    M   M 3      26 190
20  85  47  66   4   0   1 0.00  0.0    0  4.3 16 180   M    M   M        20 190
21  76  51  64   2   1   0 0.07  0.0    0  3.8 16 190   M    M   M 38     23 190
22  75  47  61  -1   4   0 0.02  0.0    0  6.0 18 190   M    M   M 3      30 190
23  76  44  60  -2   5   0 0.00  0.0    0  5.2 22 190   M    M   M        30 190
24  76  47  62   0   3   0 0.00  0.0    0  6.0 20 190   M    M   M 8      26 190
25  77  41  59  -3   6   0 0.00  0.0    0  4.7 17 190   M    M   M        29 180
26  76  41  59  -3   6   0 0.00  0.0    0  6.4 18 200   M    M   M        27 200
27  78  39  59  -3   6   0 0.00  0.0    0  4.9 16  40   M    M   M        22  30
28  80  40  60  -2   5   0 0.00  0.0    0  3.7 13  40   M    M   M        19  70
29  87  41  64   2   1   0 0.00  0.0    0  2.5 14  40   M    M   M 8      18  40
30  89  45  67   5   0   2 0.00  0.0    0  3.1  9 190   M    M   M 8      14  30
31  83  56  70   8   0   5    T  0.0    0  1.8 18 200   M    M   M 8      24 200
================================================================================
SM 2440 1431       105  33  0.94     0.0 131.0          M        M
================================================================================
AV 78.7 46.2                               4.2 FASTST   M    M -NAN   MAX(MPH)
                                 MISC ---->  # 22 200               # 30  190
================================================================================
NOTES:
# LAST OF SEVERAL OCCURRENCES

COLUMN 17 PEAK WIND IN M.P.H.

PRELIMINARY LOCAL CLIMATOLOGICAL DATA (WS FORM: F-6) , PAGE 2

                                          STATION:  SOUTH LAKE TAHOE CA
                                          MONTH:    JULY
                                          YEAR:     2015
                                          LATITUDE:   38 53 N
                                          LONGITUDE: 119 60 W

[TEMPERATURE DATA]      [PRECIPITATION DATA]       SYMBOLS USED IN COLUMN 16

AVERAGE MONTHLY: 62.4   TOTAL FOR MONTH:   0.94    1 = FOG OR MIST
DPTR FM NORMAL:   1.3   DPTR FM NORMAL:    0.51    2 = FOG REDUCING VISIBILITY
HIGHEST:    90 ON  2    GRTST 24HR  0.39 ON  7- 8      TO 1/4 MILE OR LESS
LOWEST:     39 ON 27                               3 = THUNDER
                        SNOW, ICE PELLETS, HAIL    4 = ICE PELLETS
                        TOTAL MONTH:   0.0 INCH    5 = HAIL
                        GRTST 24HR     0.0         6 = FREEZING RAIN OR DRIZZLE
                        GRTST DEPTH:   0           7 = DUSTSTORM OR SANDSTORM:
                                                       VSBY 1/2 MILE OR LESS
                                                   8 = SMOKE OR HAZE
[NO. OF DAYS WITH]      [WEATHER - DAYS WITH]      9 = BLOWING SNOW
                                                   X = TORNADO
MAX 32 OR BELOW:   0    0.01 INCH OR MORE:   9
MAX 90 OR ABOVE:   1    0.10 INCH OR MORE:   2
MIN 32 OR BELOW:   0    0.50 INCH OR MORE:   0
MIN  0 OR BELOW:   0    1.00 INCH OR MORE:   0

[HDD (BASE 65) ]
TOTAL THIS MO.   105    CLEAR  (SCALE 0-3)   0
DPTR FM NORMAL   -33    PTCLDY (SCALE 4-7)   0
TOTAL FM JUL 1   105    CLOUDY (SCALE 8-10)  0
DPTR FM NORMAL   -33

[CDD (BASE 65) ]
TOTAL THIS MO.    33
DPTR FM NORMAL    15    [PRESSURE DATA]
TOTAL FM JAN 1    61    HIGHEST SLP M ON M
DPTR FM NORMAL    42    LOWEST  SLP 29.66 ON  8

[REMARKS]

THE AVERAGE TEMPERATURE FOR JULY 2015 AT SOUTH LAKE TAHOE WAS 62.4
DEGREES WHICH IS 1.3 DEGREES ABOVE NORMAL.  THE HIGHEST TEMPERATURE
FOR JULY WAS 90 DEGREES WHICH OCCURRED ON THE 2ND.  THE LOWEST
TEMPERATURE FOR THE MONTH WAS 39 DEGREES WHICH WAS RECORDED ON THE
27TH.

FOR JULY 2015 A TOTAL OF 0.94 INCHES OF PRECIPITATION WAS RECORDED
AT SOUTH LAKE TAHOE.  THIS IS 0.51 INCHES ABOVE NORMAL.  NO SNOWFALL
WAS REPORTED IN JUNE.

THE AVERAGE WIND SPEED FOR THE MONTH WAS 4.2 MPH.  THE PEAK WIND
GUST FOR THE MONTH WAS 30 MPH FROM THE SOUTH WHICH OCCURRED ON THE
THE 22ND AND 23RD.

#FINAL-07-15#
