000
CXUS54 KJAN 311414
CF6TVR
PRELIMINARY LOCAL CLIMATOLOGICAL DATA (WS FORM: F-6)

                                          STATION:   VICKSBURG
                                          MONTH:     AUGUST
                                          YEAR:      2015
                                          LATITUDE:   32 20 N
                                          LONGITUDE:  91  2 W

  TEMPERATURE IN F:       :PCPN:    SNOW:  WIND      :SUNSHINE: SKY     :PK WND
================================================================================
1   2   3   4   5  6A  6B    7    8   9   10  11  12  13   14  15   16   17  18
                                     12Z  AVG MX 2MIN
DY MAX MIN AVG DEP HDD CDD  WTR  SNW DPTH SPD SPD DIR MIN PSBL S-S WX    SPD DR
================================================================================

 1  96  68  82   0   0  17 0.00  0.0    0  7.2 14 360   M    M   0        18  20
 2  97  66  82   0   0  17 0.00  0.0    0  4.1 12  20   M    M   0 8      15  30
 3  98  69  84   2   0  19 0.00  0.0    0  4.0 10  20   M    M   0        14  20
 4 100  71  86   4   0  21 0.00  0.0    0  2.4  9  60   M    M   0        12  50
 5  97  75  86   4   0  21    T  0.0    0  4.8 14 170   M    M   0 1      19 180
 6  97  80  89   7   0  24 0.00  0.0    0  6.4 17 180   M    M   2        22 180
 7  98  78  88   6   0  23 0.00  0.0    0  5.8 14 180   M    M   0 8      18 180
 8 103  77  90   8   0  25    T  0.0    0  5.3 14 300   M    M   1 3      20 300
 9 100  75  88   6   0  23 0.00  0.0    0  3.0 10  50   M    M   0 1      13  20
10 103  74  89   7   0  24 0.00  0.0    0  3.8 12 140   M    M   0 1      15  10
11  92  74  83   1   0  18 2.77  0.0    0  2.7 20 360   M    M   4 138    30  10
12  95  75  85   4   0  20 0.00  0.0    0  7.0 15  10   M    M   0 1      20 360
13  93  72  83   2   0  18 0.00  0.0    0  6.9 12  30   M    M   1        16  30
14  94  66  80  -1   0  15 0.00  0.0    0  4.8 10  30   M    M   1        14  10
15  96  70  83   2   0  18 0.00  0.0    0  5.6 14 140   M    M   1        17 140
16  94  70  82   1   0  17    T  0.0    0  6.3 17  80   M    M   2 3      22  70
17  92  74  83   2   0  18 0.00  0.0    0  4.8 10 320   M    M   4        17 320
18  93  73  83   2   0  18 0.09  0.0    0  5.8 15 170   M    M   2 13     18 190
19  84  74  79  -2   0  14 0.28  0.0    0  6.8 16 180   M    M   2 138    24 210
20  85  73  79  -2   0  14    T  0.0    0  3.8 13  10   M    M   7        15  10
21  92  73  83   2   0  18    T  0.0    0  2.1  8  60   M    M   1        11 100
22  92  71  82   2   0  17 0.07  0.0    0  2.7 13 170   M    M   1 13     16 170
23  93  71  82   2   0  17    T  0.0    0  3.0 13  10   M    M   2 1      17 290
24  91  74  83   3   0  18    T  0.0    0  6.0 13 360   M    M   3 3      17  40
25  87  59  73  -7   0   8 0.00  0.0    0  6.1 16  50   M    M   1        20  40
26  89  57  73  -7   0   8 0.00  0.0    0  5.5 16  10   M    M   0        20  30
27  88  53  71  -9   0   6 0.00  0.0    0  4.7 15  20   M    M   0        23  10
28  90  59  75  -5   0  10 0.00  0.0    0  2.2  9  40   M    M   0 1      14  40
29  93  63  78  -1   0  13 0.00  0.0    0  3.1 12  80   M    M   1 1      15  60
30  95  66  81   2   0  16 0.00  0.0    0  2.0 10 140   M    M   1 1      16 360
================================================================================
SM 2817 2100         0 515  3.21     0.0 138.7          M       37
================================================================================
AV 93.9 70.0                               4.6 FASTST   M    M   1    MAX(MPH)
                                 MISC ---->  # 20 360               # 30   10
================================================================================
NOTES:
# LAST OF SEVERAL OCCURRENCES

COLUMN 17 PEAK WIND IN M.P.H.

PRELIMINARY LOCAL CLIMATOLOGICAL DATA (WS FORM: F-6) , PAGE 2

                                          STATION:  VICKSBURG
                                          MONTH:    AUGUST
                                          YEAR:     2015
                                          LATITUDE:   32 20 N
                                          LONGITUDE:  91  2 W

[TEMPERATURE DATA]      [PRECIPITATION DATA]       SYMBOLS USED IN COLUMN 16

AVERAGE MONTHLY: 81.9   TOTAL FOR MONTH:   3.21    1 = FOG OR MIST
DPTR FM NORMAL:   0.9   DPTR FM NORMAL:   -0.30    2 = FOG REDUCING VISIBILITY
HIGHEST:   103 ON 10, 8 GRTST 24HR  2.77 ON 11-11      TO 1/4 MILE OR LESS
LOWEST:     53 ON 27                               3 = THUNDER
                        SNOW, ICE PELLETS, HAIL    4 = ICE PELLETS
                        TOTAL MONTH:   0.0 INCH    5 = HAIL
                        GRTST 24HR     0.0         6 = FREEZING RAIN OR DRIZZLE
                        GRTST DEPTH:   0           7 = DUSTSTORM OR SANDSTORM:
                                                       VSBY 1/2 MILE OR LESS
                                                   8 = SMOKE OR HAZE
[NO. OF DAYS WITH]      [WEATHER - DAYS WITH]      9 = BLOWING SNOW
                                                   X = TORNADO
MAX 32 OR BELOW:   0    0.01 INCH OR MORE:   4
MAX 90 OR ABOVE:  25    0.10 INCH OR MORE:   2
MIN 32 OR BELOW:   0    0.50 INCH OR MORE:   1
MIN  0 OR BELOW:   0    1.00 INCH OR MORE:   1

[HDD (BASE 65) ]
TOTAL THIS MO.     0    CLEAR  (SCALE 0-3)  27
DPTR FM NORMAL     0    PTCLDY (SCALE 4-7)   3
TOTAL FM JUL 1     0    CLOUDY (SCALE 8-10)  0
DPTR FM NORMAL     0

[CDD (BASE 65) ]
TOTAL THIS MO.   515
DPTR FM NORMAL    36    [PRESSURE DATA]
TOTAL FM JAN 1  2038    HIGHEST SLP M ON M
DPTR FM NORMAL   261    LOWEST  SLP 29.81 ON  7

[REMARKS]
