000
CXUS55 KBOI 291002
CF6TWF
PRELIMINARY LOCAL CLIMATOLOGICAL DATA (WS FORM: F-6)

                                          STATION:   TWIN FALLS ID
                                          MONTH:     APRIL
                                          YEAR:      2016
                                          LATITUDE:   42 28 N
                                          LONGITUDE: 114 29 W

  TEMPERATURE IN F:       :PCPN:    SNOW:  WIND      :SUNSHINE: SKY     :PK WND
================================================================================
1   2   3   4   5  6A  6B    7    8   9   10  11  12  13   14  15   16   17  18
                                     12Z  AVG MX 2MIN
DY MAX MIN AVG DEP HDD CDD  WTR  SNW DPTH SPD SPD DIR MIN PSBL S-S WX    SPD DR
================================================================================

 1  59  31  45   0  20   0 0.00    M    M  8.2 17  70   M    M   0        21  70
 2  68  35  52   7  13   0 0.00    M    M  7.0 15 320   M    M   1        22 350
 3  69  43  56  10   9   0 0.00    M    M 10.1 18 270   M    M   1        24 270
 4  64  35  50   4  15   0 0.10    M    M 13.8 38 280   M    M   5 1      46 270
 5  53  32  43  -3  22   0 0.00    M    M 17.4 29 250   M    M   1        36 250
 6  66  37  52   6  13   0 0.00    M    M 13.7 18 250   M    M   0        24 200
 7  72  40  56  10   9   0 0.00    M    M  9.2 17 190   M    M   0        20 190
 8  77  41  59  13   6   0 0.00    M    M 10.4 16 180   M    M   0        20  70
 9  75  49  62  16   3   0 0.02    M    M 13.7 26 160   M    M   2 3      35 170
10  69  50  60  13   5   0 0.01    M    M  9.9 21 170   M    M   5        24 170
11  71  43  57  10   8   0 0.00    M    M 10.1 16 190   M    M   1        20 300
12  69  44  57  10   8   0 0.16    M    M  9.9 23 230   M    M   5 1      30 190
13  59  41  50   3  15   0 0.03    M    M  9.0 28 270   M    M   6 1      33 270
14  54  35  45  -3  20   0 0.04    M    M 16.6 30 250   M    M   7 1      36 270
15  54  34  44  -4  21   0    T    M    M 17.5 33 270   M    M   7        39 280
16  59  31  45  -3  20   0 0.00    M    M  8.9 14 290   M    M   0        19 280
17  64  32  48   0  17   0 0.00    M    M  8.8 20  70   M    M   0 8      32  20
18  62  37  50   2  15   0 0.00    M    M  8.7 18  70   M    M   0        23  70
19  71  41  56   7   9   0 0.00    M    M  9.9 16 260   M    M   0        31 280
20  77  45  61  12   4   0 0.00    M    M  8.1 15 160   M    M   0        17 180
21  82  41  62  13   3   0 0.00    M    M 11.4 26 140   M    M   0        31 140
22  77  48  63  14   2   0    T    M    M 15.9 32 130   M    M   2 8      51 160
23  48  40  44  -6  21   0 0.34    M    M 21.7 40 260   M    M   9 1      50 260
24  57  40  49  -1  16   0 0.00    M    M 15.5 24 250   M    M   3        31 250
25  44  37  41  -9  24   0 0.68    M    M 12.2 20 240   M    M  10 1      24 250
26  54  39  47  -3  18   0    T    M    M 16.4 23 210   M    M   8        30 210
27  57  38  48  -3  17   0 0.08    M    M  9.7 15 190   M    M   9        18 200
28  60  33  47  -4  18   0    T    M    M  7.3 20  10   M    M   5        23  20
================================================================================
SM 1791 1092       371   0  1.46    M    331.0          M       87
================================================================================
AV 64.0 39.0                              11.8 FASTST   M    M   3    MAX(MPH)
                                 MISC ---->  # 40 260               # 51  160
================================================================================
NOTES:
# LAST OF SEVERAL OCCURRENCES

COLUMN 17 PEAK WIND IN M.P.H.

PRELIMINARY LOCAL CLIMATOLOGICAL DATA (WS FORM: F-6) , PAGE 2

                                          STATION:  TWIN FALLS ID
                                          MONTH:    APRIL
                                          YEAR:     2016
                                          LATITUDE:   42 28 N
                                          LONGITUDE: 114 29 W

[TEMPERATURE DATA]      [PRECIPITATION DATA]       SYMBOLS USED IN COLUMN 16

AVERAGE MONTHLY: 51.5   TOTAL FOR MONTH:   1.46    1 = FOG OR MIST
DPTR FM NORMAL:   3.7   DPTR FM NORMAL:    0.41    2 = FOG REDUCING VISIBILITY
HIGHEST:    82 ON 21    GRTST 24HR  0.68 ON 25-25      TO 1/4 MILE OR LESS
LOWEST:     31 ON 16, 1                            3 = THUNDER
                        SNOW, ICE PELLETS, HAIL    4 = ICE PELLETS
                        TOTAL MONTH:    M          5 = HAIL
                        GRTST 24HR    M  ON   M    6 = FREEZING RAIN OR DRIZZLE
                        GRTST DEPTH:  M  ON   M    7 = DUSTSTORM OR SANDSTORM:
                                                       VSBY 1/2 MILE OR LESS
                                                   8 = SMOKE OR HAZE
[NO. OF DAYS WITH]      [WEATHER - DAYS WITH]      9 = BLOWING SNOW
                                                   X = TORNADO
MAX 32 OR BELOW:   0    0.01 INCH OR MORE:   9
MAX 90 OR ABOVE:   0    0.10 INCH OR MORE:   4
MIN 32 OR BELOW:   4    0.50 INCH OR MORE:   1
MIN  0 OR BELOW:   0    1.00 INCH OR MORE:   0

[HDD (BASE 65) ]
TOTAL THIS MO.   371    CLEAR  (SCALE 0-3)  16
DPTR FM NORMAL  -111    PTCLDY (SCALE 4-7)   9
TOTAL FM JUL 1  5334    CLOUDY (SCALE 8-10)  3
DPTR FM NORMAL  -437

[CDD (BASE 65) ]
TOTAL THIS MO.     0
DPTR FM NORMAL     0    [PRESSURE DATA]
TOTAL FM JAN 1     0    HIGHEST SLP M ON M
DPTR FM NORMAL     0    LOWEST  SLP 29.54 ON M

[REMARKS]
