000
CXUS54 KSHV 010101
CF6TXK
PRELIMINARY LOCAL CLIMATOLOGICAL DATA (WS FORM: F-6)

                                          STATION:   TEXARKANA
                                          MONTH:     FEBRUARY
                                          YEAR:      2015
                                          LATITUDE:   33 27 N
                                          LONGITUDE:  94  0 W

  TEMPERATURE IN F:       :PCPN:    SNOW:  WIND      :SUNSHINE: SKY     :PK WND
================================================================================
1   2   3   4   5  6A  6B    7    8   9   10  11  12  13   14  15   16   17  18
                                     12Z  AVG MX 2MIN
DY MAX MIN AVG DEP HDD CDD  WTR  SNW DPTH SPD SPD DIR MIN PSBL S-S WX    SPD DR
================================================================================

 1  58  32  45   0  20   0 0.50  0.0    0 15.0 26 320   M    M   7 1      35 310
 2  41  21  31 -15  34   0 0.00  0.0    0  5.9 21 320   M    M   0        28 300
 3  51  27  39  -7  26   0 0.00  0.0    0  3.6 13 180   M    M   0        16 190
 4  53  40  47   1  18   0 0.02  0.0    0  3.5 10 200   M    M   8 1      13 200
 5  48  32  40  -6  25   0 0.00  0.0    0  6.1 17  40   M    M   7 1      24  40
 6  56  30  43  -3  22   0 0.00  0.0    0  5.3 14 190   M    M   5        17 250
 7  68  39  54   8  11   0 0.00  0.0    0 11.0 21 180   M    M   2 18     29 220
 8  67  50  59  12   6   0 0.00  0.0    0  6.7 15 210   M    M   6 1      21 220
 9  74  45  60  13   5   0 0.00  0.0    0  6.9 17 330   M    M   0 12     23  10
10  59  35  47   0  18   0 0.00  0.0    0  5.3 12  50   M    M   0 18     16  80
11  65  38  52   5  13   0 0.00  0.0    0  4.5 10 340   M    M   1 8      16 340
12  57  37  47  -1  18   0 0.00  0.0    0  7.1 16 350   M    M   1        22 330
13  56  28  42  -6  23   0 0.00  0.0    0  3.5  9 180   M    M   0        13 180
14  74  31  53   5  12   0 0.00  0.0    0  5.0 14 270   M    M   0 18     17 270
15  57  32  45  -3  20   0 0.09  0.0    0  8.8 17  60   M    M   4 1      24  60
16  37  27  32 -16  33   0 1.01    T    0 10.3 18 350   M    M  10 16     26  10
17  43  24  34 -15  31   0    T  0.0    0  3.5 16 270   M    M   2        24 250
18  50  25  38 -11  27   0 0.00  0.0    0  6.1 14 270   M    M   2        23 320
19  46  24  35 -14  30   0 0.00  0.0    0  5.3 16 140   M    M   1        19 150
20  62  34  48  -2  17   0    T  0.0    0  8.1 23 180   M    M  10        32 180
21  69  43  56   6   9   0 0.05  0.0    0 12.9 23 240   M    M  10 1      33 180
22  43  34  39 -11  26   0 1.21  0.0    0 11.9 21  50   M    M  10 18     30  50
23  34  24  29 -21  36   0 0.23  0.2    0 11.4 20  50   M    M  10 1      28  40
24  34  24  29 -22  36   0 0.00  0.0    T  4.5 10 320   M    M   8 18     13 290
25  34  28  31 -20  34   0 0.74  4.0    0  2.9  8  30   M    M   8 12     10 330
26  43  25  34 -17  31   0 0.00  0.0    4  6.9 15  20   M    M   5 12     20 330
27  32  24  28 -23  37   0 0.00  0.0    0  8.9 15  70   M    M   6 8      22  30
================================================================================
SM 1411  853       618   0  3.85     4.2 190.9          M      123
================================================================================
AV 52.3 31.6                               7.1 FASTST   M    M   5    MAX(MPH)
                                 MISC ---->  # 26 320               # 35  310
================================================================================
NOTES:
# LAST OF SEVERAL OCCURRENCES

COLUMN 17 PEAK WIND IN M.P.H.

PRELIMINARY LOCAL CLIMATOLOGICAL DATA (WS FORM: F-6) , PAGE 2

                                          STATION:  TEXARKANA
                                          MONTH:    FEBRUARY
                                          YEAR:     2015
                                          LATITUDE:   33 27 N
                                          LONGITUDE:  94  0 W

[TEMPERATURE DATA]      [PRECIPITATION DATA]       SYMBOLS USED IN COLUMN 16

AVERAGE MONTHLY: 41.9   TOTAL FOR MONTH:   3.85    1 = FOG OR MIST
DPTR FM NORMAL:  -6.2   DPTR FM NORMAL:    0.01    2 = FOG REDUCING VISIBILITY
HIGHEST:    74 ON 14, 9 GRTST 24HR  1.31 ON 22-23      TO 1/4 MILE OR LESS
LOWEST:     21 ON  2                               3 = THUNDER
                        SNOW, ICE PELLETS, HAIL    4 = ICE PELLETS
                        TOTAL MONTH:   4.2 INCHES  5 = HAIL
                        GRTST 24HR   4.0 ON 25-25  6 = FREEZING RAIN OR DRIZZLE
                        GRTST DEPTH:   4 ON 26     7 = DUSTSTORM OR SANDSTORM:
                                                       VSBY 1/2 MILE OR LESS
                                                   8 = SMOKE OR HAZE
[NO. OF DAYS WITH]      [WEATHER - DAYS WITH]      9 = BLOWING SNOW
                                                   X = TORNADO
MAX 32 OR BELOW:   1    0.01 INCH OR MORE:   8
MAX 90 OR ABOVE:   0    0.10 INCH OR MORE:   5
MIN 32 OR BELOW:  17    0.50 INCH OR MORE:   4
MIN  0 OR BELOW:   0    1.00 INCH OR MORE:   2

[HDD (BASE 65) ]
TOTAL THIS MO.   618    CLEAR  (SCALE 0-3)  12
DPTR FM NORMAL   159    PTCLDY (SCALE 4-7)   9
TOTAL FM JUL 1  2349    CLOUDY (SCALE 8-10)  6
DPTR FM NORMAL   168

[CDD (BASE 65) ]
TOTAL THIS MO.     0
DPTR FM NORMAL     0    [PRESSURE DATA]
TOTAL FM JAN 1     0    HIGHEST SLP M ON M
DPTR FM NORMAL    -1    LOWEST  SLP 29.71 ON 21

[REMARKS]
#FINAL-02-15#
