000
CXUS54 KMRX 261252
CF6TYS
PRELIMINARY LOCAL CLIMATOLOGICAL DATA (WS FORM: F-6)

                                          STATION:   KNOXVILLE    ASOS
                                          MONTH:     MARCH
                                          YEAR:      2017
                                          LATITUDE:   35 49 N
                                          LONGITUDE:  83 59 W

  TEMPERATURE IN F:       :PCPN:    SNOW:  WIND      :SUNSHINE: SKY     :PK WND
================================================================================
1   2   3   4   5  6A  6B    7    8   9   10  11  12  13   14  15   16   17  18
                                     12Z  AVG MX 2MIN
DY MAX MIN AVG DEP HDD CDD  WTR  SNW DPTH SPD SPD DIR MIN PSBL S-S WX    SPD DR
================================================================================

 1  72  49  61  15   4   0 0.96  0.0    0 17.5 43 250   M    M   9 13     55 270
 2  54  37  46   0  19   0 0.00  0.0    0  6.8 16 280   M    M   2        21 250
 3  50  32  41  -6  24   0 0.00  0.0    0  5.5 18 250   M    M   2        22 270
 4  60  27  44  -3  21   0 0.00  0.0    0  3.4 10 260   M    M   2        15 260
 5  68  32  50   3  15   0 0.00  0.0    0  3.6 13 240   M    M   7        16 250
 6  69  48  59  11   6   0 0.03  0.0    0  8.8 20 200   M    M   9        26 170
 7  68  54  61  13   4   0 0.54  0.0    0 13.0 31 200   M    M   9 1      39 200
 8  65  42  54   6  11   0    T  0.0    0  4.7 15 230   M    M   1 1      23 250
 9  69  35  52   4  13   0 0.00  0.0    0  5.5 18 240   M    M   4        23 200
10  63  41  52   3  13   0 0.66  0.0    0 10.4 23 350   M    M   6 13     32 340
11  42  34  38 -11  27   0 0.01    T    0  7.4 16  10   M    M   8 8      19  20
12  52  33  43  -6  22   0 0.00  0.0    0  6.5 15  20   M    M   4        20  30
13  52  27  40 -10  25   0 0.62  0.0    0  4.6 18 270   M    M   7 1      21 270
14  40  29  35 -15  30   0 0.02  0.0    0  8.6 18 320   M    M  10 1      27 330
15  37  22  30 -20  35   0    T    T    0  7.9 17 310   M    M   4        25 320
16  47  21  34 -16  31   0 0.00  0.0    0  2.5 10 280   M    M   0        14 220
17  63  29  46  -5  19   0 0.09  0.0    0 10.4 30 220   M    M   8 3      34 230
18  67  45  56   5   9   0 0.91  0.0    0 13.2 29 270   M    M   7 13     36 280
19  55  38  47  -4  18   0 0.00  0.0    0  7.4 16 360   M    M   3        22  40
20  64  32  48  -3  17   0 0.00  0.0    0  2.6 12 350   M    M   7        13 350
21  81  47  64  12   1   0 0.60  0.0    0  4.5 26 310   M    M   7 138    34 310
22  59  45  52   0  13   0 0.00  0.0    0 10.3 18  10   M    M   7        23 360
23  68  37  53   1  12   0 0.00  0.0    0  6.2 14 220   M    M   6        18 230
24  71  53  62  10   3   0 0.00  0.0    0  7.9 18 220   M    M   8        22 190
25  76  54  65  12   0   0 0.00  0.0    0  8.2 20 190   M    M   6        26 200
================================================================================
SM 1512  943       392   0  4.44    T    187.4          M      143
================================================================================
AV 60.5 37.7                               7.5 FASTST   M    M   6    MAX(MPH)
                                 MISC ---->  # 43 250               # 55  270
================================================================================
NOTES:
# LAST OF SEVERAL OCCURRENCES

COLUMN 17 PEAK WIND IN M.P.H.

PRELIMINARY LOCAL CLIMATOLOGICAL DATA (WS FORM: F-6) , PAGE 2

                                          STATION:  KNOXVILLE    ASOS
                                          MONTH:    MARCH
                                          YEAR:     2017
                                          LATITUDE:   35 49 N
                                          LONGITUDE:  83 59 W

[TEMPERATURE DATA]      [PRECIPITATION DATA]       SYMBOLS USED IN COLUMN 16

AVERAGE MONTHLY: 49.1   TOTAL FOR MONTH:   4.44    1 = FOG OR MIST
DPTR FM NORMAL:  -0.4   DPTR FM NORMAL:    0.98    2 = FOG REDUCING VISIBILITY
HIGHEST:    81 ON 21    GRTST 24HR  0.96 ON  1- 1      TO 1/4 MILE OR LESS
LOWEST:     21 ON 16                               3 = THUNDER
                        SNOW, ICE PELLETS, HAIL    4 = ICE PELLETS
                        TOTAL MONTH:    T          5 = HAIL
                        GRTST 24HR    T  ON 15-15  6 = FREEZING RAIN OR DRIZZLE
                        GRTST DEPTH:   0           7 = DUSTSTORM OR SANDSTORM:
                                                       VSBY 1/2 MILE OR LESS
                                                   8 = SMOKE OR HAZE
[NO. OF DAYS WITH]      [WEATHER - DAYS WITH]      9 = BLOWING SNOW
                                                   X = TORNADO
MAX 32 OR BELOW:   0    0.01 INCH OR MORE:  10
MAX 90 OR ABOVE:   0    0.10 INCH OR MORE:   6
MIN 32 OR BELOW:   9    0.50 INCH OR MORE:   6
MIN  0 OR BELOW:   0    1.00 INCH OR MORE:   0

[HDD (BASE 65) ]
TOTAL THIS MO.   392    CLEAR  (SCALE 0-3)   6
DPTR FM NORMAL     1    PTCLDY (SCALE 4-7)  13
TOTAL FM JUL 1  2451    CLOUDY (SCALE 8-10)  6
DPTR FM NORMAL  -836

[CDD (BASE 65) ]
TOTAL THIS MO.     0
DPTR FM NORMAL     0    [PRESSURE DATA]
TOTAL FM JAN 1     0    HIGHEST SLP M ON M
DPTR FM NORMAL     0    LOWEST  SLP 29.80 ON  1

[REMARKS]
