000
CXUS56 KPQR 281330
CF6UAO
PRELIMINARY LOCAL CLIMATOLOGICAL DATA (WS FORM: F-6)

                                          STATION:   AURORA STATE OR
                                          MONTH:     FEBRUARY
                                          YEAR:      2015
                                          LATITUDE:   45 15 N
                                          LONGITUDE: 122 46 W

  TEMPERATURE IN F:       :PCPN:    SNOW:  WIND      :SUNSHINE: SKY     :PK WND
================================================================================
1   2   3   4   5  6A  6B    7    8   9   10  11  12  13   14  15   16   17  18
                                     12Z  AVG MX 2MIN
DY MAX MIN AVG DEP HDD CDD  WTR  SNW DPTH SPD SPD DIR MIN PSBL S-S WX    SPD DR
================================================================================

 1  48  37  43   0  22   0 0.29    M    0  2.0  7 170   M    M   8 1      13 180
 2  58  41  50   7  15   0 0.60    M    0  4.5 17 230   M    M   6 1      27 220
 3  51  41  46   3  19   0 0.17    M    0  1.8  7  10   M    M   7 1       9  20
 4  51  44  48   5  17   0 0.07    M    0  2.4 12  10   M    M   7 12     13  10
 5  56  45  51   8  14   0 0.71    M    0  2.0 10 200   M    M  10 12     14 180
 6  56  50  53  10  12   0 0.99  0.0    0  4.6 17 190   M    M  10 1      22 200
 7  57  49  53  10  12   0 0.75    M    0 11.5 30 180   M    M  10 1      37 190
 8  58  45  52   9  13   0 0.11    M    0  6.7 22 240   M    M   6 13     36 210
 9  53  46  50   7  15   0 0.57    M    0 16.3 36 190   M    M   9 18     50 190
10  55  45  50   7  15   0 0.11    M    0  5.7 15 190   M    M   5 1      19 190
11  52  40  46   2  19   0 0.00  0.0    0  2.2  8  90   M    M   5 12     10 240
12  53  39  46   2  19   0 0.00  0.0    0  0.7  6  30   M    M   8 12     11 310
13  47  39  43  -1  22   0 0.00  0.0    0  1.0  7 120   M    M   8 12      8 330
14  60  40  50   6  15   0 0.00  0.0    0  2.5  9 350   M    M   5 12     13 330
15  64  40  52   8  13   0 0.00  0.0    0 10.0 20 360   M    M   0        22  10
16  64  46  55  11  10   0 0.00  0.0    0 13.3 24  50   M    M   0        31  50
17  65  33  49   5  16   0 0.00  0.0    0  2.6 14  30   M    M   0        20  30
18  58  35  47   3  18   0 0.00  0.0    0  2.4 12 180   M    M   8 18     19 100
19  58  45  52   8  13   0 0.00  0.0    0  2.6 10 170   M    M   9 18     12 170
20  57  41  49   5  16   0 0.00  0.0    0  2.3  9 350   M    M   6 1      17 270
21  60  42  51   7  14   0 0.00  0.0    0  8.2 22  50   M    M   5        32  40
22  57  38  48   3  17   0 0.00  0.0    0 10.6 21  10   M    M   0        25  10
23  60  35  48   3  17   0 0.00  0.0    0  8.9 17  40   M    M   0        22  40
24  57  29  43  -2  22   0 0.00  0.0    0  2.0 13 360   M    M   0 8      18 360
25  51  40  46   1  19   0    T    M    0  3.9 10 190   M    M  10        13 200
26  53  46  50   5  15   0 0.08    M    0  9.0 16 200   M    M  10 1      21 200
27  53  44  49   4  16   0 0.06    M    0  6.5 13 170   M    M  10 1      16 190
================================================================================
SM 1512 1115       435   0  4.51     0.0 146.2          M      162
================================================================================
AV 56.0 41.3                               5.4 FASTST   M    M   6    MAX(MPH)
                                 MISC ---->  # 36 190               # 50  190
================================================================================
NOTES:
# LAST OF SEVERAL OCCURRENCES

COLUMN 17 PEAK WIND IN M.P.H.

PRELIMINARY LOCAL CLIMATOLOGICAL DATA (WS FORM: F-6) , PAGE 2

                                          STATION:  AURORA STATE OR
                                          MONTH:    FEBRUARY
                                          YEAR:     2015
                                          LATITUDE:   45 15 N
                                          LONGITUDE: 122 46 W

[TEMPERATURE DATA]      [PRECIPITATION DATA]       SYMBOLS USED IN COLUMN 16

AVERAGE MONTHLY: 48.6   TOTAL FOR MONTH:   4.51    1 = FOG OR MIST
DPTR FM NORMAL:   4.8   DPTR FM NORMAL:   -0.11    2 = FOG REDUCING VISIBILITY
HIGHEST:    65 ON 17    GRTST 24HR  1.26 ON  5- 6      TO 1/4 MILE OR LESS
LOWEST:     29 ON 24                               3 = THUNDER
                        SNOW, ICE PELLETS, HAIL    4 = ICE PELLETS
                        TOTAL MONTH:   0.0 INCH    5 = HAIL
                        GRTST 24HR     0.0         6 = FREEZING RAIN OR DRIZZLE
                        GRTST DEPTH:   0           7 = DUSTSTORM OR SANDSTORM:
                                                       VSBY 1/2 MILE OR LESS
                                                   8 = SMOKE OR HAZE
[NO. OF DAYS WITH]      [WEATHER - DAYS WITH]      9 = BLOWING SNOW
                                                   X = TORNADO
MAX 32 OR BELOW:   0    0.01 INCH OR MORE:  12
MAX 90 OR ABOVE:   0    0.10 INCH OR MORE:   9
MIN 32 OR BELOW:   1    0.50 INCH OR MORE:   5
MIN  0 OR BELOW:   0    1.00 INCH OR MORE:   0

[HDD (BASE 65) ]
TOTAL THIS MO.   435    CLEAR  (SCALE 0-3)   6
DPTR FM NORMAL  -135    PTCLDY (SCALE 4-7)  12
TOTAL FM JUL 1  2538    CLOUDY (SCALE 8-10)  9
DPTR FM NORMAL  -598

[CDD (BASE 65) ]
TOTAL THIS MO.     0
DPTR FM NORMAL     0    [PRESSURE DATA]
TOTAL FM JAN 1     0    HIGHEST SLP M ON M
DPTR FM NORMAL     0    LOWEST  SLP 29.40 ON  7

[REMARKS]
