000
CXUS55 KSEW 290930
CF6UIL
PRELIMINARY LOCAL CLIMATOLOGICAL DATA (WS FORM: F-6)

                                          STATION:   QUILLAYUTE WA AIRPORT
                                          MONTH:     MARCH
                                          YEAR:      2017
                                          LATITUDE:   47 57 N
                                          LONGITUDE: 124 33 W

  TEMPERATURE IN F:       :PCPN:    SNOW:  WIND      :SUNSHINE: SKY     :PK WND
================================================================================
1   2   3   4   5  6A  6B    7    8   9   10  11  12  13   14  15   16   17  18
                                     12Z  AVG MX 2MIN
DY MAX MIN AVG DEP HDD CDD  WTR  SNW DPTH SPD SPD DIR MIN PSBL S-S WX    SPD DR
================================================================================

 1  47  40  44   1  21   0 0.10  0.0    0  5.8 16 250   M    M   9 1      23 260
 2  47  41  44   1  21   0 2.09  0.0    0  8.7 18 190   M    M  10 1      27 190
 3  47  34  41  -2  24   0 0.95    M    M  6.8 20 210   M    M  10 1      26 220
 4  43  31  37  -6  28   0 0.32    M    M  5.0 12  80   M    M   6 1      16  80
 5  42  32  37  -6  28   0 0.35    M    M  4.3 13 300   M    M   9 1      18 300
 6  42  29  36  -7  29   0 0.36    M    M  3.7 18 250   M    M   6 1      25 250
 7  41  33  37  -6  28   0 0.88    M    M  5.8 15 280   M    M  10 1      23 280
 8  43  31  37  -6  28   0 0.51  0.0    0  4.3 17 250   M    M   9 1      24 250
 9  49  31  40  -4  25   0 0.83  0.0    0  6.6 21 190   M    M   9 1      34 190
10  47  39  43  -1  22   0 0.31  0.0    0  7.5 21 180   M    M  10 1      31 180
11  49  37  43  -1  22   0 0.93  0.0    0  8.7 20 220   M    M   8 1      30 150
12  50  44  47   3  18   0 0.29  0.0    0  4.0 13 160   M    M  10 1      25 150
13  52  47  50   6  15   0 0.90  0.0    0  6.3 15 140   M    M  10 1      23 130
14  50  45  48   4  17   0 1.64  0.0    0  8.7 17 180   M    M  10 12     26 210
15  53  41  47   3  18   0 0.28  0.0    0  6.5 20 230   M    M  10 12     29 200
16  50  37  44   0  21   0 0.52  0.0    0  5.8 16 190   M    M   9 1      25 190
17  50  36  43  -1  22   0 1.11    M    0  6.0 15 180   M    M   7 1      26 200
18  50  34  42  -2  23   0 0.39    M    0  6.7 20 270   M    M   6 1      27 180
19  52  33  43  -1  22   0 0.09  0.0    0  5.8 14  40   M    M   2 1      19 330
20  51  38  45   1  20   0 0.10  0.0    0  8.9 18  50   M    M   4        24  70
21  53  43  48   3  17   0 0.41  0.0    0  7.9 17 180   M    M  10 1      29 190
22  49  41  45   0  20   0 1.09  0.0    0  9.1 22 250   M    M  10 1      34 200
23  49  42  46   1  19   0 0.65  0.0    0  9.6 18 140   M    M  10 1      28 130
24  49  44  47   2  18   0 0.62  0.0    0  9.3 20 210   M    M   8 1      29 190
25  49  38  44  -1  21   0 0.04  0.0    0  5.1 13 230   M    M   7 1      19 270
26  51  39  45   0  20   0 0.37  0.0    0  8.0 16 140   M    M  10 1      25 140
27  50  43  47   2  18   0 1.11    M    0  7.4 14 170   M    M   9 1      24 190
28  49  45  47   2  18   0 4.46    M    0 10.3 21 190   M    M  10 1      38 170
================================================================================
SM 1354 1068       603   0 21.70     0.0 192.6          M      238
================================================================================
AV 48.4 38.1                               6.9 FASTST   M    M   9    MAX(MPH)
                                 MISC ---->  # 22 250               # 38  170
================================================================================
NOTES:
# LAST OF SEVERAL OCCURRENCES

COLUMN 17 PEAK WIND IN M.P.H.

PRELIMINARY LOCAL CLIMATOLOGICAL DATA (WS FORM: F-6) , PAGE 2

                                          STATION:  QUILLAYUTE WA AIRPORT
                                          MONTH:    MARCH
                                          YEAR:     2017
                                          LATITUDE:   47 57 N
                                          LONGITUDE: 124 33 W

[TEMPERATURE DATA]      [PRECIPITATION DATA]       SYMBOLS USED IN COLUMN 16

AVERAGE MONTHLY: 43.3   TOTAL FOR MONTH:  21.70    1 = FOG OR MIST
DPTR FM NORMAL:  -0.8   DPTR FM NORMAL:   11.86    2 = FOG REDUCING VISIBILITY
HIGHEST:    53 ON 21,15 GRTST 24HR  4.46 ON 28-28      TO 1/4 MILE OR LESS
LOWEST:     29 ON  6                               3 = THUNDER
                        SNOW, ICE PELLETS, HAIL    4 = ICE PELLETS
                        TOTAL MONTH:   0.0 INCH    5 = HAIL
                        GRTST 24HR     0.0         6 = FREEZING RAIN OR DRIZZLE
                        GRTST DEPTH:   0           7 = DUSTSTORM OR SANDSTORM:
                                                       VSBY 1/2 MILE OR LESS
                                                   8 = SMOKE OR HAZE
[NO. OF DAYS WITH]      [WEATHER - DAYS WITH]      9 = BLOWING SNOW
                                                   X = TORNADO
MAX 32 OR BELOW:   0    0.01 INCH OR MORE:  28
MAX 90 OR ABOVE:   0    0.10 INCH OR MORE:  26
MIN 32 OR BELOW:   5    0.50 INCH OR MORE:  15
MIN  0 OR BELOW:   0    1.00 INCH OR MORE:   6

[HDD (BASE 65) ]
TOTAL THIS MO.   603    CLEAR  (SCALE 0-3)   1
DPTR FM NORMAL    15    PTCLDY (SCALE 4-7)   8
TOTAL FM JUL 1  4425    CLOUDY (SCALE 8-10) 19
DPTR FM NORMAL    -8

[CDD (BASE 65) ]
TOTAL THIS MO.     0
DPTR FM NORMAL     0    [PRESSURE DATA]
TOTAL FM JAN 1     0    HIGHEST SLP M ON M
DPTR FM NORMAL     0    LOWEST  SLP 29.45 ON  4

[REMARKS]
