000
CXUS53 KLSX 271600
CF6UIN
PRELIMINARY LOCAL CLIMATOLOGICAL DATA (WS FORM: F-6)

                                          STATION:   QUINCY IL
                                          MONTH:     FEBRUARY
                                          YEAR:      2017
                                          LATITUDE:   39 57 N
                                          LONGITUDE:  91 12 W

  TEMPERATURE IN F:       :PCPN:    SNOW:  WIND      :SUNSHINE: SKY     :PK WND
================================================================================
1   2   3   4   5  6A  6B    7    8   9   10  11  12  13   14  15   16   17  18
                                     12Z  AVG MX 2MIN
DY MAX MIN AVG DEP HDD CDD  WTR  SNW DPTH SPD SPD DIR MIN PSBL S-S WX    SPD DR
================================================================================

 1  42  24  33   6  32   0 0.00  0.0    0  9.6 18 330   M    M   5        23 340
 2  29  20  25  -3  40   0 0.00  0.0    0 10.4 21 330   M    M   3        24 320
 3  31  19  25  -3  40   0 0.00  0.0    0  7.9 16 330   M    M   3        20 330
 4  38  17  28   0  37   0 0.00  0.0    0 12.5 22 170   M    M   3        28 170
 5  45  28  37   9  28   0 0.00  0.0    0  7.4 23 210   M    M   0        28 230
 6  56  29  43  15  22   0 0.00  0.0    0  8.9 14 200   M    M   4 18     17 200
 7  59  30  45  16  20   0 0.09  0.0    0 13.7 24 300   M    M   9 138    30 280
 8  30  13  22  -7  43   0    M    M    0 12.5 20 340   M    M   7 18     25  10
 9  22  11  17 -12  48   0 0.00  0.0    M  7.2 15 300   M    M   3        18 320
10  62  21  42  13  23   0 0.00  0.0    0 13.7 24 240   M    M   0        29 220
11  64  45  55  25  10   0    T  0.0    0  7.9 16  30   M    M   5 1      20  30
12  50  31  41  11  24   0 0.00  0.0    0 15.2 33 330   M    M   2 1      41 330
13  49  24  37   7  28   0 0.00  0.0    0  6.1 15 230   M    M   1        19 210
14  53  32  43  13  22   0 0.00  0.0    0 10.2 18 310   M    M   0        21 330
15  45  28  37   6  28   0 0.00  0.0    0  9.3 20 330   M    M   0        30 330
16  67  26  47  16  18   0 0.00  0.0    0 11.3 22 240   M    M   0        28 210
17  72  45  59  28   6   0 0.00  0.0    0 11.9 21 220   M    M   0        28 220
18  68  43  56  24   9   0 0.00  0.0    0  6.0 14 250   M    M   0        19 260
19  72  40  56  24   9   0 0.00  0.0    0  7.3 14 150   M    M   0 1      18 140
20  77  52  65  33   0   0 0.24  0.0    0 11.2 25 180   M    M   4 1      36 170
21  68  51  60  27   5   0 0.07  0.0    0  3.8 13  10   M    M   7 12     15  10
22  68  50  59  26   6   0 0.00  0.0    0 11.2 23 190   M    M   5 12     29 190
23  57  42  50  16  15   0 0.01  0.0    0 12.0 26 110   M    M   4 1      30 110
24  63  28  46  12  19   0 0.04    M    0 15.1 26 290   M    M   8 12     35 290
25  36  22  29  -5  36   0 0.00  0.0    0 14.7 29 310   M    M   4        35 300
26  50  28  39   4  26   0 0.00  0.0    0 12.1 24 200   M    M   5        29 200
================================================================================
SM 1373  799       594   0  0.45     0.0 269.1          M       82
================================================================================
AV 52.8 30.7                              10.4 FASTST   M    M   3    MAX(MPH)
                                 MISC ---->  # 33 330               # 41  330
================================================================================
NOTES:
# LAST OF SEVERAL OCCURRENCES

COLUMN 17 PEAK WIND IN M.P.H.

PRELIMINARY LOCAL CLIMATOLOGICAL DATA (WS FORM: F-6) , PAGE 2

                                          STATION:  QUINCY IL
                                          MONTH:    FEBRUARY
                                          YEAR:     2017
                                          LATITUDE:   39 57 N
                                          LONGITUDE:  91 12 W

[TEMPERATURE DATA]      [PRECIPITATION DATA]       SYMBOLS USED IN COLUMN 16

AVERAGE MONTHLY: 41.8   TOTAL FOR MONTH:   0.45    1 = FOG OR MIST
DPTR FM NORMAL:  11.2   DPTR FM NORMAL:   -1.27    2 = FOG REDUCING VISIBILITY
HIGHEST:    77 ON 20    GRTST 24HR  0.31 ON 20-21      TO 1/4 MILE OR LESS
LOWEST:     11 ON  9                               3 = THUNDER
                        SNOW, ICE PELLETS, HAIL    4 = ICE PELLETS
                        TOTAL MONTH:   0.0 INCH    5 = HAIL
                        GRTST 24HR     0.0         6 = FREEZING RAIN OR DRIZZLE
                        GRTST DEPTH:   0           7 = DUSTSTORM OR SANDSTORM:
                                                       VSBY 1/2 MILE OR LESS
                                                   8 = SMOKE OR HAZE
[NO. OF DAYS WITH]      [WEATHER - DAYS WITH]      9 = BLOWING SNOW
                                                   X = TORNADO
MAX 32 OR BELOW:   4    0.01 INCH OR MORE:   5
MAX 90 OR ABOVE:   0    0.10 INCH OR MORE:   1
MIN 32 OR BELOW:  18    0.50 INCH OR MORE:   0
MIN  0 OR BELOW:   0    1.00 INCH OR MORE:   0

[HDD (BASE 65) ]
TOTAL THIS MO.   594    CLEAR  (SCALE 0-3)  13
DPTR FM NORMAL  -302    PTCLDY (SCALE 4-7)  12
TOTAL FM JUL 1  3421    CLOUDY (SCALE 8-10)  1
DPTR FM NORMAL  -861

[CDD (BASE 65) ]
TOTAL THIS MO.     0
DPTR FM NORMAL     0    [PRESSURE DATA]
TOTAL FM JAN 1     0    HIGHEST SLP M ON M
DPTR FM NORMAL     0    LOWEST  SLP 29.40 ON  7

[REMARKS]
